000
CXUS52 KMFL 011030
CF6APF
PRELIMINARY LOCAL CLIMATOLOGICAL DATA (WS FORM: F-6)
STATION: NAPLES
MONTH: SEPTEMBER
YEAR: 2021
LATITUDE: 26 8 N
LONGITUDE: 81 46 W
TEMPERATURE IN F: :PCPN: SNOW: WIND :SUNSHINE: SKY :PK WND
================================================================================
1 2 3 4 5 6A 6B 7 8 9 10 11 12 13 14 15 16 17 18
12Z AVG MX 2MIN
DY MAX MIN AVG DEP HDD CDD WTR SNW DPTH SPD SPD DIR MIN PSBL S-S WX SPD DR
================================================================================
1 89 77 83 0 0 18 0.00 M M 5.8 22 310 M M 2 29 320
2 89 77 83 0 0 18 0.19 0.0 0 6.9 22 300 M M 4 13 26 320
3 87 75 81 -2 0 16 T 0.0 0 5.7 13 310 M M 5 13 17 250
4 88 76 82 -1 0 17 T 0.0 0 4.8 12 270 M M 2 1 17 290
5 89 78 84 1 0 19 T 0.0 0 4.4 14 250 M M 2 17 290
6 89 79 84 1 0 19 0.00 0.0 0 5.0 12 270 M M 0 15 280
7 91 77 84 1 0 19 T 0.0 0 4.5 15 90 M M 1 3 17 100
8 91 76 84 1 0 19 T 0.0 0 5.9 16 210 M M 2 18 20 220
9 90 78 84 1 0 19 0.00 0.0 M 5.2 14 250 M M 2 3 19 250
10 90 77 84 1 0 19 0.00 0.0 M 5.0 14 280 M M 0 17 270
11 92 76 84 1 0 19 T 0.0 M 6.4 15 150 M M 1 3 17 150
12 95 76 86 3 0 21 0.01 0.0 M 8.1 35 150 M M 2 13 41 140
13 90 75 83 0 0 18 M M M 8.0 17 150 M M 2 13 22 110
14 89 74 82 -1 0 17 T 0.0 0 6.8 14 130 M M 3 3 M M
15 89 74 82 0 0 17 0.00 0.0 0 6.6 21 210 M M 1 27 200
16 88 75 82 0 0 17 3.00 0.0 0 5.7 17 250 M M 4 13 23 270
17 88 74 81 -1 0 16 0.48 0.0 0 5.4 14 20 M M 3 13 19 330
18 88 75 82 0 0 17 0.20 0.0 0 3.4 10 290 M M 0 13 280
19 88 77 83 1 0 18 T 0.0 0 4.5 13 70 M M 1 19 260
20 91 76 84 2 0 19 0.00 0.0 0 6.1 17 70 M M 1 3 20 70
21 90 74 82 0 0 17 1.70 0.0 0 6.2 28 200 M M 3 13 33 210
22 87 74 81 -1 0 16 M 0.0 0 4.4 17 270 M M 2 3 21 260
23 88 77 83 1 0 18 M 0.0 0 4.0 13 280 M M 1 3 16 240
24 91 77 84 2 0 19 0.00 0.0 0 4.3 15 140 M M 2 3 18 340
25 91 75 83 1 0 18 0.09 0.0 0 5.4 21 60 M M 2 13 25 50
26 92 75 84 2 0 19 0.00 0.0 0 6.7 14 70 M M 3 18 70
27 89 73 81 0 0 16 0.00 0.0 0 8.0 16 50 M M 2 21 30
28 90 71 81 0 0 16 0.00 0.0 0 7.4 14 60 M M 1 17 60
29 90 71 81 0 0 16 0.00 M M 5.5 12 60 M M 1 14 90
30 91 72 82 1 0 17 0.00 0.0 M 9.9 18 60 M M 2 22 50
================================================================================
SM 2690 2261 0 534 5.67 0.0 176.0 M 57
================================================================================
AV 89.7 75.4 5.9 FASTST M M 2 MAX(MPH)
MISC ----> 35 150 41 140
================================================================================
NOTES:
# LAST OF SEVERAL OCCURRENCES
COLUMN 17 PEAK WIND IN M.P.H.
PRELIMINARY LOCAL CLIMATOLOGICAL DATA (WS FORM: F-6) , PAGE 2
STATION: NAPLES
MONTH: SEPTEMBER
YEAR: 2021
LATITUDE: 26 8 N
LONGITUDE: 81 46 W
[TEMPERATURE DATA] [PRECIPITATION DATA] SYMBOLS USED IN COLUMN 16
AVERAGE MONTHLY: 82.5 TOTAL FOR MONTH: 5.67 1 = FOG OR MIST
DPTR FM NORMAL: 0.1 DPTR FM NORMAL: -2.93 2 = FOG REDUCING VISIBILITY
HIGHEST: 95 ON 12 GRTST 24HR 3.00 ON 16-16 TO 1/4 MILE OR LESS
LOWEST: 71 ON 29,28 3 = THUNDER
SNOW, ICE PELLETS, HAIL 4 = ICE PELLETS
TOTAL MONTH: 0.0 INCH 5 = HAIL
GRTST 24HR 0.0 6 = FREEZING RAIN OR DRIZZLE
GRTST DEPTH: 0 7 = DUSTSTORM OR SANDSTORM:
VSBY 1/2 MILE OR LESS
8 = SMOKE OR HAZE
[NO. OF DAYS WITH] [WEATHER - DAYS WITH] 9 = BLOWING SNOW
X = TORNADO
MAX 32 OR BELOW: 0 0.01 INCH OR MORE: 7
MAX 90 OR ABOVE: 15 0.10 INCH OR MORE: 5
MIN 32 OR BELOW: 0 0.50 INCH OR MORE: 2
MIN 0 OR BELOW: 0 1.00 INCH OR MORE: 2
[HDD (BASE 65) ]
TOTAL THIS MO. 0 CLEAR (SCALE 0-3) 24
DPTR FM NORMAL 0 PTCLDY (SCALE 4-7) 6
TOTAL FM JUL 1 0 CLOUDY (SCALE 8-10) 0
DPTR FM NORMAL 0
[CDD (BASE 65) ]
TOTAL THIS MO. 534
DPTR FM NORMAL 14 [PRESSURE DATA]
TOTAL FM JAN 1 3495 HIGHEST SLP 30.15 ON 12
DPTR FM NORMAL 208 LOWEST SLP 29.84 ON 23
[REMARKS]
#FINAL-09-21#