000
CXUS53 KAPX 010730
CF6APN
PRELIMINARY LOCAL CLIMATOLOGICAL DATA (WS FORM: F-6)
STATION: ALPENA MI
MONTH: AUGUST
YEAR: 2022
LATITUDE: 45 4 N
LONGITUDE: 83 34 W
TEMPERATURE IN F: :PCPN: SNOW: WIND :SUNSHINE: SKY :PK WND
================================================================================
1 2 3 4 5 6A 6B 7 8 9 10 11 12 13 14 15 16 17 18
12Z AVG MX 2MIN
DY MAX MIN AVG DEP HDD CDD WTR SNW DPTH SPD SPD DIR MIN PSBL S-S WX SPD DR
================================================================================
1 80 58 69 1 0 4 0.09 0.0 0 8.4 18 320 M M 6 13 27 310
2 77 62 70 2 0 5 0.00 0.0 0 8.0 14 110 M M 5 20 120
3 82 64 73 5 0 8 0.27 0.0 0 10.1 23 190 M M 3 13 34 200
4 82 58 70 2 0 5 0.00 0.0 0 6.9 18 360 M M 1 23 10
5 81 50 66 -2 0 1 0.00 0.0 0 4.6 15 130 M M 0 20 130
6 93 58 76 8 0 11 0.00 0.0 0 4.4 16 10 M M 1 23 230
7 86 62 74 6 0 9 0.12 0.0 0 5.4 16 30 M M 7 13 20 40
8 66 58 62 -6 3 0 1.14 0.0 0 5.9 18 10 M M 8 1 24 10
9 77 52 65 -3 0 0 0.00 0.0 0 4.7 12 130 M M 1 15 20
10 86 51 69 1 0 4 0.00 0.0 0 6.1 20 340 M M 1 1 28 310
11 74 54 64 -4 1 0 0.00 0.0 0 9.0 21 360 M M 0 34 360
12 77 47 62 -5 3 0 0.00 0.0 0 2.7 13 140 M M 0 19 100
13 77 49 63 -4 2 0 0.00 0.0 0 1.9 10 210 M M 5 15 210
14 76 49 63 -4 2 0 0.00 0.0 0 3.7 14 90 M M 3 21 100
15 80 53 67 0 0 2 0.00 0.0 0 3.9 14 60 M M 3 18 20
16 79 53 66 -1 0 1 0.00 0.0 0 4.2 14 30 M M 1 1 20 50
17 84 53 69 2 0 4 0.00 0.0 0 3.2 12 30 M M 1 17 40
18 85 52 69 2 0 4 0.00 0.0 0 3.1 13 290 M M 1 1 19 130
19 86 56 71 5 0 6 0.00 0.0 0 4.7 15 270 M M 3 24 260
20 83 57 70 4 0 5 0.91 0.0 0 3.7 28 340 M M 6 13 36 330
21 79 63 71 5 0 6 T 0.0 0 3.0 13 360 M M 5 1 17 350
22 81 57 69 3 0 4 0.00 0.0 0 5.4 12 20 M M 1 16 20
23 83 58 71 5 0 6 0.00 0.0 0 4.5 12 360 M M 3 18 310
24 81 59 70 4 0 5 0.04 0.0 0 3.5 13 30 M M 5 1 17 30
25 75 59 67 2 0 2 0.05 0.0 0 3.7 14 140 M M 9 1 19 310
26 73 51 62 -3 3 0 T 0.0 0 7.2 15 360 M M 4 22 350
27 80 48 64 -1 1 0 0.00 0.0 0 5.7 16 150 M M 0 22 140
28 81 56 69 4 0 4 0.08 0.0 0 8.2 17 120 M M 3 1 23 130
29 82 70 76 12 0 11 0.17 0.0 0 10.5 20 200 M M 6 1 29 180
30 73 61 67 3 0 2 T 0.0 0 8.1 20 310 M M 3 1 33 330
31 78 51 65 1 0 0 0.00 0.0 0 9.1 21 310 M M 2 42 260
================================================================================
SM 2477 1729 15 109 2.87 0.0 173.5 M 97
================================================================================
AV 79.9 55.8 5.6 FASTST M M 3 MAX(MPH)
MISC ----> 28 340 42 260
================================================================================
NOTES:
# LAST OF SEVERAL OCCURRENCES
COLUMN 17 PEAK WIND IN M.P.H.
PRELIMINARY LOCAL CLIMATOLOGICAL DATA (WS FORM: F-6) , PAGE 2
STATION: ALPENA MI
MONTH: AUGUST
YEAR: 2022
LATITUDE: 45 4 N
LONGITUDE: 83 34 W
[TEMPERATURE DATA] [PRECIPITATION DATA] SYMBOLS USED IN COLUMN 16
AVERAGE MONTHLY: 67.8 TOTAL FOR MONTH: 2.87 1 = FOG OR MIST
DPTR FM NORMAL: 1.2 DPTR FM NORMAL: -0.22 2 = FOG REDUCING VISIBILITY
HIGHEST: 93 ON 6 GRTST 24HR 1.26 ON 7- 8 TO 1/4 MILE OR LESS
LOWEST: 47 ON 12 3 = THUNDER
SNOW, ICE PELLETS, HAIL 4 = ICE PELLETS
TOTAL MONTH: 0.0 INCH 5 = HAIL
GRTST 24HR 0.0 6 = FREEZING RAIN OR DRIZZLE
GRTST DEPTH: 0 7 = DUSTSTORM OR SANDSTORM:
VSBY 1/2 MILE OR LESS
8 = SMOKE OR HAZE
[NO. OF DAYS WITH] [WEATHER - DAYS WITH] 9 = BLOWING SNOW
X = TORNADO
MAX 32 OR BELOW: 0 0.01 INCH OR MORE: 9
MAX 90 OR ABOVE: 1 0.10 INCH OR MORE: 5
MIN 32 OR BELOW: 0 0.50 INCH OR MORE: 2
MIN 0 OR BELOW: 0 1.00 INCH OR MORE: 1
[HDD (BASE 65) ]
TOTAL THIS MO. 15 CLEAR (SCALE 0-3) 19
DPTR FM NORMAL -37 PTCLDY (SCALE 4-7) 11
TOTAL FM JUL 1 36 CLOUDY (SCALE 8-10) 1
DPTR FM NORMAL -50
[CDD (BASE 65) ]
TOTAL THIS MO. 109
DPTR FM NORMAL 6 [PRESSURE DATA]
TOTAL FM JAN 1 335 HIGHEST SLP 30.27 ON 12
DPTR FM NORMAL 19 LOWEST SLP 29.63 ON 3
[REMARKS]
#FINAL-08-22#