000
CXUS53 KAPX 081616
CF6APN
PRELIMINARY LOCAL CLIMATOLOGICAL DATA (WS FORM: F-6)
STATION: ALPENA MI
MONTH: JULY
YEAR: 2020
LATITUDE: 45 4 N
LONGITUDE: 83 34 W
TEMPERATURE IN F: :PCPN: SNOW: WIND :SUNSHINE: SKY :PK WND
================================================================================
1 2 3 4 5 6A 6B 7 8 9 10 11 12 13 14 15 16 17 18
12Z AVG MX 2MIN
DY MAX MIN AVG DEP HDD CDD WTR SNW DPTH SPD SPD DIR MIN PSBL S-S WX SPD DR
================================================================================
1 88 56 72 6 0 7 0.00 0.0 0 3.3 10 90 M M 0 16 90
2 94 60 77 11 0 12 0.00 0.0 0 4.7 14 320 M M 0 20 320
3 90 68 79 13 0 14 0.00 0.0 0 6.2 14 350 M M 1 19 10
4 88 58 73 6 0 8 0.00 0.0 0 3.9 12 110 M M 0 15 120
5 91 57 74 7 0 9 0.00 0.0 0 3.6 14 120 M M 0 17 110
6 90 58 74 7 0 9 0.00 0.0 0 4.6 15 120 M M 0 21 120
7 93 67 80 13 0 15 0.00 0.0 0 5.0 13 120 M M 1 19 280
8 91 63 77 10 0 12 0.00 0.0 0 4.9 15 110 M M 0 18 130
9 96 63 80 13 0 15 0.08 0.0 0 4.6 20 30 M M 3 13 27 20
10 85 67 76 9 0 11 1.29 0.0 0 4.1 18 330 M M 5 138 26 320
11 84 62 73 5 0 8 0.00 0.0 0 9.2 21 320 M M 2 33 300
12 75 58 67 -1 0 2 0.00 0.0 0 9.2 21 330 M M 6 28 350
13 79 57 68 0 0 3 0.00 0.0 0 8.2 23 340 M M 2 33 10
14 78 52 65 -3 0 0 0.00 0.0 0 5.3 15 110 M M 0 21 120
15 84 64 74 6 0 9 0.95 0.0 0 7.5 21 260 M M 6 138 33 260
16 81 60 71 3 0 6 0.04 0.0 0 4.8 10 360 M M 6 15 360
17 90 55 73 5 0 8 0.00 0.0 0 5.2 16 270 M M 2 1 28 220
18 89 61 75 7 0 10 0.41 0.0 0 7.3 30 310 M M 2 138 53 300
19 86 67 77 9 0 12 1.02 0.0 0 8.8 28 330 M M 3 13 38 320
20 73 53 63 -5 2 0 0.00 0.0 0 6.2 16 310 M M 5 24 310
21 75 51 63 -5 2 0 0.00 0.0 0 4.0 15 100 M M 1 20 90
22 74 57 66 -2 0 1 0.71 0.0 0 7.4 22 40 M M 8 13 29 40
23 79 56 68 0 0 3 0.00 0.0 0 4.3 12 40 M M 3 17 40
24 82 53 68 0 0 3 0.00 0.0 0 3.7 10 140 M M 0 17 100
25 90 54 72 4 0 7 0.00 0.0 0 5.4 14 190 M M 1 20 170
26 88 72 80 12 0 15 3.59 0.0 0 6.6 22 250 M M 4 13 34 240
27 83 66 75 7 0 10 T 0.0 0 5.2 14 280 M M 5 3 24 290
28 83 61 72 4 0 7 0.01 0.0 0 6.3 20 240 M M 3 3 29 260
29 81 63 72 5 0 7 T 0.0 0 5.2 15 330 M M 6 22 350
30 79 58 69 2 0 4 0.00 0.0 0 6.2 16 360 M M 1 22 340
31 80 57 69 2 0 4 0.00 0.0 0 4.6 13 30 M M 1 19 30
================================================================================
SM 2619 1854 4 231 8.10 0.0 175.5 M 77
================================================================================
AV 84.5 59.8 5.7 FASTST M M 2 MAX(MPH)
MISC ----> # 30 310 # 53 300
================================================================================
NOTES:
# LAST OF SEVERAL OCCURRENCES
COLUMN 17 PEAK WIND IN M.P.H.
PRELIMINARY LOCAL CLIMATOLOGICAL DATA (WS FORM: F-6) , PAGE 2
STATION: ALPENA MI
MONTH: JULY
YEAR: 2020
LATITUDE: 45 4 N
LONGITUDE: 83 34 W
[TEMPERATURE DATA] [PRECIPITATION DATA] SYMBOLS USED IN COLUMN 16
AVERAGE MONTHLY: 72.2 TOTAL FOR MONTH: 8.10 1 = FOG OR MIST
DPTR FM NORMAL: 4.7 DPTR FM NORMAL: 5.07 2 = FOG REDUCING VISIBILITY
HIGHEST: 96 ON 9 GRTST 24HR 3.59 ON 26-26 TO 1/4 MILE OR LESS
LOWEST: 51 ON 21 3 = THUNDER
SNOW, ICE PELLETS, HAIL 4 = ICE PELLETS
TOTAL MONTH: 0.0 INCH 5 = HAIL
GRTST 24HR 0.0 6 = FREEZING RAIN OR DRIZZLE
GRTST DEPTH: 0 7 = DUSTSTORM OR SANDSTORM:
VSBY 1/2 MILE OR LESS
8 = SMOKE OR HAZE
[NO. OF DAYS WITH] [WEATHER - DAYS WITH] 9 = BLOWING SNOW
X = TORNADO
MAX 32 OR BELOW: 0 0.01 INCH OR MORE: 9
MAX 90 OR ABOVE: 9 0.10 INCH OR MORE: 6
MIN 32 OR BELOW: 0 0.50 INCH OR MORE: 5
MIN 0 OR BELOW: 0 1.00 INCH OR MORE: 3
[HDD (BASE 65) ]
TOTAL THIS MO. 4 CLEAR (SCALE 0-3) 20
DPTR FM NORMAL -40 PTCLDY (SCALE 4-7) 11
TOTAL FM JUL 1 4 CLOUDY (SCALE 8-10) 0
DPTR FM NORMAL -40
[CDD (BASE 65) ]
TOTAL THIS MO. 231
DPTR FM NORMAL 115 [PRESSURE DATA]
TOTAL FM JAN 1 343 HIGHEST SLP M ON M
DPTR FM NORMAL 158 LOWEST SLP 29.59 ON 19
[REMARKS]
#FINAL-07-20#