000
CXUS54 KEWX 011010
CF6AQO
PRELIMINARY LOCAL CLIMATOLOGICAL DATA (WS FORM: F-6)
STATION: LLANO MUNICIPAL AIRPORT
MONTH: AUGUST
YEAR: 2022
LATITUDE: 30 47 N
LONGITUDE: 98 40 W
TEMPERATURE IN F: :PCPN: SNOW: WIND :SUNSHINE: SKY :PK WND
================================================================================
1 2 3 4 5 6A 6B 7 8 9 10 11 12 13 14 15 16 17 18
12Z AVG MX 2MIN
DY MAX MIN AVG DEP HDD CDD WTR SNW DPTH SPD SPD DIR MIN PSBL S-S WX SPD DR
================================================================================
1 100 72 86 M 0 21 0.00 M M 6.2 9 160 M M 3 23 130
2 102 77 90 M 0 25 0.00 M M 9.7 18 210 M M 1 24 210
3 104 73 89 M 0 24 0.00 M M 10.2 16 200 M M 3 24 190
4 104 75 90 M 0 25 0.00 M M 6.8 10 160 M M 4 20 160
5 104 79 92 M 0 27 0.00 M M 6.2 13 130 M M 3 18 130
6 99 75 87 M 0 22 0.00 M M 6.3 14 120 M M 4 21 140
7 100 72 86 M 0 21 0.00 M M 7.6 16 130 M M 4 28 130
8 102 73 88 M 0 23 0.00 M M 5.8 10 100 M M 2 21 150
9 100 72 86 M 0 21 0.00 M M 4.3 12 130 M M 2 18 120
10 102 75 89 M 0 24 0.00 M M 4.3 20 10 M M 4 29 10
11 100 73 87 M 0 22 0.00 0.0 M 3.7 10 210 M M 6 15 110
12 100 72 86 M 0 21 0.00 0.0 M 4.4 13 90 M M 4 18 80
13 100 73 87 M 0 22 0.00 M M 4.6 13 70 M M 3 22 70
14 97 73 85 M 0 20 0.00 M M 6.2 13 130 M M 4 22 130
15 97 72 85 M 0 20 0.00 M M 5.7 16 120 M M 5 23 120
16 99 70 85 M 0 20 0.00 M M 4.6 12 180 M M 4 18 120
17 102 75 89 M 0 24 0.00 0.0 M 4.7 14 90 M M 1 21 90
18 95 75 85 M 0 20 0.00 M M 5.2 17 360 M M 4 8 24 360
19 95 73 84 M 0 19 0.00 M M 2.8 12 150 M M 5 38 20 99
20 99 72 86 M 0 21 0.00 M M 5.8 15 180 M M 5 22 120
21 95 73 84 M 0 19 0.00 M M 6.3 12 170 M M 5 18 120
22 88 72 80 M 0 15 0.00 M M 3.5 13 350 M M 9 123 25 350
23 88 72 80 M 0 15 0.00 M M 2.6 8 50 M M 8 1 13 30
24 93 72 83 M 0 18 0.00 M M 4.1 9 90 M M 5 17 40
25 93 73 83 M 0 18 0.00 M M 4.3 10 90 M M 4 16 90
26 95 72 84 M 0 19 0.00 M M 2.9 10 70 M M 4 17 70
27 97 72 85 M 0 20 0.00 M M 4.6 14 110 M M 5 18 110
28 99 72 86 M 0 21 0.00 M M 5.4 14 200 M M 5 21 110
29 99 73 86 M 0 21 0.00 M M 5.5 17 130 M M 6 27 130
30 86 72 79 M 0 14 0.00 M M 3.9 9 320 M M 9 13 20 350
31 86 70 78 M 0 13 0.00 M M 2.6 12 130 M M 7 18 25 0
================================================================================
SM 3020 2264 0 635 0.00 0.0 160.7 M 138
================================================================================
AV 97.4 73.0 5.2 FASTST M M 4 MAX(MPH)
MISC ----> 20 10 29 10
================================================================================
NOTES:
# LAST OF SEVERAL OCCURRENCES
COLUMN 17 PEAK WIND IN M.P.H.
PRELIMINARY LOCAL CLIMATOLOGICAL DATA (WS FORM: F-6) , PAGE 2
STATION: LLANO MUNICIPAL AIRPORT
MONTH: AUGUST
YEAR: 2022
LATITUDE: 30 47 N
LONGITUDE: 98 40 W
[TEMPERATURE DATA] [PRECIPITATION DATA] SYMBOLS USED IN COLUMN 16
AVERAGE MONTHLY: 85.2 TOTAL FOR MONTH: 0.00 1 = FOG OR MIST
DPTR FM NORMAL: 0.0 DPTR FM NORMAL: M 2 = FOG REDUCING VISIBILITY
HIGHEST: 104 ON 5, 4 GRTST 24HR 0.00 ON 1- 1 TO 1/4 MILE OR LESS
LOWEST: 70 ON 31,16 3 = THUNDER
SNOW, ICE PELLETS, HAIL 4 = ICE PELLETS
TOTAL MONTH: 0.0 INCH 5 = HAIL
GRTST 24HR 0.0 6 = FREEZING RAIN OR DRIZZLE
GRTST DEPTH: M ON M 7 = DUSTSTORM OR SANDSTORM:
VSBY 1/2 MILE OR LESS
8 = SMOKE OR HAZE
[NO. OF DAYS WITH] [WEATHER - DAYS WITH] 9 = BLOWING SNOW
X = TORNADO
MAX 32 OR BELOW: 0 0.01 INCH OR MORE: 0
MAX 90 OR ABOVE: 27 0.10 INCH OR MORE: 0
MIN 32 OR BELOW: 0 0.50 INCH OR MORE: 0
MIN 0 OR BELOW: 0 1.00 INCH OR MORE: 0
[HDD (BASE 65) ]
TOTAL THIS MO. 0 CLEAR (SCALE 0-3) 4
DPTR FM NORMAL M PTCLDY (SCALE 4-7) 24
TOTAL FM JUL 1 0 CLOUDY (SCALE 8-10) 3
DPTR FM NORMAL M
[CDD (BASE 65) ]
TOTAL THIS MO. 635
DPTR FM NORMAL M [PRESSURE DATA]
TOTAL FM JAN 1 2771 HIGHEST SLP M ON M
DPTR FM NORMAL M LOWEST SLP M ON M
[REMARKS]
#FINAL-08-22#