000
CXUS56 KPQR 011301
CF6AST
PRELIMINARY LOCAL CLIMATOLOGICAL DATA (WS FORM: F-6)
STATION: ASTORIA OR
MONTH: JANUARY
YEAR: 2024
LATITUDE: 46 9 N
LONGITUDE: 123 53 W
TEMPERATURE IN F: :PCPN: SNOW: WIND :SUNSHINE: SKY :PK WND
================================================================================
1 2 3 4 5 6A 6B 7 8 9 10 11 12 13 14 15 16 17 18
12Z AVG MX 2MIN
DY MAX MIN AVG DEP HDD CDD WTR SNW DPTH SPD SPD DIR MIN PSBL S-S WX SPD DR
================================================================================
1 50 34 42 -1 23 0 0.00 M M 4.3 9 100 M M 1 12 10 100
2 48 43 46 3 19 0 0.19 M M 10.3 20 130 M M 8 1 29 120
3 51 42 47 4 18 0 0.40 M M 6.6 16 120 M M 8 1 21 130
4 50 38 44 1 21 0 0.66 M M 3.9 10 50 M M 10 18 12 50
5 52 39 46 3 19 0 0.45 M M 11.4 28 230 M M 8 18 39 210
6 50 43 47 4 18 0 0.27 M M 14.3 28 300 M M 7 18 34 290
7 50 41 46 2 19 0 0.41 M M 4.7 20 290 M M 7 1 25 320
8 54 41 48 4 17 0 1.39 M M 12.3 37 250 M M 10 1 47 250
9 50 34 42 -2 23 0 0.75 M M 18.0 38 270 M M 9 18 55 270
10 50 36 43 -1 22 0 0.22 M M 9.9 29 300 M M 8 18 39 300
11 47 41 44 0 21 0 0.17 M M 16.6 31 280 M M 7 18 43 290
12 41 27 34 -10 31 0 0.00 M M 14.4 22 70 M M 6 30 300
13 29 24 27 -17 38 0 0.65 M M 15.5 22 70 M M 7 16 26 80
14 32 24 28 -16 37 0 0.00 M M M M M M M 4 M M
15 36 27 32 -12 33 0 0.00 M M M M M M M 0 M M
16 38 28 33 -11 32 0 0.26 M M M M M M M 4 1 M M
17 50 36 43 -1 22 0 0.45 M M M M M M M 10 1 M M
18 46 39 43 -1 22 0 1.06 M M M M M M M 10 1 M M
19 48 40 44 0 21 0 0.07 M M M M M M M 6 M M
20 51 41 46 2 19 0 0.24 M M M M M M M 8 1 M M
21 53 45 49 5 16 0 1.54 M M M M M M M 10 1 M M
22 52 47 50 6 15 0 0.73 M M M M M M M 10 1 M M
23 53 46 50 6 15 0 0.23 M M M M M M M 9 18 M M
24 54 47 51 7 14 0 1.12 M M 11.8 20 210 M M 10 18 29 200
25 53 47 50 6 15 0 0.26 M M 9.9 18 200 M M 9 1 28 190
26 56 48 52 8 13 0 0.89 M M 8.1 21 200 M M 10 1 30 210
27 60 50 55 11 10 0 2.08 M M 14.6 32 190 M M 10 1 46 200
28 60 54 57 13 8 0 0.36 M M 8.3 26 190 M M 9 1 41 200
29 65 47 56 12 9 0 0.02 M M 6.3 28 200 M M 2 1 41 210
30 63 50 57 13 8 0 0.03 M M 5.4 23 220 M M 8 8 34 200
31 61 50 56 12 9 0 0.26 M M 7.4 17 120 M M 10 1 23 120
================================================================================
SM 1553 1249 607 0 15.16 M 214.0 M 235
================================================================================
AV 50.1 40.3 10.2 FASTST M M 8 MAX(MPH)
MISC ----> 38 270 55 270
================================================================================
NOTES:
# LAST OF SEVERAL OCCURRENCES
COLUMN 17 PEAK WIND IN M.P.H.
PRELIMINARY LOCAL CLIMATOLOGICAL DATA (WS FORM: F-6) , PAGE 2
STATION: ASTORIA OR
MONTH: JANUARY
YEAR: 2024
LATITUDE: 46 9 N
LONGITUDE: 123 53 W
[TEMPERATURE DATA] [PRECIPITATION DATA] SYMBOLS USED IN COLUMN 16
AVERAGE MONTHLY: 45.2 TOTAL FOR MONTH: 15.16 1 = FOG OR MIST
DPTR FM NORMAL: 1.5 DPTR FM NORMAL: 4.57 2 = FOG REDUCING VISIBILITY
HIGHEST: 65 ON 29 GRTST 24HR 2.08 ON 27-27 TO 1/4 MILE OR LESS
LOWEST: 24 ON 14,13 3 = THUNDER
SNOW, ICE PELLETS, HAIL 4 = ICE PELLETS
TOTAL MONTH: M 5 = HAIL
GRTST 24HR M ON M 6 = FREEZING RAIN OR DRIZZLE
GRTST DEPTH: M ON M 7 = DUSTSTORM OR SANDSTORM:
VSBY 1/2 MILE OR LESS
8 = SMOKE OR HAZE
[NO. OF DAYS WITH] [WEATHER - DAYS WITH] 9 = BLOWING SNOW
X = TORNADO
MAX 32 OR BELOW: 2 0.01 INCH OR MORE: 27
MAX 90 OR ABOVE: 0 0.10 INCH OR MORE: 24
MIN 32 OR BELOW: 5 0.50 INCH OR MORE: 10
MIN 0 OR BELOW: 0 1.00 INCH OR MORE: 5
[HDD (BASE 65) ]
TOTAL THIS MO. 607 CLEAR (SCALE 0-3) 3
DPTR FM NORMAL -52 PTCLDY (SCALE 4-7) 14
TOTAL FM JUL 1 2240 CLOUDY (SCALE 8-10) 14
DPTR FM NORMAL -464
[CDD (BASE 65) ]
TOTAL THIS MO. 0
DPTR FM NORMAL 0 [PRESSURE DATA]
TOTAL FM JAN 1 0 HIGHEST SLP 30.34 ON 5
DPTR FM NORMAL 0 LOWEST SLP 29.34 ON 22
[REMARKS]
#FINAL-01-24#