000
CXUS56 KPQR 011155
CF6AST
PRELIMINARY LOCAL CLIMATOLOGICAL DATA (WS FORM: F-6)
STATION: ASTORIA OR
MONTH: SEPTEMBER
YEAR: 2021
LATITUDE: 46 9 N
LONGITUDE: 123 53 W
TEMPERATURE IN F: :PCPN: SNOW: WIND :SUNSHINE: SKY :PK WND
================================================================================
1 2 3 4 5 6A 6B 7 8 9 10 11 12 13 14 15 16 17 18
12Z AVG MX 2MIN
DY MAX MIN AVG DEP HDD CDD WTR SNW DPTH SPD SPD DIR MIN PSBL S-S WX SPD DR
================================================================================
1 68 43 56 -5 9 0 0.00 M M 7.2 21 320 M M 0 26 320
2 73 44 59 -2 6 0 0.00 M M 5.1 20 310 M M 3 128 25 300
3 71 44 58 -3 7 0 0.00 M M 4.0 13 240 M M 2 12 15 250
4 72 46 59 -2 6 0 0.00 M M 5.7 17 240 M M 4 12 22 250
5 67 58 63 3 2 0 0.04 M M 5.3 13 330 M M 10 1 15 280
6 71 51 61 1 4 0 0.00 M M 7.4 20 310 M M 3 12 24 320
7 80 48 64 4 1 0 T M M 6.0 20 220 M M 1 12 28 230
8 74 56 65 5 0 0 T M M 6.2 15 230 M M 4 20 230
9 70 54 62 2 3 0 0.02 M M 6.1 16 240 M M 8 128 20 250
10 65 50 58 -2 7 0 0.02 M M 6.0 15 310 M M 7 1 18 310
11 73 48 61 1 4 0 0.00 M M 6.3 17 320 M M 2 1 19 320
12 67 51 59 -1 6 0 T M M 9.6 20 310 M M 4 1 24 320
13 67 47 57 -3 8 0 0.00 M M 7.3 21 310 M M 2 12 26 310
14 68 45 57 -3 8 0 0.00 M M 6.1 16 330 M M 5 18 20 330
15 64 50 57 -2 8 0 T M M 10.5 20 320 M M 3 25 320
16 67 43 55 -4 10 0 0.00 M M 5.5 14 330 M M 1 15 330
17 64 53 59 0 6 0 1.25 M M 10.0 28 240 M M 10 1 39 180
18 63 53 58 -1 7 0 1.05 M M 9.2 22 190 M M 9 13 31 200
19 65 51 58 -1 7 0 0.16 M M 7.2 17 220 M M 5 1 25 220
20 67 50 59 1 6 0 0.01 M M 5.0 13 320 M M 4 1 16 320
21 82 49 66 8 0 1 0.00 M M 4.6 14 80 M M 0 16 80
22 66 50 58 0 7 0 T M M 6.6 14 240 M M 7 13 17 250
23 67 44 56 -2 9 0 0.00 M M 6.1 16 320 M M 1 12 20 330
24 83 53 68 10 0 3 0.00 M M 7.4 16 70 M M 0 19 60
25 62 50 56 -2 9 0 0.00 M M 5.4 10 180 M M 5 1 16 200
26 62 56 59 2 6 0 0.44 M M 11.4 33 200 M M 10 1 47 190
27 61 53 57 0 8 0 0.37 M M 10.9 21 200 M M 7 18 29 190
28 60 52 56 -1 9 0 0.48 M M 7.3 15 200 M M 9 1 21 200
29 60 52 56 -1 9 0 0.56 M M 5.2 10 140 M M 10 1 14 130
30 62 47 55 -1 10 0 0.60 M M 5.5 21 250 M M 10 1 26 240
================================================================================
SM 2041 1491 182 4 5.00 M 206.1 M 146
================================================================================
AV 68.0 49.7 6.9 FASTST M M 5 MAX(MPH)
MISC ----> 33 200 47 190
================================================================================
NOTES:
# LAST OF SEVERAL OCCURRENCES
COLUMN 17 PEAK WIND IN M.P.H.
PRELIMINARY LOCAL CLIMATOLOGICAL DATA (WS FORM: F-6) , PAGE 2
STATION: ASTORIA OR
MONTH: SEPTEMBER
YEAR: 2021
LATITUDE: 46 9 N
LONGITUDE: 123 53 W
[TEMPERATURE DATA] [PRECIPITATION DATA] SYMBOLS USED IN COLUMN 16
AVERAGE MONTHLY: 58.9 TOTAL FOR MONTH: 5.00 1 = FOG OR MIST
DPTR FM NORMAL: -0.1 DPTR FM NORMAL: 2.33 2 = FOG REDUCING VISIBILITY
HIGHEST: 83 ON 24 GRTST 24HR 2.12 ON 17-18 TO 1/4 MILE OR LESS
LOWEST: 43 ON 16, 1 3 = THUNDER
SNOW, ICE PELLETS, HAIL 4 = ICE PELLETS
TOTAL MONTH: M 5 = HAIL
GRTST 24HR M ON M 6 = FREEZING RAIN OR DRIZZLE
GRTST DEPTH: M ON M 7 = DUSTSTORM OR SANDSTORM:
VSBY 1/2 MILE OR LESS
8 = SMOKE OR HAZE
[NO. OF DAYS WITH] [WEATHER - DAYS WITH] 9 = BLOWING SNOW
X = TORNADO
MAX 32 OR BELOW: 0 0.01 INCH OR MORE: 12
MAX 90 OR ABOVE: 0 0.10 INCH OR MORE: 8
MIN 32 OR BELOW: 0 0.50 INCH OR MORE: 4
MIN 0 OR BELOW: 0 1.00 INCH OR MORE: 2
[HDD (BASE 65) ]
TOTAL THIS MO. 182 CLEAR (SCALE 0-3) 11
DPTR FM NORMAL -3 PTCLDY (SCALE 4-7) 11
TOTAL FM JUL 1 423 CLOUDY (SCALE 8-10) 8
DPTR FM NORMAL -24
[CDD (BASE 65) ]
TOTAL THIS MO. 4
DPTR FM NORMAL -2 [PRESSURE DATA]
TOTAL FM JAN 1 41 HIGHEST SLP 30.36 ON 20
DPTR FM NORMAL 19 LOWEST SLP 29.59 ON 17
[REMARKS]
#FINAL-09-21#