000
CXUS56 KPQR 082218
CF6AST
PRELIMINARY LOCAL CLIMATOLOGICAL DATA (WS FORM: F-6)
STATION: ASTORIA OR
MONTH: AUGUST
YEAR: 2021
LATITUDE: 46 9 N
LONGITUDE: 123 53 W
TEMPERATURE IN F: :PCPN: SNOW: WIND :SUNSHINE: SKY :PK WND
================================================================================
1 2 3 4 5 6A 6B 7 8 9 10 11 12 13 14 15 16 17 18
12Z AVG MX 2MIN
DY MAX MIN AVG DEP HDD CDD WTR SNW DPTH SPD SPD DIR MIN PSBL S-S WX SPD DR
================================================================================
1 66 57 62 0 3 0 0.02 M M 9.5 18 330 M M 10 1 23 340
2 68 56 62 0 3 0 0.00 M M 13.9 24 320 M M 5 30 310
3 68 56 62 0 3 0 0.00 M M 12.4 21 310 M M 4 1 26 320
4 76 57 67 5 0 2 0.00 M M 9.9 23 310 M M 5 12 31 320
5 68 56 62 0 3 0 T M M 8.1 14 210 M M 10 18 19 210
6 69 58 64 2 1 0 0.22 M M 7.3 14 220 M M 8 1 20 200
7 65 55 60 -2 5 0 0.08 M M 5.9 17 220 M M 10 1 23 300
8 68 53 61 -1 4 0 0.01 M M 6.2 14 280 M M 7 1 19 280
9 70 55 63 1 2 0 0.00 M M 8.6 21 310 M M 4 28 300
10 72 54 63 2 2 0 0.00 M M 6.0 17 300 M M 2 12 23 300
11 88 55 72 11 0 7 0.00 M M 5.7 20 310 M M 0 26 320
12 72 54 63 2 2 0 0.00 M M 6.0 16 240 M M 1 1 19 250
13 71 54 63 2 2 0 0.00 M M 6.1 13 250 M M 7 12 16 270
14 68 57 63 2 2 0 0.00 M M 4.6 14 260 M M 8 1 17 260
15 66 60 63 2 2 0 0.00 M M 4.2 12 270 M M 10 1 15 260
16 68 55 62 1 3 0 0.01 M M 6.2 16 310 M M 9 18 22 330
17 68 54 61 0 4 0 0.00 M M 6.4 15 260 M M 7 20 250
18 66 57 62 1 3 0 0.00 M M 5.8 13 270 M M 10 18 18 280
19 62 57 60 -1 5 0 0.04 M M 8.6 16 310 M M 10 18 20 320
20 64 57 61 0 4 0 0.03 M M 6.2 12 240 M M 10 18 23 220
21 64 56 60 -1 5 0 T M M 5.3 13 240 M M 10 1 16 240
22 65 50 58 -3 7 0 0.02 M M 6.0 15 320 M M 8 1 19 330
23 67 48 58 -3 7 0 T M M 7.7 17 320 M M 2 22 310
24 72 46 59 -2 6 0 0.00 M M 7.8 23 310 M M 3 12 29 310
25 64 49 57 -4 8 0 0.01 M M 5.0 14 260 M M 7 1 19 260
26 66 57 62 1 3 0 0.04 M M 6.4 16 220 M M 10 1 23 220
27 66 53 60 -1 5 0 T M M 7.2 17 330 M M 7 1 22 320
28 71 48 60 -1 5 0 0.00 M M 7.6 22 310 M M 2 12 26 330
29 66 50 58 -3 7 0 0.00 M M 10.7 24 320 M M 4 31 320
30 65 47 56 -5 9 0 0.01 M M 6.2 15 260 M M 7 1 21 220
31 66 49 58 -3 7 0 T M M 6.9 17 320 M M 6 1 22 310
================================================================================
SM 2115 1670 122 9 0.49 M 224.4 M 203
================================================================================
AV 68.2 53.9 7.2 FASTST M M 7 MAX(MPH)
MISC ----> # 24 320 # 31 320
================================================================================
NOTES:
# LAST OF SEVERAL OCCURRENCES
COLUMN 17 PEAK WIND IN M.P.H.
PRELIMINARY LOCAL CLIMATOLOGICAL DATA (WS FORM: F-6) , PAGE 2
STATION: ASTORIA OR
MONTH: AUGUST
YEAR: 2021
LATITUDE: 46 9 N
LONGITUDE: 123 53 W
[TEMPERATURE DATA] [PRECIPITATION DATA] SYMBOLS USED IN COLUMN 16
AVERAGE MONTHLY: 61.0 TOTAL FOR MONTH: 0.49 1 = FOG OR MIST
DPTR FM NORMAL: -0.3 DPTR FM NORMAL: -0.63 2 = FOG REDUCING VISIBILITY
HIGHEST: 88 ON 11 GRTST 24HR 0.22 ON 6- 6 TO 1/4 MILE OR LESS
LOWEST: 46 ON 24 3 = THUNDER
SNOW, ICE PELLETS, HAIL 4 = ICE PELLETS
TOTAL MONTH: M 5 = HAIL
GRTST 24HR M ON M 6 = FREEZING RAIN OR DRIZZLE
GRTST DEPTH: M ON M 7 = DUSTSTORM OR SANDSTORM:
VSBY 1/2 MILE OR LESS
8 = SMOKE OR HAZE
[NO. OF DAYS WITH] [WEATHER - DAYS WITH] 9 = BLOWING SNOW
X = TORNADO
MAX 32 OR BELOW: 0 0.01 INCH OR MORE: 11
MAX 90 OR ABOVE: 0 0.10 INCH OR MORE: 1
MIN 32 OR BELOW: 0 0.50 INCH OR MORE: 0
MIN 0 OR BELOW: 0 1.00 INCH OR MORE: 0
[HDD (BASE 65) ]
TOTAL THIS MO. 122 CLEAR (SCALE 0-3) 6
DPTR FM NORMAL 0 PTCLDY (SCALE 4-7) 15
TOTAL FM JUL 1 241 CLOUDY (SCALE 8-10) 10
DPTR FM NORMAL -23
[CDD (BASE 65) ]
TOTAL THIS MO. 9
DPTR FM NORMAL 2 [PRESSURE DATA]
TOTAL FM JAN 1 37 HIGHEST SLP 30.18 ON 27
DPTR FM NORMAL 21 LOWEST SLP 29.85 ON 21
[REMARKS]
#FINAL-08-21#