952
CXUS56 KPQR 011200
CF6AST
PRELIMINARY LOCAL CLIMATOLOGICAL DATA (WS FORM: F-6)
STATION: ASTORIA OR
MONTH: OCTOBER
YEAR: 2020
LATITUDE: 46 9 N
LONGITUDE: 123 53 W
TEMPERATURE IN F: :PCPN: SNOW: WIND :SUNSHINE: SKY :PK WND
================================================================================
1 2 3 4 5 6A 6B 7 8 9 10 11 12 13 14 15 16 17 18
12Z AVG MX 2MIN
DY MAX MIN AVG DEP HDD CDD WTR SNW DPTH SPD SPD DIR MIN PSBL S-S WX SPD DR
================================================================================
1 62 57 60 4 5 0 0.00 M M 2.8 8 300 M M 10 12 10 340
2 58 54 56 1 9 0 0.00 M M 3.4 8 260 M M 10 18 10 270
3 60 50 55 0 10 0 0.00 M M 4.0 12 330 M M 10 1 19 320
4 66 47 57 2 8 0 0.00 M M 5.4 13 310 M M 8 128 16 330
5 70 52 61 6 4 0 0.00 M M 7.6 17 320 M M 1 21 320
6 73 47 60 5 5 0 0.00 M M 5.2 16 290 M M 1 12 20 300
7 62 54 58 4 7 0 0.00 M M 4.9 13 230 M M 9 12 17 250
8 64 52 58 4 7 0 0.00 M M 5.7 14 240 M M 9 1 17 210
9 64 52 58 4 7 0 0.59 M M 9.4 22 190 M M 9 1 34 190
10 62 50 56 2 9 0 0.44 M M 11.1 29 320 M M 6 138 46 320
11 61 51 56 2 9 0 1.12 M M 12.9 31 200 M M 8 1 47 190
12 62 51 57 4 8 0 T M M 5.2 12 310 M M 7 8 17 270
13 61 51 56 3 9 0 0.61 M M 13.0 31 220 M M 9 18 48 190
14 61 43 52 -1 13 0 0.16 M M 5.5 14 290 M M 5 1 18 310
15 61 38 50 -3 15 0 0.00 M M 4.6 12 320 M M 3 12 13 330
16 60 46 53 1 12 0 0.29 M M 7.6 15 320 M M 10 1 19 220
17 59 48 54 2 11 0 0.00 M M 4.4 14 300 M M 9 1 25 10
18 61 52 57 5 8 0 0.36 M M 10.0 18 310 M M 10 1 25 220
19 60 48 54 2 11 0 0.12 M M 5.4 14 320 M M 7 1 19 330
20 57 43 50 -2 15 0 0.01 M M 3.9 13 340 M M 7 1 15 330
21 56 39 48 -4 17 0 0.11 M M 8.1 22 320 M M 6 1 29 310
22 56 34 45 -6 20 0 0.00 M M 4.7 13 330 M M 2 12 15 340
23 57 36 47 -4 18 0 0.47 M M 8.8 23 200 M M 8 18 33 200
24 53 41 47 -4 18 0 0.00 M M 11.7 20 70 M M 6 25 300
25 49 33 41 -10 24 0 0.00 M M 9.7 21 70 M M 0 25 80
26 54 33 44 -7 21 0 0.00 M M 5.3 15 330 M M 2 18 320
27 58 41 50 0 15 0 0.00 M M 3.4 10 340 M M 5 12 12 20
28 59 43 51 1 14 0 0.00 M M 4.7 15 310 M M 6 12 18 320
29 63 43 53 3 12 0 0.00 M M 3.5 10 330 M M 4 12 330
30 58 41 50 0 15 0 0.24 M M 7.9 21 270 M M 7 1 28 210
31 59 35 47 -3 18 0 0.00 M M 6.5 16 70 M M 2 12 19 40
================================================================================
SM 1866 1405 374 0 4.52 M 206.3 M 196
================================================================================
AV 60.2 45.3 6.7 FASTST M M 6 MAX(MPH)
MISC ----> # 31 200 # 48 190
================================================================================
NOTES:
# LAST OF SEVERAL OCCURRENCES
COLUMN 17 PEAK WIND IN M.P.H.
PRELIMINARY LOCAL CLIMATOLOGICAL DATA (WS FORM: F-6) , PAGE 2
STATION: ASTORIA OR
MONTH: OCTOBER
YEAR: 2020
LATITUDE: 46 9 N
LONGITUDE: 123 53 W
[TEMPERATURE DATA] [PRECIPITATION DATA] SYMBOLS USED IN COLUMN 16
AVERAGE MONTHLY: 52.8 TOTAL FOR MONTH: 4.52 1 = FOG OR MIST
DPTR FM NORMAL: 0.2 DPTR FM NORMAL: -1.46 2 = FOG REDUCING VISIBILITY
HIGHEST: 73 ON 6 GRTST 24HR 1.12 ON 11-11 TO 1/4 MILE OR LESS
LOWEST: 33 ON 26,25 3 = THUNDER
SNOW, ICE PELLETS, HAIL 4 = ICE PELLETS
TOTAL MONTH: M 5 = HAIL
GRTST 24HR M ON M 6 = FREEZING RAIN OR DRIZZLE
GRTST DEPTH: M ON M 7 = DUSTSTORM OR SANDSTORM:
VSBY 1/2 MILE OR LESS
8 = SMOKE OR HAZE
[NO. OF DAYS WITH] [WEATHER - DAYS WITH] 9 = BLOWING SNOW
X = TORNADO
MAX 32 OR BELOW: 0 0.01 INCH OR MORE: 12
MAX 90 OR ABOVE: 0 0.10 INCH OR MORE: 11
MIN 32 OR BELOW: 0 0.50 INCH OR MORE: 3
MIN 0 OR BELOW: 0 1.00 INCH OR MORE: 1
[HDD (BASE 65) ]
TOTAL THIS MO. 374 CLEAR (SCALE 0-3) 7
DPTR FM NORMAL -12 PTCLDY (SCALE 4-7) 12
TOTAL FM JUL 1 731 CLOUDY (SCALE 8-10) 12
DPTR FM NORMAL -136
[CDD (BASE 65) ]
TOTAL THIS MO. 0
DPTR FM NORMAL 0 [PRESSURE DATA]
TOTAL FM JAN 1 41 HIGHEST SLP 30.58 ON 15
DPTR FM NORMAL 29 LOWEST SLP 29.59 ON 10
[REMARKS]
#FINAL-10-20#