000
CXUS56 KPQR 011201
CF6AST
PRELIMINARY LOCAL CLIMATOLOGICAL DATA (WS FORM: F-6)
STATION: ASTORIA OR
MONTH: OCTOBER
YEAR: 2023
LATITUDE: 46 9 N
LONGITUDE: 123 53 W
TEMPERATURE IN F: :PCPN: SNOW: WIND :SUNSHINE: SKY :PK WND
================================================================================
1 2 3 4 5 6A 6B 7 8 9 10 11 12 13 14 15 16 17 18
12Z AVG MX 2MIN
DY MAX MIN AVG DEP HDD CDD WTR SNW DPTH SPD SPD DIR MIN PSBL S-S WX SPD DR
================================================================================
1 65 44 55 -1 10 0 0.00 M M 4.8 13 310 M M 4 12 15 310
2 59 52 56 0 9 0 0.89 M M 7.6 21 200 M M 10 1 31 200
3 64 56 60 4 5 0 0.03 M M 7.4 20 320 M M 9 1 25 320
4 67 54 61 5 4 0 0.00 M M 4.9 14 310 M M 7 12 16 310
5 79 48 64 9 1 0 0.00 M M 6.9 15 50 M M 3 12 19 40
6 83 57 70 15 0 5 0.00 M M 8.5 20 90 M M 0 23 90
7 70 52 61 6 4 0 0.00 M M 5.2 17 240 M M 4 18 22 250
8 66 56 61 6 4 0 0.00 M M 6.8 17 180 M M 5 8 24 190
9 64 53 59 5 6 0 0.07 M M 6.9 22 180 M M 8 1 29 220
10 62 53 58 4 7 0 0.59 M M 11.7 23 190 M M 10 18 32 190
11 63 54 59 5 6 0 0.05 M M 9.9 20 230 M M 8 18 29 210
12 70 48 59 5 6 0 0.00 M M 5.4 15 100 M M 3 1 20 130
13 64 53 59 6 6 0 0.22 M M 6.4 17 220 M M 6 1 26 120
14 62 53 58 5 7 0 0.12 M M 3.6 14 210 M M 10 1 20 220
15 65 52 59 6 6 0 0.03 M M 4.2 10 240 M M 4 18 14 90
16 62 52 57 4 8 0 0.97 M M 9.0 25 210 M M 7 1 39 210
17 63 47 55 3 10 0 T M M 2.9 10 80 M M 6 12 13 40
18 72 43 58 6 7 0 0.00 M M 2.9 7 350 M M 0 18 10 350
19 68 46 57 5 8 0 0.00 M M 4.9 13 320 M M 7 18 16 330
20 67 50 59 7 6 0 0.00 M M 6.7 15 330 M M 5 18 18 330
21 60 50 55 3 10 0 0.01 M M 2.7 13 230 M M 9 1 17 220
22 64 56 60 9 5 0 0.00 M M 5.6 16 320 M M 8 1 19 320
23 58 50 54 3 11 0 T M M 7.1 15 300 M M 10 19 290
24 53 47 50 -1 15 0 0.84 M M 7.1 21 220 M M 10 1 31 230
25 54 37 46 -5 19 0 0.48 M M 4.4 17 270 M M 5 12 27 280
26 54 33 44 -7 21 0 T M M 4.1 10 80 M M 7 12 12 50
27 54 38 46 -4 19 0 0.00 M M 7.8 16 40 M M 0 1 20 40
28 54 34 44 -6 21 0 0.00 M M 7.6 16 70 M M 0 18 80
29 60 32 46 -4 19 0 0.00 M M 7.0 14 50 M M 0 16 40
30 64 37 51 1 14 0 0.00 M M 6.9 13 70 M M 0 16 110
31 61 38 50 0 15 0 0.00 M M 2.9 9 70 M M 0 1 11 80
================================================================================
SM 1971 1475 289 5 4.30 M 189.8 M 165
================================================================================
AV 63.6 47.6 6.1 FASTST M M 5 MAX(MPH)
MISC ----> 25 210 39 210
================================================================================
NOTES:
# LAST OF SEVERAL OCCURRENCES
COLUMN 17 PEAK WIND IN M.P.H.
PRELIMINARY LOCAL CLIMATOLOGICAL DATA (WS FORM: F-6) , PAGE 2
STATION: ASTORIA OR
MONTH: OCTOBER
YEAR: 2023
LATITUDE: 46 9 N
LONGITUDE: 123 53 W
[TEMPERATURE DATA] [PRECIPITATION DATA] SYMBOLS USED IN COLUMN 16
AVERAGE MONTHLY: 55.6 TOTAL FOR MONTH: 4.30 1 = FOG OR MIST
DPTR FM NORMAL: 2.8 DPTR FM NORMAL: -2.44 2 = FOG REDUCING VISIBILITY
HIGHEST: 83 ON 6 GRTST 24HR 1.15 ON 24-25 TO 1/4 MILE OR LESS
LOWEST: 32 ON 29 3 = THUNDER
SNOW, ICE PELLETS, HAIL 4 = ICE PELLETS
TOTAL MONTH: M 5 = HAIL
GRTST 24HR M ON M 6 = FREEZING RAIN OR DRIZZLE
GRTST DEPTH: M ON M 7 = DUSTSTORM OR SANDSTORM:
VSBY 1/2 MILE OR LESS
8 = SMOKE OR HAZE
[NO. OF DAYS WITH] [WEATHER - DAYS WITH] 9 = BLOWING SNOW
X = TORNADO
MAX 32 OR BELOW: 0 0.01 INCH OR MORE: 12
MAX 90 OR ABOVE: 0 0.10 INCH OR MORE: 7
MIN 32 OR BELOW: 1 0.50 INCH OR MORE: 4
MIN 0 OR BELOW: 0 1.00 INCH OR MORE: 0
[HDD (BASE 65) ]
TOTAL THIS MO. 289 CLEAR (SCALE 0-3) 8
DPTR FM NORMAL -89 PTCLDY (SCALE 4-7) 15
TOTAL FM JUL 1 565 CLOUDY (SCALE 8-10) 8
DPTR FM NORMAL -260
[CDD (BASE 65) ]
TOTAL THIS MO. 5
DPTR FM NORMAL 5 [PRESSURE DATA]
TOTAL FM JAN 1 70 HIGHEST SLP 30.51 ON 28
DPTR FM NORMAL 48 LOWEST SLP 29.42 ON 10
[REMARKS]
#FINAL-10-23#