000
CXUS52 KFFC 011110
CF6ATL
PRELIMINARY LOCAL CLIMATOLOGICAL DATA (WS FORM: F-6)
STATION: ATLANTA
MONTH: DECEMBER
YEAR: 2021
LATITUDE: 33 39 N
LONGITUDE: 84 26 W
TEMPERATURE IN F: :PCPN: SNOW: WIND :SUNSHINE: SKY :PK WND
================================================================================
1 2 3 4 5 6A 6B 7 8 9 10 11 12 13 14 15 16 17 18
12Z AVG MX 2MIN
DY MAX MIN AVG DEP HDD CDD WTR SNW DPTH SPD SPD DIR MIN PSBL S-S WX SPD DR
================================================================================
1 69 45 57 7 8 0 0.00 0.0 0 5.8 16 210 M M 5 22 230
2 74 49 62 12 3 0 0.00 0.0 0 8.3 18 300 M M 2 23 270
3 77 50 64 14 1 0 0.00 0.0 0 5.8 10 280 M M 3 14 260
4 70 52 61 12 4 0 0.00 0.0 0 3.7 12 290 M M 6 14 290
5 65 54 60 11 5 0 T 0.0 0 3.5 9 90 M M 8 18 16 50
6 64 45 55 6 10 0 0.37 0.0 0 7.8 22 340 M M 9 123 28 330
7 52 36 44 -5 21 0 T 0.0 0 7.1 15 320 M M 6 18 330
8 54 42 48 -1 17 0 0.65 0.0 0 7.0 15 320 M M 7 13 20 330
9 55 39 47 -1 18 0 0.01 M M 7.7 15 10 M M 7 1 21 110
10 57 47 52 4 13 0 0.43 M M 6.8 10 100 M M 10 12 17 60
11 75 49 62 14 3 0 0.46 M M 10.3 28 300 M M 9 123 41 300
12 58 36 47 -1 18 0 0.00 0.0 0 7.6 24 330 M M 3 37 330
13 62 38 50 2 15 0 0.00 0.0 0 3.0 8 130 M M 0 14 360
14 69 37 53 5 12 0 0.00 0.0 0 3.2 9 90 M M 0 11 110
15 60 41 51 4 14 0 0.00 0.0 0 8.1 14 80 M M 5 19 70
16 67 51 59 12 6 0 0.00 0.0 0 5.2 10 80 M M 8 1 15 40
17 67 56 62 15 3 0 T 0.0 0 3.5 9 150 M M 10 12 14 180
18 68 62 65 18 0 0 0.80 0.0 M 5.6 16 190 M M 10 123 23 180
19 63 40 52 5 13 0 0.05 0.0 0 11.9 22 330 M M 8 12 30 340
20 46 40 43 -3 22 0 0.00 0.0 0 11.1 20 90 M M 7 26 100
21 43 40 42 -4 23 0 0.17 0.0 0 8.9 17 30 M M 10 1 21 70
22 55 39 47 1 18 0 0.00 0.0 0 13.0 24 320 M M 2 32 310
23 61 34 48 2 17 0 0.00 0.0 0 5.4 15 320 M M 2 19 320
24 66 37 52 6 13 0 0.00 0.0 0 6.1 17 200 M M 6 24 180
25 69 53 61 15 4 0 0.00 0.0 M 10.9 21 250 M M 7 34 260
26 75 58 67 21 0 2 T 0.0 0 5.3 14 240 M M 6 20 250
27 70 59 65 19 0 0 T 0.0 0 6.9 16 260 M M 9 12 24 240
28 75 62 69 23 0 4 T 0.0 M 8.0 16 200 M M 8 24 220
29 74 65 70 25 0 5 0.28 0.0 0 9.1 18 300 M M 8 1 27 190
30 70 61 66 21 0 1 2.85 0.0 M 5.9 21 310 M M 9 13 29 300
31 71 57 64 19 1 0 0.01 0.0 0 3.8 9 200 M M 9 12 15 210
================================================================================
SM 2001 1474 282 12 6.08 0.0 216.3 M 199
================================================================================
AV 64.5 47.5 7.0 FASTST M M 6 MAX(MPH)
MISC ----> 28 300 41 300
================================================================================
NOTES:
# LAST OF SEVERAL OCCURRENCES
COLUMN 17 PEAK WIND IN M.P.H.
PRELIMINARY LOCAL CLIMATOLOGICAL DATA (WS FORM: F-6) , PAGE 2
STATION: ATLANTA
MONTH: DECEMBER
YEAR: 2021
LATITUDE: 33 39 N
LONGITUDE: 84 26 W
[TEMPERATURE DATA] [PRECIPITATION DATA] SYMBOLS USED IN COLUMN 16
AVERAGE MONTHLY: 56.0 TOTAL FOR MONTH: 6.08 1 = FOG OR MIST
DPTR FM NORMAL: 8.7 DPTR FM NORMAL: 1.51 2 = FOG REDUCING VISIBILITY
HIGHEST: 77 ON 3 GRTST 24HR 2.86 ON 29-30 TO 1/4 MILE OR LESS
LOWEST: 34 ON 23 3 = THUNDER
SNOW, ICE PELLETS, HAIL 4 = ICE PELLETS
TOTAL MONTH: 0.0 INCH 5 = HAIL
GRTST 24HR 0.0 6 = FREEZING RAIN OR DRIZZLE
GRTST DEPTH: 0 7 = DUSTSTORM OR SANDSTORM:
VSBY 1/2 MILE OR LESS
8 = SMOKE OR HAZE
[NO. OF DAYS WITH] [WEATHER - DAYS WITH] 9 = BLOWING SNOW
X = TORNADO
MAX 32 OR BELOW: 0 0.01 INCH OR MORE: 11
MAX 90 OR ABOVE: 0 0.10 INCH OR MORE: 8
MIN 32 OR BELOW: 0 0.50 INCH OR MORE: 3
MIN 0 OR BELOW: 0 1.00 INCH OR MORE: 1
[HDD (BASE 65) ]
TOTAL THIS MO. 282 CLEAR (SCALE 0-3) 6
DPTR FM NORMAL -268 PTCLDY (SCALE 4-7) 14
TOTAL FM JUL 1 706 CLOUDY (SCALE 8-10) 11
DPTR FM NORMAL -285
[CDD (BASE 65) ]
TOTAL THIS MO. 12
DPTR FM NORMAL 10 [PRESSURE DATA]
TOTAL FM JAN 1 2037 HIGHEST SLP 30.48 ON 15
DPTR FM NORMAL -13 LOWEST SLP 29.85 ON 29
[REMARKS]
#FINAL-12-21#