000
CXUS54 KMAF 011210
CF6ATS
PRELIMINARY LOCAL CLIMATOLOGICAL DATA (WS FORM: F-6)
STATION: ARTESIA
MONTH: OCTOBER
YEAR: 2020
LATITUDE: 32 54 N
LONGITUDE: 104 30 W
TEMPERATURE IN F: :PCPN: SNOW: WIND :SUNSHINE: SKY :PK WND
================================================================================
1 2 3 4 5 6A 6B 7 8 9 10 11 12 13 14 15 16 17 18
12Z AVG MX 2MIN
DY MAX MIN AVG DEP HDD CDD WTR SNW DPTH SPD SPD DIR MIN PSBL S-S WX SPD DR
================================================================================
1 84 50 67 M 0 2 0.00 M M 8.9 21 360 M M 0 23 350
2 86 48 67 M 0 2 0.00 M M 11.0 21 140 M M 0 24 150
3 81 52 67 M 0 2 0.00 M M 12.0 28 350 M M 0 36 350
4 79 50 65 M 0 0 0.00 M M 8.1 16 170 M M 0 18 160
5 93 50 72 M 0 7 0.00 M M 6.8 14 280 M M 0 8 16 280
6 91 52 72 M 0 7 0.00 M M 7.3 17 350 M M 0 23 20
7 90 52 71 M 0 6 0.00 M M 7.7 14 180 M M 0 22 99
8 90 50 70 M 0 5 0.03 M M 8.1 15 140 M M 0 23 150
9 93 50 72 M 0 7 0.00 M M 6.5 15 280 M M 0 14 90
10 93 57 75 M 0 10 0.00 M M 9.3 21 220 M M 0 8 28 220
11 93 57 75 M 0 10 0.00 M M 12.3 28 250 M M 0 8 36 250
12 77 54 66 M 0 1 0.00 M M 9.1 22 20 M M 1 8 29 20
13 90 48 69 M 0 4 0.00 M M 4.5 12 200 M M 0 14 200
14 97 54 76 M 0 11 0.00 M M 8.1 17 260 M M 0 17 280
15 70 54 62 M 3 0 0.00 M M 10.2 22 20 M M 0 36 20
16 68 48 58 M 7 0 0.00 M M 11.4 18 150 M M 0 26 150
17 90 45 68 M 0 3 0.00 M M 6.8 15 250 M M 0 21 280
18 90 55 73 M 0 8 0.00 M M 10.3 16 140 M M 0 24 140
19 81 45 63 M 2 0 0.00 M M 9.3 16 160 M M 0 20 150
20 90 48 69 M 0 4 0.00 M M 6.4 16 150 M M 0 18 15 140
21 91 46 69 M 0 4 0.00 M M 7.7 22 200 M M 0 25 200
22 91 52 72 M 0 7 0.00 M M 11.7 25 210 M M 0 8 32 210
23 66 43 55 M 10 0 0.00 M M 13.0 24 360 M M 0 31 360
24 81 37 59 M 6 0 0.00 M M 10.7 23 240 M M 0 29 240
25 86 41 64 M 1 0 0.00 M M 22.2 30 340 M M 1 8 41 240
26 41 25 33 M 32 0 0.00 M M 15.0 20 20 M M 10 13 28 10
27 28 23 26 M 39 0 0.00 M M 14.0 21 330 M M 9 1 27 330
28 46 25 36 M 29 0 0.00 M M 7.9 17 360 M M 6 24 310
29 61 34 48 M 17 0 0.00 M M 7.5 13 270 M M 0 16 60
30 70 36 53 M 12 0 0.00 M M 8.5 18 150 M M 0 25 160
31 79 37 58 M 7 0 0.00 M M 5.2 9 40 M M 0 15 10
================================================================================
SM 2466 1418 165 100 0.03 M 297.4 M 27
================================================================================
AV 79.5 45.7 9.6 FASTST M M 1 MAX(MPH)
MISC ----> 30 340 41 240
================================================================================
NOTES:
# LAST OF SEVERAL OCCURRENCES
COLUMN 17 PEAK WIND IN M.P.H.
PRELIMINARY LOCAL CLIMATOLOGICAL DATA (WS FORM: F-6) , PAGE 2
STATION: ARTESIA
MONTH: OCTOBER
YEAR: 2020
LATITUDE: 32 54 N
LONGITUDE: 104 30 W
[TEMPERATURE DATA] [PRECIPITATION DATA] SYMBOLS USED IN COLUMN 16
AVERAGE MONTHLY: 62.6 TOTAL FOR MONTH: 0.03 1 = FOG OR MIST
DPTR FM NORMAL: 0.0 DPTR FM NORMAL: M 2 = FOG REDUCING VISIBILITY
HIGHEST: 97 ON 14 GRTST 24HR 0.03 ON 8- 8 TO 1/4 MILE OR LESS
LOWEST: 23 ON 27 3 = THUNDER
SNOW, ICE PELLETS, HAIL 4 = ICE PELLETS
TOTAL MONTH: M 5 = HAIL
GRTST 24HR M ON M 6 = FREEZING RAIN OR DRIZZLE
GRTST DEPTH: M ON M 7 = DUSTSTORM OR SANDSTORM:
VSBY 1/2 MILE OR LESS
8 = SMOKE OR HAZE
[NO. OF DAYS WITH] [WEATHER - DAYS WITH] 9 = BLOWING SNOW
X = TORNADO
MAX 32 OR BELOW: 1 0.01 INCH OR MORE: 1
MAX 90 OR ABOVE: 14 0.10 INCH OR MORE: 0
MIN 32 OR BELOW: 3 0.50 INCH OR MORE: 0
MIN 0 OR BELOW: 0 1.00 INCH OR MORE: 0
[HDD (BASE 65) ]
TOTAL THIS MO. 165 CLEAR (SCALE 0-3) 28
DPTR FM NORMAL M PTCLDY (SCALE 4-7) 1
TOTAL FM JUL 1 206 CLOUDY (SCALE 8-10) 2
DPTR FM NORMAL M
[CDD (BASE 65) ]
TOTAL THIS MO. 100
DPTR FM NORMAL M [PRESSURE DATA]
TOTAL FM JAN 1 2470 HIGHEST SLP M ON M
DPTR FM NORMAL M LOWEST SLP M ON M
[REMARKS]
#FINAL-10-20#