000
CXUS53 KGID 011935
CF6AUH
PRELIMINARY LOCAL CLIMATOLOGICAL DATA (WS FORM: F-6)
STATION: AURORA NE
MONTH: OCTOBER
YEAR: 2021
LATITUDE: 40 54 N
LONGITUDE: 97 59 W
TEMPERATURE IN F: :PCPN: SNOW: WIND :SUNSHINE: SKY :PK WND
================================================================================
1 2 3 4 5 6A 6B 7 8 9 10 11 12 13 14 15 16 17 18
12Z AVG MX 2MIN
DY MAX MIN AVG DEP HDD CDD WTR SNW DPTH SPD SPD DIR MIN PSBL S-S WX SPD DR
================================================================================
1 69 59 64 M 1 0 0.00 M M 3.2 8 300 M M 10 1 M M
2 69 51 60 M 5 0 0.00 M M 5.2 10 340 M M 8 1 M M
3 80 47 64 M 1 0 0.00 M M 5.1 9 340 M M 0 M M
4 83 46 65 M 0 0 0.00 M M 3.9 14 40 M M 0 18 40
5 80 43 62 M 3 0 0.00 M M 3.6 10 110 M M 0 M M
6 75 46 61 M 4 0 0.00 M M 5.8 12 140 M M 5 18 18 160
7 80 48 64 M 1 0 0.00 M M 7.2 14 120 M M 2 12 21 120
8 86 51 69 M 0 4 0.00 M M 4.2 7 120 M M 0 1 M M
9 75 57 66 M 0 1 0.00 M M 6.8 13 170 M M 0 M M
10 69 46 58 M 7 0 0.00 M M 9.8 25 330 M M 1 30 330
11 75 41 58 M 7 0 0.00 M M 7.0 14 340 M M 0 21 320
12 79 41 60 M 5 0 0.02 M M 11.0 22 150 M M 3 31 140
13 64 42 53 M 12 0 0.60 M M 17.8 31 260 M M 3 3 40 260
14 59 33 46 M 19 0 T M M 5.6 13 310 M M 5 M M
15 60 34 47 M 18 0 0.00 M M 8.6 16 310 M M 2 24 290
16 67 32 50 M 15 0 0.00 M M 7.0 10 300 M M 0 18 10
17 77 38 58 M 7 0 0.00 M M 8.1 13 210 M M 0 21 200
18 76 43 60 M 5 0 0.00 M M 12.2 23 160 M M 0 31 170
19 77 49 63 M 2 0 0.00 M M 11.4 20 150 M M 1 27 150
20 61 43 52 M 13 0 0.00 M M 17.1 25 310 M M 9 31 310
21 56 36 46 M 19 0 0.00 M M 9.3 18 330 M M 4 24 330
22 71 33 52 M 13 0 0.00 M M 7.3 16 80 M M 0 20 110
23 60 38 49 M 16 0 0.00 M M 14.6 21 100 M M 7 25 100
24 52 44 48 M 17 0 0.24 M M 13.6 18 350 M M 10 1 24 360
25 47 39 43 M 22 0 0.00 M M 7.7 14 150 M M 9 1 18 160
26 58 40 49 M 16 0 0.14 M M 17.9 22 140 M M 10 1 32 140
27 62 47 55 M 10 0 1.55 M M 15.5 33 90 M M 9 37 90
28 60 44 52 M 13 0 0.00 M M 21.7 37 350 M M 0 45 350
29 62 35 49 M 16 0 0.00 M M 9.9 16 330 M M 0 21 340
30 67 34 51 M 14 0 0.00 M M 13.4 22 340 M M 0 31 360
31 46 38 42 M 23 0 T M M 9.0 15 350 M M 9 20 350
================================================================================
SM 2102 1318 304 5 2.55 M 300.5 M 107
================================================================================
AV 67.8 42.5 9.7 FASTST M M 3 MAX(MPH)
MISC ----> 37 350 M M
================================================================================
NOTES:
# LAST OF SEVERAL OCCURRENCES
COLUMN 17 PEAK WIND IN M.P.H.
PRELIMINARY LOCAL CLIMATOLOGICAL DATA (WS FORM: F-6) , PAGE 2
STATION: AURORA NE
MONTH: OCTOBER
YEAR: 2021
LATITUDE: 40 54 N
LONGITUDE: 97 59 W
[TEMPERATURE DATA] [PRECIPITATION DATA] SYMBOLS USED IN COLUMN 16
AVERAGE MONTHLY: 55.2 TOTAL FOR MONTH: 2.55 1 = FOG OR MIST
DPTR FM NORMAL: M DPTR FM NORMAL: M 2 = FOG REDUCING VISIBILITY
HIGHEST: 86 ON 8 GRTST 24HR 1.55 ON 27-27 TO 1/4 MILE OR LESS
LOWEST: 32 ON 16 3 = THUNDER
SNOW, ICE PELLETS, HAIL 4 = ICE PELLETS
TOTAL MONTH: M 5 = HAIL
GRTST 24HR M ON M 6 = FREEZING RAIN OR DRIZZLE
GRTST DEPTH: M ON M 7 = DUSTSTORM OR SANDSTORM:
VSBY 1/2 MILE OR LESS
8 = SMOKE OR HAZE
[NO. OF DAYS WITH] [WEATHER - DAYS WITH] 9 = BLOWING SNOW
X = TORNADO
MAX 32 OR BELOW: 0 0.01 INCH OR MORE: 5
MAX 90 OR ABOVE: 0 0.10 INCH OR MORE: 4
MIN 32 OR BELOW: 1 0.50 INCH OR MORE: 2
MIN 0 OR BELOW: 0 1.00 INCH OR MORE: 1
[HDD (BASE 65) ]
TOTAL THIS MO. 304 CLEAR (SCALE 0-3) 17
DPTR FM NORMAL M PTCLDY (SCALE 4-7) 7
TOTAL FM JUL 1 329 CLOUDY (SCALE 8-10) 7
DPTR FM NORMAL M
[CDD (BASE 65) ]
TOTAL THIS MO. 5
DPTR FM NORMAL M [PRESSURE DATA]
TOTAL FM JAN 1 1180 HIGHEST SLP M ON M
DPTR FM NORMAL 1170 LOWEST SLP M ON M
[REMARKS]
#FINAL-10-21#