000
CXUS54 KEWX 021355
CF6AUS
PRELIMINARY LOCAL CLIMATOLOGICAL DATA (WS FORM: F-6)
STATION: AUSTIN BERGSTROM
MONTH: JUNE
YEAR: 2020
LATITUDE: 30 13 N
LONGITUDE: 97 40 W
TEMPERATURE IN F: :PCPN: SNOW: WIND :SUNSHINE: SKY :PK WND
================================================================================
1 2 3 4 5 6A 6B 7 8 9 10 11 12 13 14 15 16 17 18
12Z AVG MX 2MIN
DY MAX MIN AVG DEP HDD CDD WTR SNW DPTH SPD SPD DIR MIN PSBL S-S WX SPD DR
================================================================================
1 85 68 77 -2 0 12 T 0.0 0 5.0 14 140 M M 7 1 21 120
2 90 68 79 0 0 14 T 0.0 0 4.2 15 140 M M 6 1 19 140
3 92 71 82 3 0 17 0.00 0.0 0 6.3 21 140 M M 6 1 26 150
4 92 74 83 3 0 18 0.00 0.0 0 6.9 15 150 M M 4 18 150
5 93 75 84 4 0 19 0.00 0.0 0 6.3 14 150 M M 3 18 120
6 95 71 83 3 0 18 0.00 0.0 0 3.3 14 80 M M 2 1 20 70
7 95 73 84 4 0 19 0.00 0.0 0 4.2 13 40 M M 2 20 30
8 98 72 85 5 0 20 0.00 0.0 0 6.0 15 180 M M 1 22 190
9 98 76 87 7 0 22 T 0.0 0 9.3 18 180 M M 4 25 190
10 92 62 77 -3 0 12 0.00 0.0 0 9.7 21 30 M M 2 26 30
11 94 58 76 -5 0 11 0.00 0.0 0 4.6 17 50 M M 1 25 50
12 92 59 76 -5 0 11 0.00 0.0 0 4.5 16 40 M M 1 25 40
13 93 63 78 -3 0 13 0.00 0.0 0 4.6 16 70 M M 1 30 70
14 92 60 76 -5 0 11 0.00 0.0 0 3.7 13 140 M M 3 19 100
15 95 68 82 1 0 17 0.23 0.0 0 4.9 29 150 M M 5 138 37 150
16 93 71 82 1 0 17 0.00 0.0 M 6.7 16 140 M M 5 24 140
17 94 66 80 -1 0 15 0.00 0.0 0 9.4 20 150 M M 2 27 130
18 94 67 81 -1 0 16 T 0.0 0 9.9 21 150 M M 5 27 140
19 94 75 85 3 0 20 T 0.0 0 11.4 23 150 M M 5 32 150
20 94 70 82 0 0 17 0.53 0.0 0 8.3 17 160 M M 7 13 24 170
21 95 75 85 3 0 20 0.00 0.0 0 11.0 22 150 M M 6 29 150
22 93 77 85 3 0 20 T 0.0 0 11.1 22 150 M M 6 31 180
23 93 71 82 0 0 17 1.10 0.0 0 8.8 26 140 M M 8 13 33 350
24 84 74 79 -3 0 14 0.01 0.0 0 5.1 17 10 M M 8 21 10
25 93 71 82 0 0 17 0.00 0.0 0 5.2 25 150 M M 6 33 140
26 85 71 78 -4 0 13 0.66 0.0 0 8.2 25 150 M M 6 18 35 180
27 92 76 84 2 0 19 0.00 0.0 0 11.8 24 140 M M 8 18 36 150
28 88 76 82 0 0 17 0.19 0.0 0 11.9 25 180 M M 9 13 35 170
29 91 79 85 3 0 20 0.00 0.0 0 13.4 24 190 M M 9 34 170
30 93 79 86 4 0 21 T 0.0 0 13.1 22 190 M M 8 30 180
================================================================================
SM 2772 2116 0 497 2.72 0.0 228.8 M 146
================================================================================
AV 92.4 70.5 7.6 FASTST M M 5 MAX(MPH)
MISC ----> # 29 150 # 37 150
================================================================================
NOTES:
# LAST OF SEVERAL OCCURRENCES
COLUMN 17 PEAK WIND IN M.P.H.
PRELIMINARY LOCAL CLIMATOLOGICAL DATA (WS FORM: F-6) , PAGE 2
STATION: AUSTIN BERGSTROM
MONTH: JUNE
YEAR: 2020
LATITUDE: 30 13 N
LONGITUDE: 97 40 W
[TEMPERATURE DATA] [PRECIPITATION DATA] SYMBOLS USED IN COLUMN 16
AVERAGE MONTHLY: 81.5 TOTAL FOR MONTH: 2.72 1 = FOG OR MIST
DPTR FM NORMAL: 0.5 DPTR FM NORMAL: -1.91 2 = FOG REDUCING VISIBILITY
HIGHEST: 98 ON 9, 8 GRTST 24HR 1.10 ON 23-23 TO 1/4 MILE OR LESS
LOWEST: 58 ON 11 3 = THUNDER
SNOW, ICE PELLETS, HAIL 4 = ICE PELLETS
TOTAL MONTH: 0.0 INCH 5 = HAIL
GRTST 24HR 0.0 6 = FREEZING RAIN OR DRIZZLE
GRTST DEPTH: 0 7 = DUSTSTORM OR SANDSTORM:
VSBY 1/2 MILE OR LESS
8 = SMOKE OR HAZE
[NO. OF DAYS WITH] [WEATHER - DAYS WITH] 9 = BLOWING SNOW
X = TORNADO
MAX 32 OR BELOW: 0 0.01 INCH OR MORE: 6
MAX 90 OR ABOVE: 26 0.10 INCH OR MORE: 5
MIN 32 OR BELOW: 0 0.50 INCH OR MORE: 3
MIN 0 OR BELOW: 0 1.00 INCH OR MORE: 1
[HDD (BASE 65) ]
TOTAL THIS MO. 0 CLEAR (SCALE 0-3) 9
DPTR FM NORMAL 0 PTCLDY (SCALE 4-7) 18
TOTAL FM JUL 1 1568 CLOUDY (SCALE 8-10) 3
DPTR FM NORMAL -335
[CDD (BASE 65) ]
TOTAL THIS MO. 497
DPTR FM NORMAL 16 [PRESSURE DATA]
TOTAL FM JAN 1 1163 HIGHEST SLP 30.26 ON 12
DPTR FM NORMAL 175 LOWEST SLP 29.57 ON 8
[REMARKS]
#FINAL-06-20#