000
CXUS53 KGRB 041306
CF6AUW
PRELIMINARY LOCAL CLIMATOLOGICAL DATA (WS FORM: F-6)
STATION: WAUSAU WI
MONTH: AUGUST
YEAR: 2023
LATITUDE: 44 55 N
LONGITUDE: 89 37 W
TEMPERATURE IN F: :PCPN: SNOW: WIND :SUNSHINE: SKY :PK WND
================================================================================
1 2 3 4 5 6A 6B 7 8 9 10 11 12 13 14 15 16 17 18
12Z AVG MX 2MIN
DY MAX MIN AVG DEP HDD CDD WTR SNW DPTH SPD SPD DIR MIN PSBL S-S WX SPD DR
================================================================================
1 81 56 69 0 0 4 0.00 0.0 0 3.2 10 150 M M 0 1 14 160
2 86 62 74 5 0 9 0.00 0.0 0 4.9 13 240 M M 2 19 210
3 92 68 80 11 0 15 0.00 0.0 0 6.8 20 270 M M 2 1 25 280
4 85 61 73 4 0 8 T 0.0 0 4.8 12 60 M M 1 8 17 120
5 82 61 72 3 0 7 0.00 0.0 0 7.1 15 50 M M 2 20 70
6 81 58 70 1 0 5 0.00 0.0 0 4.0 13 100 M M 3 18 18 110
7 81 56 69 0 0 4 0.00 0.0 0 4.3 14 290 M M 2 25 270
8 84 59 72 3 0 7 0.00 0.0 0 6.4 13 270 M M 1 1 19 290
9 83 60 72 4 0 7 0.12 0.0 0 4.8 23 290 M M 4 138 32 280
10 78 59 69 1 0 4 0.00 0.0 0 6.4 15 280 M M 3 1 24 320
11 82 60 71 3 0 6 0.20 0.0 0 7.4 20 290 M M 6 13 32 270
12 80 62 71 3 0 6 0.00 0.0 0 8.9 18 260 M M 8 24 270
13 69 59 64 -4 1 0 0.01 0.0 0 4.9 10 40 M M 10 1 13 40
14 63 57 60 -8 5 0 0.80 0.0 0 6.8 16 60 M M 9 1 22 80
15 79 52 66 -2 0 1 0.00 0.0 0 6.3 15 240 M M 0 20 260
16 81 62 72 4 0 7 0.31 0.0 0 11.1 26 170 M M 1 13 38 170
17 70 56 63 -5 2 0 0.04 0.0 0 11.7 28 M M M M 13 46 310
18 75 51 63 -4 2 0 0.00 0.0 0 6.0 12 230 M M 0 18 19 200
19 86 59 73 6 0 8 0.00 0.0 0 8.8 18 170 M M 2 26 170
20 85 65 75 8 0 10 0.00 0.0 0 5.9 13 310 M M 0 17 10
21 72 59 66 -1 0 1 0.00 0.0 0 5.3 12 100 M M 6 18 90
22 86 64 75 8 0 10 0.00 0.0 0 9.4 17 170 M M 5 22 90
23 95 65 80 14 0 15 0.00 0.0 0 7.1 14 70 M M 4 128 19 250
24 87 67 77 11 0 12 0.00 0.0 0 7.3 15 320 M M 9 21 320
25 86 65 76 10 0 11 0.00 0.0 0 3.9 14 330 M M 6 21 330
26 71 54 63 -3 2 0 T 0.0 0 7.0 15 20 M M 6 24 360
27 76 46 61 -5 4 0 0.00 0.0 0 2.6 9 250 M M 0 14 250
28 80 50 65 0 0 0 0.33 0.0 0 4.5 22 280 M M 4 1 31 290
29 75 53 64 -1 1 0 0.00 0.0 0 8.1 16 330 M M 4 1 28 330
30 74 46 60 -5 5 0 0.00 0.0 0 3.8 10 320 M M 0 14 310
31 78 45 62 -3 3 0 0.00 0.0 0 6.5 14 110 M M 0 21 110
================================================================================
SM 2483 1797 25 157 1.81 0.0 196.0 M 100
================================================================================
AV 80.1 58.0 6.3 FASTST M M 3 MAX(MPH)
MISC ----> 28 9999 46 310
================================================================================
NOTES:
# LAST OF SEVERAL OCCURRENCES
COLUMN 17 PEAK WIND IN M.P.H.
PRELIMINARY LOCAL CLIMATOLOGICAL DATA (WS FORM: F-6) , PAGE 2
STATION: WAUSAU WI
MONTH: AUGUST
YEAR: 2023
LATITUDE: 44 55 N
LONGITUDE: 89 37 W
[TEMPERATURE DATA] [PRECIPITATION DATA] SYMBOLS USED IN COLUMN 16
AVERAGE MONTHLY: 69.0 TOTAL FOR MONTH: 1.81 1 = FOG OR MIST
DPTR FM NORMAL: 1.6 DPTR FM NORMAL: -2.26 2 = FOG REDUCING VISIBILITY
HIGHEST: 95 ON 23 GRTST 24HR 0.80 ON 14-14 TO 1/4 MILE OR LESS
LOWEST: 45 ON 31 3 = THUNDER
SNOW, ICE PELLETS, HAIL 4 = ICE PELLETS
TOTAL MONTH: 0.0 INCH 5 = HAIL
GRTST 24HR 0.0 6 = FREEZING RAIN OR DRIZZLE
GRTST DEPTH: 0 7 = DUSTSTORM OR SANDSTORM:
VSBY 1/2 MILE OR LESS
8 = SMOKE OR HAZE
[NO. OF DAYS WITH] [WEATHER - DAYS WITH] 9 = BLOWING SNOW
X = TORNADO
MAX 32 OR BELOW: 0 0.01 INCH OR MORE: 7
MAX 90 OR ABOVE: 2 0.10 INCH OR MORE: 5
MIN 32 OR BELOW: 0 0.50 INCH OR MORE: 1
MIN 0 OR BELOW: 0 1.00 INCH OR MORE: 0
[HDD (BASE 65) ]
TOTAL THIS MO. 25 CLEAR (SCALE 0-3) 17
DPTR FM NORMAL -15 PTCLDY (SCALE 4-7) 10
TOTAL FM JUL 1 33 CLOUDY (SCALE 8-10) 4
DPTR FM NORMAL -31
[CDD (BASE 65) ]
TOTAL THIS MO. 157
DPTR FM NORMAL 43 [PRESSURE DATA]
TOTAL FM JAN 1 509 HIGHEST SLP 30.32 ON 21
DPTR FM NORMAL 124 LOWEST SLP 29.51 ON 17
[REMARKS]
#FINAL-08-23#