000
CXUS53 KGRB 010915
CLMAUW
CLIMATE REPORT
NATIONAL WEATHER SERVICE GREEN BAY
415 AM CDT SAT JUL 01 2023
...................................
...THE WAUSAU WI CLIMATE SUMMARY FOR THE MONTH OF JUNE 2023...
CLIMATE NORMAL PERIOD: 1991 TO 2020
CLIMATE RECORD PERIOD: 1896 TO 2023
WEATHER OBSERVED NORMAL DEPART LAST YEAR`S
VALUE DATE(S) VALUE FROM VALUE DATE(S)
NORMAL
................................................................
TEMPERATURE (F)
RECORD
HIGH 100 06/27/1933
06/30/1931
06/29/1931
LOW 30 06/07/1924
HIGHEST 92 06/03 90 2 96 06/14
LOWEST 42 06/12 41 1 43 06/04
AVG. MAXIMUM 81.4 76.2 5.2 79.0
AVG. MINIMUM 56.5 54.5 2.0 57.6
MEAN 69.0 65.4 3.6 68.3
DAYS MAX >= 90 5 1.3 3.7 4
DAYS MAX <= 32 0 0.0 0.0 0
DAYS MIN <= 32 0 0.0 0.0 0
DAYS MIN <= 0 0 0.0 0.0 0
PRECIPITATION (INCHES)
RECORD
MAXIMUM 9.61 1930
MINIMUM 0.52 1976
TOTALS 2.11 4.67 -2.56 2.89
DAYS >= .01 10 12.8 -2.8 7
DAYS >= .10 4 8.1 -4.1 5
DAYS >= .50 2 3.1 -1.1
DAYS >= 1.00 0 1.1 -1.1 1
GREATEST
STORM TOTAL 0.83
(MM/DD(HH))
SNOWFALL (INCHES)
RECORDS
TOTAL 0.0 MM
24 HR TOTAL T MM
TOTALS 0.0 0.0 0.0 0.0
SINCE 7/1 90.8 64.3 26.5 MM
DAYS >= TRACE 0 0.0 0.0
DAYS >= 1.0 0 0.0 0.0 0
GREATEST
SNOW DEPTH 0 0 MM
24 HR TOTAL MM
DEGREE DAYS
HEATING TOTAL 34 78 -44 29
SINCE 7/1 7351 8175 -824 MM
COOLING TOTAL 163 88 75 133
SINCE 1/1 195 110 85 MM
................................................................
WIND (MPH)
AVERAGE WIND SPEED 6.1
HIGHEST WIND SPEED/DIRECTION 25/050 DATE 06/03
25/290 06/12
HIGHEST GUST SPEED/DIRECTION 36/060 DATE 06/03
SKY COVER
POSSIBLE SUNSHINE (PERCENT) MM
AVERAGE SKY COVER 0.37
NUMBER OF DAYS FAIR 17
NUMBER OF DAYS PC 8
NUMBER OF DAYS CLOUDY 5
AVERAGE RH (PERCENT) 59
WEATHER CONDITIONS. NUMBER OF DAYS WITH
THUNDERSTORM 4 MIXED PRECIP 0
HEAVY RAIN 2 RAIN 5
LIGHT RAIN 9 FREEZING RAIN 0
LT FREEZING RAIN 0 HAIL 0
HEAVY SNOW 0 SNOW 0
LIGHT SNOW 0 SLEET 0
FOG 10 FOG W/VIS <= 1/4 MILE 0
HAZE 15
- INDICATES NEGATIVE NUMBERS.
R INDICATES RECORD WAS SET OR TIED.
MM INDICATES DATA IS MISSING.
T INDICATES TRACE AMOUNT.
$$