000
CXUS52 KGSP 010817
CF6AVL
PRELIMINARY LOCAL CLIMATOLOGICAL DATA (WS FORM: F-6)
STATION: ASHEVILLE NC
MONTH: MAY
YEAR: 2021
LATITUDE: 35 25 N
LONGITUDE: 82 33 W
TEMPERATURE IN F: :PCPN: SNOW: WIND :SUNSHINE: SKY :PK WND
================================================================================
1 2 3 4 5 6A 6B 7 8 9 10 11 12 13 14 15 16 17 18
12Z AVG MX 2MIN
DY MAX MIN AVG DEP HDD CDD WTR SNW DPTH SPD SPD DIR MIN PSBL S-S WX SPD DR
================================================================================
1 76 49 63 2 2 0 0.00 0.0 0 6.2 17 350 M M 0 27 340
2 75 46 61 -1 4 0 0.00 0.0 0 5.6 20 210 M M 3 1 27 170
3 69 60 65 3 0 0 1.79 0.0 0 6.9 22 210 M M 6 1 27 200
4 71 57 64 2 1 0 0.48 0.0 0 4.3 15 360 M M 6 123 20 350
5 77 53 65 3 0 0 0.00 0.0 0 10.9 23 340 M M 4 32 340
6 66 45 56 -6 9 0 0.00 0.0 0 8.7 18 330 M M 2 24 340
7 62 42 52 -11 13 0 0.00 0.0 0 12.0 31 330 M M 3 42 350
8 68 38 53 -10 12 0 0.00 0.0 0 5.2 21 320 M M 5 26 300
9 75 45 60 -3 5 0 T 0.0 0 8.7 29 190 M M 2 37 210
10 76 55 66 3 0 1 0.04 0.0 0 7.6 18 340 M M 3 1 26 340
11 68 50 59 -5 6 0 0.00 0.0 0 3.5 13 160 M M 7 17 160
12 59 45 52 -12 13 0 0.57 0.0 0 3.6 13 330 M M 10 1 15 330
13 65 43 54 -10 11 0 0.01 0.0 0 3.0 8 130 M M 7 1 12 120
14 64 46 55 -9 10 0 T 0.0 0 2.0 16 210 M M 9 8 21 220
15 71 45 58 -6 7 0 0.00 0.0 0 2.5 10 180 M M 5 15 220
16 72 53 63 -2 2 0 0.00 0.0 0 2.4 10 330 M M 8 8 15 330
17 74 50 62 -3 3 0 0.00 0.0 0 3.8 13 160 M M 4 1 18 170
18 68 58 63 -2 2 0 0.00 0.0 0 3.7 9 150 M M 3 13 150
19 74 53 64 -1 1 0 0.00 0.0 0 3.9 13 170 M M 3 12 20 170
20 77 53 65 -1 0 0 0.00 0.0 0 3.7 15 160 M M 3 8 20 170
21 80 51 66 0 0 1 0.00 0.0 0 3.1 15 160 M M 1 8 18 160
22 83 52 68 2 0 3 0.00 0.0 0 3.6 18 330 M M 0 1 23 320
23 85 56 71 5 0 6 0.00 0.0 0 5.8 17 340 M M 0 23 340
24 88 56 72 5 0 7 0.00 0.0 0 2.9 13 330 M M 2 8 16 340
25 86 59 73 6 0 8 T 0.0 0 3.3 14 340 M M 2 8 19 190
26 88 59 74 7 0 9 T 0.0 0 3.8 17 330 M M 3 18 21 330
27 84 56 70 3 0 5 T 0.0 0 4.5 15 220 M M 4 8 20 220
28 84 63 74 6 0 9 0.48 0.0 0 6.1 26 220 M M 6 128 37 210
29 71 54 63 -5 2 0 T 0.0 0 9.6 24 340 M M 7 34 330
30 66 51 59 -9 6 0 0.00 0.0 0 10.6 22 340 M M 6 30 340
31 73 47 60 -8 5 0 0.00 0.0 0 3.6 14 180 M M 1 17 180
================================================================================
SM 2295 1590 114 49 3.37 0.0 165.1 M 125
================================================================================
AV 74.0 51.3 5.3 FASTST M M 4 MAX(MPH)
MISC ----> 31 330 42 350
================================================================================
NOTES:
# LAST OF SEVERAL OCCURRENCES
COLUMN 17 PEAK WIND IN M.P.H.
PRELIMINARY LOCAL CLIMATOLOGICAL DATA (WS FORM: F-6) , PAGE 2
STATION: ASHEVILLE NC
MONTH: MAY
YEAR: 2021
LATITUDE: 35 25 N
LONGITUDE: 82 33 W
[TEMPERATURE DATA] [PRECIPITATION DATA] SYMBOLS USED IN COLUMN 16
AVERAGE MONTHLY: 62.7 TOTAL FOR MONTH: 3.37 1 = FOG OR MIST
DPTR FM NORMAL: -2.1 DPTR FM NORMAL: -0.76 2 = FOG REDUCING VISIBILITY
HIGHEST: 88 ON 26,24 GRTST 24HR 1.80 ON 2- 3 TO 1/4 MILE OR LESS
LOWEST: 38 ON 8 3 = THUNDER
SNOW, ICE PELLETS, HAIL 4 = ICE PELLETS
TOTAL MONTH: 0.0 INCH 5 = HAIL
GRTST 24HR 0.0 6 = FREEZING RAIN OR DRIZZLE
GRTST DEPTH: 0 7 = DUSTSTORM OR SANDSTORM:
VSBY 1/2 MILE OR LESS
8 = SMOKE OR HAZE
[NO. OF DAYS WITH] [WEATHER - DAYS WITH] 9 = BLOWING SNOW
X = TORNADO
MAX 32 OR BELOW: 0 0.01 INCH OR MORE: 6
MAX 90 OR ABOVE: 0 0.10 INCH OR MORE: 4
MIN 32 OR BELOW: 0 0.50 INCH OR MORE: 2
MIN 0 OR BELOW: 0 1.00 INCH OR MORE: 1
[HDD (BASE 65) ]
TOTAL THIS MO. 114 CLEAR (SCALE 0-3) 14
DPTR FM NORMAL 30 PTCLDY (SCALE 4-7) 15
TOTAL FM JUL 1 3705 CLOUDY (SCALE 8-10) 2
DPTR FM NORMAL -128
[CDD (BASE 65) ]
TOTAL THIS MO. 49
DPTR FM NORMAL -27 [PRESSURE DATA]
TOTAL FM JAN 1 61 HIGHEST SLP 30.48 ON 21
DPTR FM NORMAL -30 LOWEST SLP 29.72 ON 29
[REMARKS]
#FINAL-05-21#