000
CXUS54 KEWX 181010
CF6BAZ
PRELIMINARY LOCAL CLIMATOLOGICAL DATA (WS FORM: F-6)
STATION: NEW BRAUNFELS
MONTH: MARCH
YEAR: 2024
LATITUDE: 29 43 N
LONGITUDE: 98 3 W
TEMPERATURE IN F: :PCPN: SNOW: WIND :SUNSHINE: SKY :PK WND
================================================================================
1 2 3 4 5 6A 6B 7 8 9 10 11 12 13 14 15 16 17 18
12Z AVG MX 2MIN
DY MAX MIN AVG DEP HDD CDD WTR SNW DPTH SPD SPD DIR MIN PSBL S-S WX SPD DR
================================================================================
1 69 45 57 -2 8 0 0.00 M M 4.2 12 180 M M 6 18 15 210
2 81 41 61 2 4 0 0.00 M M 8.3 15 160 M M 1 12 21 190
3 80 63 72 13 0 7 0.00 M M 9.4 20 180 M M 9 18 25 200
4 83 64 74 14 0 9 0.00 M M 9.0 17 170 M M 6 18 23 200
5 92 55 74 14 0 9 0.00 M M 4.1 15 280 M M 2 128 18 280
6 83 53 68 8 0 3 0.00 M M 6.2 16 160 M M 2 18 22 170
7 77 66 72 12 0 7 0.00 0.0 0 9.6 21 150 M M 9 18 26 140
8 85 53 69 8 0 4 0.00 0.0 0 12.8 30 360 M M 4 12 38 350
9 64 48 56 -5 9 0 0.00 M M 15.3 29 10 M M 3 37 10
10 67 39 53 -8 12 0 0.00 M M 6.4 13 10 M M 0 17 60
11 75 49 62 1 3 0 0.00 M M 6.2 15 130 M M 5 8 18 210
12 78 52 65 3 0 0 0.00 0.0 0 8.0 20 190 M M 9 12 27 180
13 88 67 78 16 0 13 0.00 M M 12.5 24 140 M M 8 1 32 140
14 80 69 75 13 0 10 0.00 M M 12.6 26 180 M M 10 18 31 160
15 80 66 73 11 0 8 0.00 M M 12.0 24 20 M M 10 13 32 30
16 82 63 73 10 0 8 0.00 M M 9.0 18 50 M M 8 18 25 50
17 69 58 64 1 1 0 0.00 M M 11.8 38 340 M M 8 13 51 340
================================================================================
SM 1333 951 37 78 0.00 0.0 157.4 M 100
================================================================================
AV 78.4 55.9 9.3 FASTST M M 6 MAX(MPH)
MISC ----> 38 340 51 340
================================================================================
NOTES:
# LAST OF SEVERAL OCCURRENCES
COLUMN 17 PEAK WIND IN M.P.H.
PRELIMINARY LOCAL CLIMATOLOGICAL DATA (WS FORM: F-6) , PAGE 2
STATION: NEW BRAUNFELS
MONTH: MARCH
YEAR: 2024
LATITUDE: 29 43 N
LONGITUDE: 98 3 W
[TEMPERATURE DATA] [PRECIPITATION DATA] SYMBOLS USED IN COLUMN 16
AVERAGE MONTHLY: 67.2 TOTAL FOR MONTH: 0.00 1 = FOG OR MIST
DPTR FM NORMAL: 6.3 DPTR FM NORMAL: -1.35 2 = FOG REDUCING VISIBILITY
HIGHEST: 92 ON 5 GRTST 24HR 0.00 ON 1- 1 TO 1/4 MILE OR LESS
LOWEST: 39 ON 10 3 = THUNDER
SNOW, ICE PELLETS, HAIL 4 = ICE PELLETS
TOTAL MONTH: 0.0 INCH 5 = HAIL
GRTST 24HR 0.0 6 = FREEZING RAIN OR DRIZZLE
GRTST DEPTH: 0 7 = DUSTSTORM OR SANDSTORM:
VSBY 1/2 MILE OR LESS
8 = SMOKE OR HAZE
[NO. OF DAYS WITH] [WEATHER - DAYS WITH] 9 = BLOWING SNOW
X = TORNADO
MAX 32 OR BELOW: 0 0.01 INCH OR MORE: 0
MAX 90 OR ABOVE: 1 0.10 INCH OR MORE: 0
MIN 32 OR BELOW: 0 0.50 INCH OR MORE: 0
MIN 0 OR BELOW: 0 1.00 INCH OR MORE: 0
[HDD (BASE 65) ]
TOTAL THIS MO. 37 CLEAR (SCALE 0-3) 5
DPTR FM NORMAL -62 PTCLDY (SCALE 4-7) 7
TOTAL FM JUL 1 1117 CLOUDY (SCALE 8-10) 5
DPTR FM NORMAL -248
[CDD (BASE 65) ]
TOTAL THIS MO. 78
DPTR FM NORMAL 44 [PRESSURE DATA]
TOTAL FM JAN 1 114 HIGHEST SLP M ON M
DPTR FM NORMAL 45 LOWEST SLP 29.60 ON 7
[REMARKS]