000
CXUS54 KEWX 011110
CF6BAZ
PRELIMINARY LOCAL CLIMATOLOGICAL DATA (WS FORM: F-6)
STATION: NEW BRAUNFELS
MONTH: FEBRUARY
YEAR: 2023
LATITUDE: 29 43 N
LONGITUDE: 98 3 W
TEMPERATURE IN F: :PCPN: SNOW: WIND :SUNSHINE: SKY :PK WND
================================================================================
1 2 3 4 5 6A 6B 7 8 9 10 11 12 13 14 15 16 17 18
12Z AVG MX 2MIN
DY MAX MIN AVG DEP HDD CDD WTR SNW DPTH SPD SPD DIR MIN PSBL S-S WX SPD DR
================================================================================
1 35 32 34 -20 31 0 0.58 M M 12.2 20 20 M M 10 16 27 10
2 44 34 39 -15 26 0 0.13 M M 11.7 20 360 M M 10 13 26 350
3 54 34 44 -10 21 0 0.00 M M 9.1 20 30 M M 3 18 26 20
4 64 33 49 -5 16 0 0.00 M M 4.8 17 200 M M 4 12 23 200
5 74 39 57 3 8 0 0.00 M M 6.0 17 200 M M 2 128 23 210
6 77 52 65 11 0 0 0.00 M M 13.1 26 190 M M 7 12 36 180
7 74 55 65 10 0 0 0.19 M M 12.4 20 340 M M 10 1 26 160
8 64 45 55 0 10 0 0.38 M M 9.8 20 310 M M 6 1 25 310
9 72 39 56 1 9 0 0.00 M M 8.1 16 200 M M 0 1 22 190
10 57 39 48 -7 17 0 0.00 M M 18.4 30 360 M M 3 41 340
11 62 27 45 -10 20 0 0.00 M M 8.3 22 330 M M 0 32 330
12 65 32 49 -7 16 0 0.00 M M 6.4 16 220 M M 0 20 220
13 74 41 58 2 7 0 T M M 10.7 24 160 M M 3 1 30 170
14 82 48 65 9 0 0 0.08 M M 11.5 25 180 M M 4 1 33 180
15 81 42 62 6 3 0 0.00 M M 8.7 25 160 M M 5 128 30 160
16 71 44 58 2 7 0 T 0.0 0 18.5 32 10 M M 8 1 40 20
17 57 35 46 -10 19 0 0.00 0.0 0 11.5 21 10 M M 0 31 40
18 58 31 45 -12 20 0 0.00 M M 5.5 16 160 M M 0 22 160
19 75 45 60 3 5 0 0.00 M M 7.5 18 220 M M 2 18 25 220
20 81 56 69 12 0 4 0.00 M M 9.1 22 200 M M 4 30 220
21 86 54 70 13 0 5 0.00 0.0 0 12.0 26 160 M M 4 12 33 160
22 90 64 77 20 0 12 0.01 0.0 0 12.2 26 180 M M 4 1 37 190
23 80 57 69 11 0 4 0.00 M M 11.4 23 30 M M 7 128 30 30
24 63 53 58 0 7 0 0.00 M 0 12.9 21 20 M M 10 8 26 10
25 69 49 59 1 6 0 T M M 10.6 17 20 M M 8 18 21 20
26 82 58 70 12 0 5 T M M 13.3 28 180 M M 9 128 36 170
27 87 54 71 13 0 6 0.00 M M 7.7 18 350 M M 4 24 340
28 84 50 67 8 0 2 0.00 M M 4.5 20 150 M M 4 12 24 140
================================================================================
SM 1962 1242 248 38 1.37 0.0 287.9 M 131
================================================================================
AV 70.1 44.4 10.3 FASTST M M 5 MAX(MPH)
MISC ----> 32 10 41 340
================================================================================
NOTES:
# LAST OF SEVERAL OCCURRENCES
COLUMN 17 PEAK WIND IN M.P.H.
PRELIMINARY LOCAL CLIMATOLOGICAL DATA (WS FORM: F-6) , PAGE 2
STATION: NEW BRAUNFELS
MONTH: FEBRUARY
YEAR: 2023
LATITUDE: 29 43 N
LONGITUDE: 98 3 W
[TEMPERATURE DATA] [PRECIPITATION DATA] SYMBOLS USED IN COLUMN 16
AVERAGE MONTHLY: 57.2 TOTAL FOR MONTH: 1.37 1 = FOG OR MIST
DPTR FM NORMAL: 1.2 DPTR FM NORMAL: -0.35 2 = FOG REDUCING VISIBILITY
HIGHEST: 90 ON 22 GRTST 24HR 0.59 ON 1- 2 TO 1/4 MILE OR LESS
LOWEST: 27 ON 11 3 = THUNDER
SNOW, ICE PELLETS, HAIL 4 = ICE PELLETS
TOTAL MONTH: 0.0 INCH 5 = HAIL
GRTST 24HR 0.0 6 = FREEZING RAIN OR DRIZZLE
GRTST DEPTH: 0 7 = DUSTSTORM OR SANDSTORM:
VSBY 1/2 MILE OR LESS
8 = SMOKE OR HAZE
[NO. OF DAYS WITH] [WEATHER - DAYS WITH] 9 = BLOWING SNOW
X = TORNADO
MAX 32 OR BELOW: 0 0.01 INCH OR MORE: 6
MAX 90 OR ABOVE: 1 0.10 INCH OR MORE: 4
MIN 32 OR BELOW: 4 0.50 INCH OR MORE: 1
MIN 0 OR BELOW: 0 1.00 INCH OR MORE: 0
[HDD (BASE 65) ]
TOTAL THIS MO. 248 CLEAR (SCALE 0-3) 9
DPTR FM NORMAL -27 PTCLDY (SCALE 4-7) 13
TOTAL FM JUL 1 1091 CLOUDY (SCALE 8-10) 6
DPTR FM NORMAL -175
[CDD (BASE 65) ]
TOTAL THIS MO. 38
DPTR FM NORMAL 13 [PRESSURE DATA]
TOTAL FM JAN 1 60 HIGHEST SLP 30.58 ON 3
DPTR FM NORMAL 23 LOWEST SLP 29.52 ON 22
[REMARKS]
#FINAL-02-23#