000
CXUS54 KEWX 011110
CF6BAZ
PRELIMINARY LOCAL CLIMATOLOGICAL DATA (WS FORM: F-6)
STATION: NEW BRAUNFELS
MONTH: DECEMBER
YEAR: 2022
LATITUDE: 29 43 N
LONGITUDE: 98 3 W
TEMPERATURE IN F: :PCPN: SNOW: WIND :SUNSHINE: SKY :PK WND
================================================================================
1 2 3 4 5 6A 6B 7 8 9 10 11 12 13 14 15 16 17 18
12Z AVG MX 2MIN
DY MAX MIN AVG DEP HDD CDD WTR SNW DPTH SPD SPD DIR MIN PSBL S-S WX SPD DR
================================================================================
1 53 41 47 -9 18 0 T M M 7.2 14 60 M M 8 18 18 50
2 68 52 60 4 5 0 0.02 M M 5.0 14 220 M M 10 1 21 220
3 67 56 62 6 3 0 0.00 M M 8.6 20 350 M M 10 1 25 360
4 58 52 55 -1 10 0 T M M 5.7 16 10 M M 10 18 20 20
5 78 57 68 13 0 3 0.00 M M 7.4 23 220 M M 9 128 30 220
6 83 65 74 19 0 9 T M M 8.8 17 180 M M 9 1 22 170
7 82 69 76 21 0 11 T M M 11.2 22 180 M M 8 18 27 180
8 82 67 75 20 0 10 0.00 0.0 0 9.4 18 190 M M 7 18 23 190
9 82 66 74 20 0 9 0.00 0.0 0 6.4 17 160 M M 7 18 23 160
10 82 70 76 22 0 11 0.01 M M 8.8 18 170 M M 8 18 24 180
11 72 59 66 12 0 1 0.36 M M 10.8 20 30 M M 5 13 28 20
12 74 60 67 13 0 2 T M M 9.8 21 160 M M 10 12 29 170
13 81 63 72 18 0 7 0.01 0.0 0 10.8 21 190 M M 8 1 27 200
14 71 44 58 4 7 0 T 0.0 0 12.1 28 300 M M 5 38 290
15 65 35 50 -3 15 0 0.00 M M 5.0 18 20 M M 0 21 20
16 65 42 54 1 11 0 0.00 M M 9.4 23 20 M M 4 29 30
17 60 41 51 -2 14 0 0.00 M M 6.0 14 30 M M 0 19 30
18 54 32 43 -10 22 0 0.00 M M 6.6 12 110 M M 6 16 120
19 51 45 48 -5 17 0 0.30 M M 9.7 17 30 M M 10 13 23 40
20 55 44 50 -3 15 0 0.00 M M 10.3 17 10 M M 10 1 22 20
21 51 36 44 -8 21 0 0.00 M M 4.3 9 200 M M 5 18 12 60
22 65 20 43 -9 22 0 0.00 M M 16.7 35 10 M M 7 1 46 360
23 34 16 25 -27 40 0 0.00 M M 15.6 30 10 M M 0 39 10
24 41 18 30 -22 35 0 0.00 M M 5.4 16 30 M M 0 20 20
25 52 21 37 -15 28 0 0.00 M M 6.0 12 200 M M 0 25 210
26 67 26 47 -5 18 0 0.00 M M 6.8 14 240 M M 0 19 260
27 60 28 44 -8 21 0 0.00 M M 5.8 14 60 M M 0 8 18 60
28 77 36 57 5 8 0 T M M 9.5 23 190 M M 1 30 190
29 76 59 68 16 0 3 0.00 0.0 M 7.3 15 190 M M 7 8 19 190
30 70 50 60 8 5 0 0.00 M M 6.0 16 40 M M 3 21 40
31 78 40 59 7 6 0 0.00 M M 9.2 23 230 M M 0 29 220
================================================================================
SM 2054 1410 341 66 0.70 0.0 261.6 M 167
================================================================================
AV 66.3 45.5 8.4 FASTST M M 5 MAX(MPH)
MISC ----> 35 10 46 360
================================================================================
NOTES:
# LAST OF SEVERAL OCCURRENCES
COLUMN 17 PEAK WIND IN M.P.H.
PRELIMINARY LOCAL CLIMATOLOGICAL DATA (WS FORM: F-6) , PAGE 2
STATION: NEW BRAUNFELS
MONTH: DECEMBER
YEAR: 2022
LATITUDE: 29 43 N
LONGITUDE: 98 3 W
[TEMPERATURE DATA] [PRECIPITATION DATA] SYMBOLS USED IN COLUMN 16
AVERAGE MONTHLY: 55.9 TOTAL FOR MONTH: 0.70 1 = FOG OR MIST
DPTR FM NORMAL: 2.4 DPTR FM NORMAL: -1.72 2 = FOG REDUCING VISIBILITY
HIGHEST: 83 ON 6 GRTST 24HR 0.37 ON 10-11 TO 1/4 MILE OR LESS
LOWEST: 16 ON 23 3 = THUNDER
SNOW, ICE PELLETS, HAIL 4 = ICE PELLETS
TOTAL MONTH: 0.0 INCH 5 = HAIL
GRTST 24HR 0.0 6 = FREEZING RAIN OR DRIZZLE
GRTST DEPTH: 0 7 = DUSTSTORM OR SANDSTORM:
VSBY 1/2 MILE OR LESS
8 = SMOKE OR HAZE
[NO. OF DAYS WITH] [WEATHER - DAYS WITH] 9 = BLOWING SNOW
X = TORNADO
MAX 32 OR BELOW: 0 0.01 INCH OR MORE: 5
MAX 90 OR ABOVE: 0 0.10 INCH OR MORE: 2
MIN 32 OR BELOW: 7 0.50 INCH OR MORE: 0
MIN 0 OR BELOW: 0 1.00 INCH OR MORE: 0
[HDD (BASE 65) ]
TOTAL THIS MO. 341 CLEAR (SCALE 0-3) 9
DPTR FM NORMAL -31 PTCLDY (SCALE 4-7) 13
TOTAL FM JUL 1 571 CLOUDY (SCALE 8-10) 9
DPTR FM NORMAL -16
[CDD (BASE 65) ]
TOTAL THIS MO. 66
DPTR FM NORMAL 51 [PRESSURE DATA]
TOTAL FM JAN 1 3883 HIGHEST SLP 30.77 ON 23
DPTR FM NORMAL 739 LOWEST SLP 29.61 ON 13
[REMARKS]
#FINAL-12-22#