000
CXUS54 KEWX 011010
CF6BAZ
PRELIMINARY LOCAL CLIMATOLOGICAL DATA (WS FORM: F-6)
STATION: NEW BRAUNFELS
MONTH: OCTOBER
YEAR: 2022
LATITUDE: 29 43 N
LONGITUDE: 98 3 W
TEMPERATURE IN F: :PCPN: SNOW: WIND :SUNSHINE: SKY :PK WND
================================================================================
1 2 3 4 5 6A 6B 7 8 9 10 11 12 13 14 15 16 17 18
12Z AVG MX 2MIN
DY MAX MIN AVG DEP HDD CDD WTR SNW DPTH SPD SPD DIR MIN PSBL S-S WX SPD DR
================================================================================
1 90 57 74 -2 0 9 0.00 M M 4.7 15 60 M M 0 20 60
2 86 56 71 -5 0 6 0.00 M M 4.3 13 30 M M 0 20 50
3 89 62 76 1 0 11 0.00 M M 4.7 12 60 M M 0 17 60
4 89 64 77 2 0 12 0.00 0.0 0 3.9 15 140 M M 0 19 130
5 91 58 75 0 0 10 0.00 0.0 0 4.1 15 90 M M 1 25 100
6 92 62 77 3 0 12 0.00 M M 4.6 15 30 M M 0 22 50
7 86 67 77 3 0 12 0.00 M M 3.6 10 160 M M 0 15 110
8 92 61 77 3 0 12 T M M 9.2 17 100 M M 1 23 80
9 90 65 78 4 0 13 0.00 M M 7.2 17 160 M M 1 24 160
10 90 62 76 3 0 11 0.00 M M 9.4 20 140 M M 0 25 170
11 90 62 76 3 0 11 0.00 M M 8.1 18 170 M M 3 30 200
12 96 70 83 10 0 18 T M M 6.6 17 240 M M 4 23 210
13 92 70 81 9 0 16 0.00 M M 10.4 20 50 M M 0 26 40
14 91 67 79 7 0 14 0.00 M M 8.3 21 150 M M 4 27 160
15 94 72 83 11 0 18 0.00 M M 10.1 22 170 M M 5 18 28 160
16 93 73 83 12 0 18 T M M 7.9 23 30 M M 6 1 30 20
17 76 61 69 -2 0 4 0.27 M M 14.5 24 20 M M 7 1 34 40
18 73 51 62 -9 3 0 0.00 M M 11.9 21 30 M M 5 27 20
19 76 44 60 -10 5 0 0.00 M M 5.0 12 170 M M 0 19 240
20 83 48 66 -4 0 1 0.00 0.0 M 8.6 20 230 M M 0 28 210
21 87 53 70 0 0 5 0.00 0.0 M 11.2 20 180 M M 0 27 180
22 88 60 74 5 0 9 0.00 M M 13.1 25 170 M M 3 39 170
23 89 62 76 7 0 11 0.00 M M 15.5 26 140 M M 5 1 35 180
24 89 61 75 6 0 10 0.33 M M 15.9 35 310 M M 8 138 46 310
25 79 52 66 -2 0 1 0.00 0.0 M 8.8 22 340 M M 1 29 320
26 79 46 63 -5 2 0 0.00 M M 5.8 13 130 M M 0 18 140
27 83 49 66 -2 0 1 0.02 M M 8.5 20 150 M M 5 27 150
28 72 58 65 -2 0 0 0.40 M M 11.1 22 330 M M 7 13 30 300
29 74 54 64 -3 1 0 0.00 M M 10.9 22 340 M M 4 29 330
30 79 50 65 -1 0 0 0.00 M M 5.0 13 320 M M 0 20 10
31 81 53 67 1 0 2 T M M 4.4 14 130 M M 2 3 19 130
================================================================================
SM 2659 1830 11 247 1.02 0.0 257.3 M 72
================================================================================
AV 85.8 59.0 8.3 FASTST M M 2 MAX(MPH)
MISC ----> 35 310 46 310
================================================================================
NOTES:
# LAST OF SEVERAL OCCURRENCES
COLUMN 17 PEAK WIND IN M.P.H.
PRELIMINARY LOCAL CLIMATOLOGICAL DATA (WS FORM: F-6) , PAGE 2
STATION: NEW BRAUNFELS
MONTH: OCTOBER
YEAR: 2022
LATITUDE: 29 43 N
LONGITUDE: 98 3 W
[TEMPERATURE DATA] [PRECIPITATION DATA] SYMBOLS USED IN COLUMN 16
AVERAGE MONTHLY: 72.4 TOTAL FOR MONTH: 1.02 1 = FOG OR MIST
DPTR FM NORMAL: 1.1 DPTR FM NORMAL: -2.28 2 = FOG REDUCING VISIBILITY
HIGHEST: 96 ON 12 GRTST 24HR 0.42 ON 27-28 TO 1/4 MILE OR LESS
LOWEST: 44 ON 19 3 = THUNDER
SNOW, ICE PELLETS, HAIL 4 = ICE PELLETS
TOTAL MONTH: 0.0 INCH 5 = HAIL
GRTST 24HR 0.0 6 = FREEZING RAIN OR DRIZZLE
GRTST DEPTH: 0 7 = DUSTSTORM OR SANDSTORM:
VSBY 1/2 MILE OR LESS
8 = SMOKE OR HAZE
[NO. OF DAYS WITH] [WEATHER - DAYS WITH] 9 = BLOWING SNOW
X = TORNADO
MAX 32 OR BELOW: 0 0.01 INCH OR MORE: 4
MAX 90 OR ABOVE: 12 0.10 INCH OR MORE: 3
MIN 32 OR BELOW: 0 0.50 INCH OR MORE: 0
MIN 0 OR BELOW: 0 1.00 INCH OR MORE: 0
[HDD (BASE 65) ]
TOTAL THIS MO. 11 CLEAR (SCALE 0-3) 20
DPTR FM NORMAL -21 PTCLDY (SCALE 4-7) 10
TOTAL FM JUL 1 11 CLOUDY (SCALE 8-10) 1
DPTR FM NORMAL -20
[CDD (BASE 65) ]
TOTAL THIS MO. 247
DPTR FM NORMAL 21 [PRESSURE DATA]
TOTAL FM JAN 1 3726 HIGHEST SLP 30.36 ON 19
DPTR FM NORMAL 658 LOWEST SLP 29.62 ON 24
[REMARKS]
#FINAL-10-22#