000
CXUS54 KEWX 011010
CF6BAZ
PRELIMINARY LOCAL CLIMATOLOGICAL DATA (WS FORM: F-6)
STATION: NEW BRAUNFELS
MONTH: SEPTEMBER
YEAR: 2022
LATITUDE: 29 43 N
LONGITUDE: 98 3 W
TEMPERATURE IN F: :PCPN: SNOW: WIND :SUNSHINE: SKY :PK WND
================================================================================
1 2 3 4 5 6A 6B 7 8 9 10 11 12 13 14 15 16 17 18
12Z AVG MX 2MIN
DY MAX MIN AVG DEP HDD CDD WTR SNW DPTH SPD SPD DIR MIN PSBL S-S WX SPD DR
================================================================================
1 95 74 85 2 0 20 0.00 M M 5.5 16 80 M M 3 22 80
2 96 72 84 1 0 19 0.00 M M 5.3 17 140 M M 4 18 23 120
3 94 74 84 1 0 19 0.11 M M 4.9 25 130 M M 5 32 130
4 88 73 81 -2 0 16 0.00 M M 4.6 10 210 M M 1 13 200
5 94 69 82 0 0 17 0.00 M M 5.4 20 170 M M 2 27 170
6 96 71 84 2 0 19 0.00 M M 7.0 18 160 M M 2 23 160
7 96 73 85 3 0 20 T M M 4.8 24 30 M M 1 3 35 30
8 98 70 84 2 0 19 0.00 M M 5.9 16 20 M M 0 24 20
9 96 69 83 1 0 18 0.00 M M 4.9 23 130 M M 3 18 36 90
10 96 71 84 3 0 19 0.00 M M 4.9 16 130 M M 4 1 21 130
11 97 71 84 3 0 19 0.00 M M 7.6 20 40 M M 2 26 30
12 94 68 81 0 0 16 0.00 0.0 0 5.3 13 60 M M 0 18 50
13 96 70 83 3 0 18 0.00 M M 3.4 24 140 M M 3 32 150
14 94 67 81 1 0 16 0.00 M M 4.5 15 110 M M 2 8 22 160
15 95 65 80 0 0 15 0.00 M M 7.1 24 140 M M 3 31 130
16 96 73 85 5 0 20 0.00 M M 7.2 18 160 M M 5 1 24 150
17 98 73 86 6 0 21 0.00 M M 9.1 20 170 M M 3 26 170
18 98 70 84 5 0 19 0.00 M M 6.3 18 160 M M 3 18 24 150
19 98 73 86 7 0 21 0.00 M M 6.4 20 130 M M 4 25 170
20 97 72 85 6 0 20 0.00 0.0 M 5.8 20 160 M M 3 24 150
21 98 70 84 5 0 19 0.00 0.0 M 5.3 17 120 M M 0 24 110
22 100 68 84 6 0 19 0.00 M M 5.3 14 100 M M 0 18 60
23 100 72 86 8 0 21 0.00 M M 7.6 17 170 M M 1 23 170
24 93 68 81 3 0 16 0.00 M M 5.9 21 140 M M 3 26 160
25 97 72 85 7 0 20 0.00 M M 4.3 14 80 M M 2 18 90
26 96 70 83 6 0 18 0.00 M M 12.1 23 20 M M 0 33 30
27 92 58 75 -2 0 10 0.00 M M 7.9 17 60 M M 0 24 70
28 95 60 78 1 0 13 0.00 M M 5.7 15 130 M M 0 24 130
29 M M M M M M 0.00 0.0 0 4.3 12 140 M M 0 8 17 130
30 91 61 76 0 0 11 0.00 0.0 0 6.4 15 70 M M 0 23 40
================================================================================
SM 2774 2017 0 518 0.11 0.0 180.7 M 59
================================================================================
AV 95.7 69.6 6.0 FASTST M M 2 MAX(MPH)
MISC ----> 25 130 36 90
================================================================================
NOTES:
# LAST OF SEVERAL OCCURRENCES
COLUMN 17 PEAK WIND IN M.P.H.
PRELIMINARY LOCAL CLIMATOLOGICAL DATA (WS FORM: F-6) , PAGE 2
STATION: NEW BRAUNFELS
MONTH: SEPTEMBER
YEAR: 2022
LATITUDE: 29 43 N
LONGITUDE: 98 3 W
[TEMPERATURE DATA] [PRECIPITATION DATA] SYMBOLS USED IN COLUMN 16
AVERAGE MONTHLY: 82.6 TOTAL FOR MONTH: 0.11 1 = FOG OR MIST
DPTR FM NORMAL: 2.7 DPTR FM NORMAL: -3.34 2 = FOG REDUCING VISIBILITY
HIGHEST: 100 ON 23,22 GRTST 24HR 0.11 ON 3- 3 TO 1/4 MILE OR LESS
LOWEST: 58 ON 27 3 = THUNDER
SNOW, ICE PELLETS, HAIL 4 = ICE PELLETS
TOTAL MONTH: 0.0 INCH 5 = HAIL
GRTST 24HR 0.0 6 = FREEZING RAIN OR DRIZZLE
GRTST DEPTH: 0 7 = DUSTSTORM OR SANDSTORM:
VSBY 1/2 MILE OR LESS
8 = SMOKE OR HAZE
[NO. OF DAYS WITH] [WEATHER - DAYS WITH] 9 = BLOWING SNOW
X = TORNADO
MAX 32 OR BELOW: 0 0.01 INCH OR MORE: 1
MAX 90 OR ABOVE: 28 0.10 INCH OR MORE: 1
MIN 32 OR BELOW: 0 0.50 INCH OR MORE: 0
MIN 0 OR BELOW: 0 1.00 INCH OR MORE: 0
[HDD (BASE 65) ]
TOTAL THIS MO. 0 CLEAR (SCALE 0-3) 22
DPTR FM NORMAL -1 PTCLDY (SCALE 4-7) 8
TOTAL FM JUL 1 0 CLOUDY (SCALE 8-10) 0
DPTR FM NORMAL 0
[CDD (BASE 65) ]
TOTAL THIS MO. 518
DPTR FM NORMAL 72 [PRESSURE DATA]
TOTAL FM JAN 1 3479 HIGHEST SLP 30.24 ON 28
DPTR FM NORMAL 637 LOWEST SLP 29.66 ON 9
[REMARKS]
#FINAL-09-22#