000
CXUS54 KEWX 051820
CF6BAZ
PRELIMINARY LOCAL CLIMATOLOGICAL DATA (WS FORM: F-6)
STATION: NEW BRAUNFELS
MONTH: JULY
YEAR: 2022
LATITUDE: 29 43 N
LONGITUDE: 98 3 W
TEMPERATURE IN F: :PCPN: SNOW: WIND :SUNSHINE: SKY :PK WND
================================================================================
1 2 3 4 5 6A 6B 7 8 9 10 11 12 13 14 15 16 17 18
12Z AVG MX 2MIN
DY MAX MIN AVG DEP HDD CDD WTR SNW DPTH SPD SPD DIR MIN PSBL S-S WX SPD DR
================================================================================
1 100 72 86 2 0 21 T M M 7.2 20 150 M M 3 25 150
2 102 77 90 6 0 25 0.00 M M 10.6 26 170 M M 3 33 170
3 100 78 89 5 0 24 0.00 M M 11.4 23 150 M M 3 33 160
4 102 74 88 4 0 23 0.00 M M 11.9 24 160 M M 3 1 31 130
5 101 77 89 5 0 24 0.00 M M 12.2 23 150 M M 3 29 150
6 102 73 88 4 0 23 0.00 M M 10.4 23 160 M M 2 1 31 160
7 101 75 88 4 0 23 0.00 0.0 M 11.4 22 150 M M 3 29 150
8 103 77 90 6 0 25 0.00 0.0 M 8.6 23 170 M M 3 29 180
9 106 75 91 7 0 26 0.00 M M 7.7 15 100 M M 0 27 130
10 106 77 92 8 0 27 T M M 6.9 15 290 M M 0 3 22 290
11 108 77 93 9 0 28 0.00 M M 8.0 21 170 M M 1 28 160
12 107 78 93 9 0 28 T 0.0 M 8.1 21 130 M M 3 26 130
13 105 76 91 7 0 26 0.00 0.0 M 7.9 21 160 M M 1 1 26 160
14 103 75 89 5 0 24 T M M 7.9 30 110 M M 1 37 100
15 96 72 84 0 0 19 0.01 M M 7.1 23 130 M M 1 3 28 140
16 100 76 88 4 0 23 0.00 M M 9.6 23 170 M M 5 29 160
17 103 73 88 4 0 23 0.00 M M 9.9 22 160 M M 1 8 30 160
18 102 73 88 3 0 23 T M M 10.2 24 160 M M 0 31 160
19 104 73 89 4 0 24 0.00 M M 11.5 26 140 M M 0 35 160
20 104 75 90 5 0 25 0.00 M M 11.9 25 140 M M 2 32 140
21 103 78 91 6 0 26 0.00 0.0 0 12.0 23 150 M M 4 32 110
22 102 77 90 5 0 25 0.00 0.0 0 11.8 24 140 M M 4 30 140
23 103 78 91 6 0 26 0.00 M M 11.9 26 150 M M 4 1 33 150
24 103 77 90 5 0 25 0.00 M M 12.4 23 160 M M 4 33 180
25 103 74 89 4 0 24 T M M 10.2 26 130 M M 3 33 130
26 102 72 87 2 0 22 0.00 0.0 0 9.8 23 160 M M 1 30 150
27 101 74 88 3 0 23 0.00 0.0 0 9.5 25 160 M M 3 31 150
28 102 76 89 4 0 24 0.00 M M 12.1 25 150 M M 3 33 160
29 103 77 90 5 0 25 T M M 11.6 25 160 M M 3 33 160
30 102 73 88 2 0 23 0.00 M M 10.7 26 170 M M 0 33 170
31 101 75 88 2 0 23 0.00 M M 10.4 26 140 M M 3 34 150
================================================================================
SM 3180 2334 0 750 0.01 0.0 312.8 M 70
================================================================================
AV102.6 75.3 10.1 FASTST M M 2 MAX(MPH)
MISC ----> 30 110 37 100
================================================================================
NOTES:
# LAST OF SEVERAL OCCURRENCES
COLUMN 17 PEAK WIND IN M.P.H.
PRELIMINARY LOCAL CLIMATOLOGICAL DATA (WS FORM: F-6) , PAGE 2
STATION: NEW BRAUNFELS
MONTH: JULY
YEAR: 2022
LATITUDE: 29 43 N
LONGITUDE: 98 3 W
[TEMPERATURE DATA] [PRECIPITATION DATA] SYMBOLS USED IN COLUMN 16
AVERAGE MONTHLY: 88.9 TOTAL FOR MONTH: 0.01 1 = FOG OR MIST
DPTR FM NORMAL: 4.4 DPTR FM NORMAL: -2.20 2 = FOG REDUCING VISIBILITY
HIGHEST: 108 ON 11 GRTST 24HR 0.01 ON 15-15 TO 1/4 MILE OR LESS
LOWEST: 72 ON 26,15 3 = THUNDER
SNOW, ICE PELLETS, HAIL 4 = ICE PELLETS
TOTAL MONTH: 0.0 INCH 5 = HAIL
GRTST 24HR 0.0 6 = FREEZING RAIN OR DRIZZLE
GRTST DEPTH: 0 7 = DUSTSTORM OR SANDSTORM:
VSBY 1/2 MILE OR LESS
8 = SMOKE OR HAZE
[NO. OF DAYS WITH] [WEATHER - DAYS WITH] 9 = BLOWING SNOW
X = TORNADO
MAX 32 OR BELOW: 0 0.01 INCH OR MORE: 1
MAX 90 OR ABOVE: 31 0.10 INCH OR MORE: 0
MIN 32 OR BELOW: 0 0.50 INCH OR MORE: 0
MIN 0 OR BELOW: 0 1.00 INCH OR MORE: 0
[HDD (BASE 65) ]
TOTAL THIS MO. 0 CLEAR (SCALE 0-3) 24
DPTR FM NORMAL 0 PTCLDY (SCALE 4-7) 7
TOTAL FM JUL 1 0 CLOUDY (SCALE 8-10) 0
DPTR FM NORMAL 0
[CDD (BASE 65) ]
TOTAL THIS MO. 750
DPTR FM NORMAL 146 [PRESSURE DATA]
TOTAL FM JAN 1 2281 HIGHEST SLP 30.09 ON 31
DPTR FM NORMAL 508 LOWEST SLP 29.69 ON 11
[REMARKS]
#FINAL-07-22#