000
CXUS54 KEWX 051854
CF6BAZ
PRELIMINARY LOCAL CLIMATOLOGICAL DATA (WS FORM: F-6)
STATION: NEW BRAUNFELS
MONTH: JUNE
YEAR: 2022
LATITUDE: 29 43 N
LONGITUDE: 98 3 W
TEMPERATURE IN F: :PCPN: SNOW: WIND :SUNSHINE: SKY :PK WND
================================================================================
1 2 3 4 5 6A 6B 7 8 9 10 11 12 13 14 15 16 17 18
12Z AVG MX 2MIN
DY MAX MIN AVG DEP HDD CDD WTR SNW DPTH SPD SPD DIR MIN PSBL S-S WX SPD DR
================================================================================
1 95 76 86 6 0 21 T M M 10.2 26 130 M M 5 34 130
2 94 71 83 2 0 18 T M M 7.2 20 50 M M 3 1 26 10
3 94 73 84 3 0 19 0.00 M M 7.4 23 360 M M 3 30 10
4 97 70 84 3 0 19 0.23 M M 5.8 22 130 M M 1 13 29 130
5 100 68 84 3 0 19 T M M 11.2 23 150 M M 0 40 170
6 104 77 91 10 0 26 T M M 16.0 25 140 M M 4 33 160
7 103 76 90 8 0 25 T M M 14.8 22 140 M M 3 29 170
8 102 75 89 7 0 24 T M M 11.9 22 160 M M 3 8 28 140
9 99 74 87 5 0 22 0.00 M M 8.2 20 170 M M 3 18 26 170
10 102 76 89 7 0 24 0.00 0.0 0 8.3 20 160 M M 2 30 190
11 104 74 89 7 0 24 T M M 9.0 22 150 M M 0 29 150
12 105 73 89 7 0 24 0.00 M M 12.3 23 150 M M 1 1 30 160
13 102 77 90 8 0 25 T M M 15.5 28 150 M M 2 18 40 150
14 98 77 88 6 0 23 0.00 M M 18.2 29 160 M M 3 8 40 160
15 95 80 88 5 0 23 0.00 M M 14.1 21 150 M M 4 29 150
16 102 75 89 6 0 24 0.00 M M 10.6 18 170 M M 3 18 25 160
17 99 71 85 2 0 20 0.00 M M 7.2 21 160 M M 1 18 27 150
18 99 71 85 2 0 20 0.00 M M 7.5 21 170 M M 1 28 160
19 100 74 87 4 0 22 0.00 M M 7.4 20 150 M M 3 26 160
20 101 71 86 3 0 21 0.00 M M 6.7 16 160 M M 0 23 150
21 101 73 87 4 0 22 0.00 M M 7.7 24 160 M M 2 31 160
22 100 74 87 4 0 22 0.00 M M 6.0 16 170 M M 2 22 190
23 102 73 88 5 0 23 0.00 M M 7.6 20 170 M M 0 25 170
24 102 71 87 4 0 22 0.00 M M 8.3 23 160 M M 0 30 160
25 101 73 87 4 0 22 0.00 M M 11.7 18 160 M M 1 26 110
26 101 73 87 4 0 22 0.00 M M 5.6 18 180 M M 2 24 170
27 101 73 87 4 0 22 0.33 M M 6.7 32 90 M M 2 138 44 90
28 95 73 84 1 0 19 T M M 8.7 22 60 M M 3 3 31 40
29 99 66 83 -1 0 18 0.00 M M 6.2 17 140 M M 0 26 140
30 99 71 85 1 0 20 0.00 M M 7.0 18 130 M M 1 1 24 40
================================================================================
SM 2996 2199 0 655 0.56 0.0 285.0 M 58
================================================================================
AV 99.9 73.3 9.5 FASTST M M 2 MAX(MPH)
MISC ----> 32 90 44 90
================================================================================
NOTES:
# LAST OF SEVERAL OCCURRENCES
COLUMN 17 PEAK WIND IN M.P.H.
PRELIMINARY LOCAL CLIMATOLOGICAL DATA (WS FORM: F-6) , PAGE 2
STATION: NEW BRAUNFELS
MONTH: JUNE
YEAR: 2022
LATITUDE: 29 43 N
LONGITUDE: 98 3 W
[TEMPERATURE DATA] [PRECIPITATION DATA] SYMBOLS USED IN COLUMN 16
AVERAGE MONTHLY: 86.6 TOTAL FOR MONTH: 0.56 1 = FOG OR MIST
DPTR FM NORMAL: 4.2 DPTR FM NORMAL: -2.88 2 = FOG REDUCING VISIBILITY
HIGHEST: 105 ON 12 GRTST 24HR 0.33 ON 27-27 TO 1/4 MILE OR LESS
LOWEST: 66 ON 29 3 = THUNDER
SNOW, ICE PELLETS, HAIL 4 = ICE PELLETS
TOTAL MONTH: 0.0 INCH 5 = HAIL
GRTST 24HR 0.0 6 = FREEZING RAIN OR DRIZZLE
GRTST DEPTH: 0 7 = DUSTSTORM OR SANDSTORM:
VSBY 1/2 MILE OR LESS
8 = SMOKE OR HAZE
[NO. OF DAYS WITH] [WEATHER - DAYS WITH] 9 = BLOWING SNOW
X = TORNADO
MAX 32 OR BELOW: 0 0.01 INCH OR MORE: 2
MAX 90 OR ABOVE: 30 0.10 INCH OR MORE: 2
MIN 32 OR BELOW: 0 0.50 INCH OR MORE: 0
MIN 0 OR BELOW: 0 1.00 INCH OR MORE: 0
[HDD (BASE 65) ]
TOTAL THIS MO. 0 CLEAR (SCALE 0-3) 25
DPTR FM NORMAL 0 PTCLDY (SCALE 4-7) 5
TOTAL FM JUL 1 1324 CLOUDY (SCALE 8-10) 0
DPTR FM NORMAL -123
[CDD (BASE 65) ]
TOTAL THIS MO. 655
DPTR FM NORMAL 133 [PRESSURE DATA]
TOTAL FM JAN 1 1531 HIGHEST SLP 30.12 ON 28
DPTR FM NORMAL 362 LOWEST SLP 29.59 ON 6
[REMARKS]
#FINAL-06-22#