000
CXUS54 KEWX 011010
CF6BAZ
PRELIMINARY LOCAL CLIMATOLOGICAL DATA (WS FORM: F-6)
STATION: NEW BRAUNFELS
MONTH: JANUARY
YEAR: 2021
LATITUDE: 29 43 N
LONGITUDE: 98 3 W
TEMPERATURE IN F: :PCPN: SNOW: WIND :SUNSHINE: SKY :PK WND
================================================================================
1 2 3 4 5 6A 6B 7 8 9 10 11 12 13 14 15 16 17 18
12Z AVG MX 2MIN
DY MAX MIN AVG DEP HDD CDD WTR SNW DPTH SPD SPD DIR MIN PSBL S-S WX SPD DR
================================================================================
1 59 34 47 -4 18 0 0.00 M M 9.2 21 340 M M 1 28 350
2 65 37 51 0 14 0 0.00 M M 5.0 14 320 M M 0 18 310
3 71 32 52 1 13 0 0.00 M M 8.3 20 210 M M 0 25 230
4 79 37 58 7 7 0 0.00 M M 6.0 14 220 M M 0 1 17 230
5 69 49 59 8 6 0 0.00 M M 8.1 15 140 M M 6 1 18 150
6 74 53 64 13 1 0 0.31 M M 13.0 26 310 M M 6 13 35 310
7 66 42 54 3 11 0 0.00 M M 11.5 31 350 M M 0 41 360
8 58 37 48 -3 17 0 0.00 M M 8.6 17 40 M M 0 23 50
9 55 33 44 -7 21 0 0.00 M M 7.2 20 60 M M 4 26 70
10 50 36 43 -8 22 0 0.88 M M 15.4 22 20 M M 10 13 29 40
11 50 34 42 -9 23 0 0.00 M M 10.1 17 360 M M 6 23 360
12 50 29 40 -11 25 0 0.00 M M 4.6 14 180 M M 2 17 180
13 65 29 47 -4 18 0 0.00 M M 8.1 17 250 M M 0 18 22 190
14 76 32 54 3 11 0 0.00 M M 10.4 28 10 M M 0 36 360
15 63 38 51 0 14 0 0.00 M M 13.7 26 320 M M 0 37 310
16 66 32 49 -2 16 0 0.00 M M 5.1 12 160 M M 2 8 14 160
17 74 37 56 5 9 0 0.00 M M 5.1 14 60 M M 1 17 260
18 77 39 58 7 7 0 0.00 M M 10.4 25 190 M M 5 33 180
19 75 51 63 12 2 0 0.04 M M 13.6 26 20 M M 10 1 34 30
20 54 51 53 2 12 0 0.05 0.0 M 9.0 21 30 M M 10 18 28 30
21 67 52 60 8 5 0 0.00 M M 4.9 10 250 M M 7 1 12 240
22 82 53 68 16 0 3 T M M 8.1 21 50 M M 4 1 27 50
23 64 53 59 7 6 0 0.02 M M 6.6 13 30 M M 10 18 16 20
24 75 63 69 17 0 4 0.02 M M 10.7 22 170 M M 10 128 29 180
25 79 51 65 13 0 0 T M M 10.4 25 180 M M 7 18 34 190
26 78 46 62 10 3 0 0.00 M M 7.0 24 360 M M 1 30 360
27 69 42 56 4 9 0 0.00 M M 12.2 25 360 M M 1 35 10
28 59 36 48 -4 17 0 0.00 M M 7.8 17 50 M M 0 23 50
29 72 37 55 3 10 0 0.00 0.0 M 8.4 21 150 M M 4 26 150
30 78 54 66 14 0 1 0.00 M M 9.9 20 210 M M 6 26 200
31 74 47 61 9 4 0 0.00 M M 11.5 24 20 M M 0 33 360
================================================================================
SM 2093 1296 321 8 1.32 0.0 279.9 M 113
================================================================================
AV 67.5 41.8 9.0 FASTST M M 4 MAX(MPH)
MISC ----> 31 350 41 360
================================================================================
NOTES:
# LAST OF SEVERAL OCCURRENCES
COLUMN 17 PEAK WIND IN M.P.H.
PRELIMINARY LOCAL CLIMATOLOGICAL DATA (WS FORM: F-6) , PAGE 2
STATION: NEW BRAUNFELS
MONTH: JANUARY
YEAR: 2021
LATITUDE: 29 43 N
LONGITUDE: 98 3 W
[TEMPERATURE DATA] [PRECIPITATION DATA] SYMBOLS USED IN COLUMN 16
AVERAGE MONTHLY: 54.7 TOTAL FOR MONTH: 1.32 1 = FOG OR MIST
DPTR FM NORMAL: 3.4 DPTR FM NORMAL: -0.54 2 = FOG REDUCING VISIBILITY
HIGHEST: 82 ON 22 GRTST 24HR 0.88 ON 10-10 TO 1/4 MILE OR LESS
LOWEST: 29 ON 13,12 3 = THUNDER
SNOW, ICE PELLETS, HAIL 4 = ICE PELLETS
TOTAL MONTH: 0.0 INCH 5 = HAIL
GRTST 24HR 0.0 6 = FREEZING RAIN OR DRIZZLE
GRTST DEPTH: M ON M 7 = DUSTSTORM OR SANDSTORM:
VSBY 1/2 MILE OR LESS
8 = SMOKE OR HAZE
[NO. OF DAYS WITH] [WEATHER - DAYS WITH] 9 = BLOWING SNOW
X = TORNADO
MAX 32 OR BELOW: 0 0.01 INCH OR MORE: 6
MAX 90 OR ABOVE: 0 0.10 INCH OR MORE: 2
MIN 32 OR BELOW: 5 0.50 INCH OR MORE: 1
MIN 0 OR BELOW: 0 1.00 INCH OR MORE: 0
[HDD (BASE 65) ]
TOTAL THIS MO. 321 CLEAR (SCALE 0-3) 16
DPTR FM NORMAL -111 PTCLDY (SCALE 4-7) 10
TOTAL FM JUL 1 735 CLOUDY (SCALE 8-10) 5
DPTR FM NORMAL -321
[CDD (BASE 65) ]
TOTAL THIS MO. 8
DPTR FM NORMAL 2 [PRESSURE DATA]
TOTAL FM JAN 1 8 HIGHEST SLP 30.58 ON 28
DPTR FM NORMAL 2 LOWEST SLP 29.61 ON 25
[REMARKS]
#FINAL-01-21#