000
CXUS54 KEWX 011010
CF6BAZ
PRELIMINARY LOCAL CLIMATOLOGICAL DATA (WS FORM: F-6)
STATION: NEW BRAUNFELS
MONTH: AUGUST
YEAR: 2020
LATITUDE: 29 43 N
LONGITUDE: 98 3 W
TEMPERATURE IN F: :PCPN: SNOW: WIND :SUNSHINE: SKY :PK WND
================================================================================
1 2 3 4 5 6A 6B 7 8 9 10 11 12 13 14 15 16 17 18
12Z AVG MX 2MIN
DY MAX MIN AVG DEP HDD CDD WTR SNW DPTH SPD SPD DIR MIN PSBL S-S WX SPD DR
================================================================================
1 101 75 88 4 0 23 0.00 M M 6.8 16 130 M M 2 25 90
2 100 71 86 2 0 21 0.07 M M 4.7 29 20 M M 1 3 36 20
3 104 71 88 4 0 23 0.06 M M 3.5 26 310 M M 2 3 38 300
4 99 74 87 2 0 22 T M M 5.2 15 200 M M 2 8 22 170
5 102 73 88 3 0 23 0.00 M M 10.0 20 170 M M 1 26 200
6 102 74 88 3 0 23 0.00 M M 9.5 21 160 M M 2 1 30 170
7 102 74 88 3 0 23 0.00 M M 9.3 21 130 M M 3 1 27 150
8 102 74 88 3 0 23 0.00 M M 7.7 23 140 M M 3 27 150
9 102 78 90 5 0 25 0.00 M M 11.9 23 170 M M 4 31 180
10 103 79 91 6 0 26 0.00 M M 13.9 24 170 M M 4 32 170
11 104 79 92 7 0 27 0.00 M M 12.8 24 170 M M 4 31 170
12 103 78 91 6 0 26 0.00 M M 10.9 22 170 M M 2 31 190
13 104 76 90 5 0 25 0.00 M M 9.7 21 180 M M 1 28 180
14 106 79 93 8 0 28 0.00 M M 10.8 21 170 M M 1 29 220
15 107 77 92 7 0 27 0.00 M M 8.3 21 170 M M 0 27 170
16 106 76 91 6 0 26 0.00 M M 6.3 15 200 M M 0 23 120
17 104 77 91 7 0 26 T M M 5.8 23 280 M M 2 3 29 30
18 104 76 90 6 0 25 0.00 M M 6.6 26 220 M M 2 3 34 220
19 105 74 90 6 0 25 0.00 M M 7.9 22 30 M M 0 35 80
20 103 73 88 4 0 23 T M M 6.4 14 40 M M 1 20 60
21 103 73 88 4 0 23 0.00 M M 5.9 18 160 M M 2 18 24 140
22 92 70 81 -3 0 16 0.45 M M 6.0 29 40 M M 3 13 38 40
23 98 70 84 0 0 19 0.00 M M 5.8 17 90 M M 1 24 80
24 99 73 86 2 0 21 0.00 M M 6.3 18 60 M M 1 25 50
25 101 74 88 4 0 23 0.00 M M 6.8 15 60 M M 1 22 40
26 99 77 88 4 0 23 0.00 M M 8.6 17 40 M M 1 28 60
27 102 75 89 5 0 24 0.00 M M 6.0 17 150 M M 1 22 150
28 106 80 93 10 0 28 0.00 M M 10.6 26 150 M M 1 8 34 150
29 105 77 91 8 0 26 0.00 M M 8.7 22 170 M M 1 30 180
30 103 78 91 8 0 26 0.00 M M 10.6 24 160 M M 3 31 150
31 103 82 93 10 0 28 0.00 M M 13.7 25 150 M M 6 8 33 150
================================================================================
SM 3174 2337 0 747 0.58 M 257.0 M 58
================================================================================
AV102.4 75.4 8.3 FASTST M M 2 MAX(MPH)
MISC ----> # 29 20 # 38 300
================================================================================
NOTES:
# LAST OF SEVERAL OCCURRENCES
COLUMN 17 PEAK WIND IN M.P.H.
PRELIMINARY LOCAL CLIMATOLOGICAL DATA (WS FORM: F-6) , PAGE 2
STATION: NEW BRAUNFELS
MONTH: AUGUST
YEAR: 2020
LATITUDE: 29 43 N
LONGITUDE: 98 3 W
[TEMPERATURE DATA] [PRECIPITATION DATA] SYMBOLS USED IN COLUMN 16
AVERAGE MONTHLY: 88.9 TOTAL FOR MONTH: 0.58 1 = FOG OR MIST
DPTR FM NORMAL: 4.7 DPTR FM NORMAL: -1.37 2 = FOG REDUCING VISIBILITY
HIGHEST: 107 ON 15 GRTST 24HR 0.45 ON 22-22 TO 1/4 MILE OR LESS
LOWEST: 70 ON 23,22 3 = THUNDER
SNOW, ICE PELLETS, HAIL 4 = ICE PELLETS
TOTAL MONTH: M 5 = HAIL
GRTST 24HR M ON M 6 = FREEZING RAIN OR DRIZZLE
GRTST DEPTH: M ON M 7 = DUSTSTORM OR SANDSTORM:
VSBY 1/2 MILE OR LESS
8 = SMOKE OR HAZE
[NO. OF DAYS WITH] [WEATHER - DAYS WITH] 9 = BLOWING SNOW
X = TORNADO
MAX 32 OR BELOW: 0 0.01 INCH OR MORE: 3
MAX 90 OR ABOVE: 31 0.10 INCH OR MORE: 1
MIN 32 OR BELOW: 0 0.50 INCH OR MORE: 0
MIN 0 OR BELOW: 0 1.00 INCH OR MORE: 0
[HDD (BASE 65) ]
TOTAL THIS MO. 0 CLEAR (SCALE 0-3) 27
DPTR FM NORMAL 0 PTCLDY (SCALE 4-7) 4
TOTAL FM JUL 1 0 CLOUDY (SCALE 8-10) 0
DPTR FM NORMAL 0
[CDD (BASE 65) ]
TOTAL THIS MO. 747
DPTR FM NORMAL 150 [PRESSURE DATA]
TOTAL FM JAN 1 2889 HIGHEST SLP 30.08 ON 17
DPTR FM NORMAL 623 LOWEST SLP 29.65 ON 30
[REMARKS]
#FINAL-08-20#