000
CXUS54 KEWX 011110
CF6BAZ
PRELIMINARY LOCAL CLIMATOLOGICAL DATA (WS FORM: F-6)
STATION: NEW BRAUNFELS
MONTH: NOVEMBER
YEAR: 2023
LATITUDE: 29 43 N
LONGITUDE: 98 3 W
TEMPERATURE IN F: :PCPN: SNOW: WIND :SUNSHINE: SKY :PK WND
================================================================================
1 2 3 4 5 6A 6B 7 8 9 10 11 12 13 14 15 16 17 18
12Z AVG MX 2MIN
DY MAX MIN AVG DEP HDD CDD WTR SNW DPTH SPD SPD DIR MIN PSBL S-S WX SPD DR
================================================================================
1 64 39 52 -14 13 0 0.00 M M 7.2 14 40 M M 0 18 20
2 69 38 54 -12 11 0 0.00 M M 4.6 14 180 M M 6 18 180
3 78 51 65 0 0 0 0.00 M M 5.6 17 170 M M 4 22 230
4 80 57 69 4 0 4 0.00 M M 3.9 16 200 M M 4 12 22 200
5 81 56 69 5 0 4 0.00 M M 4.5 14 200 M M 2 128 19 170
6 83 61 72 8 0 7 0.00 M M 7.9 22 210 M M 2 12 29 220
7 86 61 74 10 0 9 0.00 M M 9.2 20 180 M M 2 1 25 170
8 85 66 76 13 0 11 0.00 M M 9.2 20 170 M M 5 26 170
9 79 59 69 6 0 4 0.17 M M 8.6 21 10 M M 8 1 29 10
10 59 55 57 -6 8 0 0.56 M M 13.3 22 350 M M 10 1 28 360
11 61 55 58 -4 7 0 0.06 M M 8.6 17 20 M M 10 1 22 20
12 61 57 59 -3 6 0 0.37 M M 8.2 18 30 M M 10 1 23 30
13 67 55 61 -1 4 0 0.02 M M 11.2 18 30 M M 10 23 30
14 75 55 65 4 0 0 0.00 M M 6.9 15 10 M M 3 8 20 10
15 77 50 64 3 1 0 0.00 M M 5.4 13 40 M M 0 1 20 50
16 62 51 57 -4 8 0 0.00 M M 3.0 8 30 M M 4 128 10 170
17 79 52 66 6 0 1 0.00 M M 8.3 18 220 M M 5 128 23 230
18 69 62 66 6 0 1 0.00 M M 7.4 17 20 M M 10 22 30
19 68 57 63 3 2 0 0.05 M M 3.8 14 150 M M 9 12 17 160
20 85 61 73 13 0 8 T M M 7.5 21 310 M M 5 1 30 320
21 64 46 55 -4 10 0 T M M 16.1 30 350 M M 3 38 10
22 68 39 54 -5 11 0 T M M 4.6 12 350 M M 0 15 350
23 59 39 49 -10 16 0 0.03 0.0 0 4.9 13 240 M M 5 17 280
24 68 39 54 -4 11 0 0.00 0.0 0 5.6 14 70 M M 0 1 19 50
25 62 50 56 -2 9 0 0.00 M M 8.0 15 80 M M 9 18 80
26 59 45 52 -6 13 0 T M M 12.4 28 10 M M 6 35 10
27 59 44 52 -5 13 0 0.00 M M 8.1 18 50 M M 8 24 50
28 63 46 55 -2 10 0 0.00 0.0 0 4.5 8 170 M M 6 11 50
29 65 47 56 -1 9 0 T 0.0 0 5.6 15 150 M M 10 21 160
30 73 56 65 8 0 0 0.30 M M 7.2 18 190 M M 7 12 26 190
================================================================================
SM 2108 1549 162 49 1.56 0.0 221.3 M 163
================================================================================
AV 70.3 51.6 7.4 FASTST M M 5 MAX(MPH)
MISC ----> 30 350 38 10
================================================================================
NOTES:
# LAST OF SEVERAL OCCURRENCES
COLUMN 17 PEAK WIND IN M.P.H.
PRELIMINARY LOCAL CLIMATOLOGICAL DATA (WS FORM: F-6) , PAGE 2
STATION: NEW BRAUNFELS
MONTH: NOVEMBER
YEAR: 2023
LATITUDE: 29 43 N
LONGITUDE: 98 3 W
[TEMPERATURE DATA] [PRECIPITATION DATA] SYMBOLS USED IN COLUMN 16
AVERAGE MONTHLY: 61.0 TOTAL FOR MONTH: 1.56 1 = FOG OR MIST
DPTR FM NORMAL: 0.0 DPTR FM NORMAL: -0.90 2 = FOG REDUCING VISIBILITY
HIGHEST: 86 ON 7 GRTST 24HR 0.73 ON 9-10 TO 1/4 MILE OR LESS
LOWEST: 38 ON 2 3 = THUNDER
SNOW, ICE PELLETS, HAIL 4 = ICE PELLETS
TOTAL MONTH: 0.0 INCH 5 = HAIL
GRTST 24HR 0.0 6 = FREEZING RAIN OR DRIZZLE
GRTST DEPTH: 0 7 = DUSTSTORM OR SANDSTORM:
VSBY 1/2 MILE OR LESS
8 = SMOKE OR HAZE
[NO. OF DAYS WITH] [WEATHER - DAYS WITH] 9 = BLOWING SNOW
X = TORNADO
MAX 32 OR BELOW: 0 0.01 INCH OR MORE: 8
MAX 90 OR ABOVE: 0 0.10 INCH OR MORE: 4
MIN 32 OR BELOW: 0 0.50 INCH OR MORE: 1
MIN 0 OR BELOW: 0 1.00 INCH OR MORE: 0
[HDD (BASE 65) ]
TOTAL THIS MO. 162 CLEAR (SCALE 0-3) 8
DPTR FM NORMAL -19 PTCLDY (SCALE 4-7) 12
TOTAL FM JUL 1 197 CLOUDY (SCALE 8-10) 10
DPTR FM NORMAL -18
[CDD (BASE 65) ]
TOTAL THIS MO. 49
DPTR FM NORMAL -12 [PRESSURE DATA]
TOTAL FM JAN 1 3940 HIGHEST SLP 30.49 ON 1
DPTR FM NORMAL 811 LOWEST SLP 29.64 ON 20
[REMARKS]
#FINAL-11-23#