000
CXUS53 KIWX 010910
CF6BEH
PRELIMINARY LOCAL CLIMATOLOGICAL DATA (WS FORM: F-6)
STATION: BENTON HARBOR
MONTH: JANUARY
YEAR: 2023
LATITUDE: 42 7 N
LONGITUDE: 86 26 W
TEMPERATURE IN F: :PCPN: SNOW: WIND :SUNSHINE: SKY :PK WND
================================================================================
1 2 3 4 5 6A 6B 7 8 9 10 11 12 13 14 15 16 17 18
12Z AVG MX 2MIN
DY MAX MIN AVG DEP HDD CDD WTR SNW DPTH SPD SPD DIR MIN PSBL S-S WX SPD DR
================================================================================
1 44 34 39 11 26 0 0.16 M M 5.5 14 260 M M 10 12 18 270
2 42 34 38 10 27 0 0.00 M M 3.2 10 90 M M 9 12 15 80
3 59 42 51 23 14 0 0.69 M M 7.2 18 240 M M 10 123 26 230
4 57 35 46 18 19 0 0.01 M M 9.8 23 240 M M 7 18 31 260
5 36 33 35 7 30 0 0.05 M M 9.6 16 260 M M 10 18 23 210
6 36 30 33 5 32 0 0.01 M M 9.4 17 250 M M 10 18 21 280
7 36 30 33 5 32 0 T M M 3.2 10 300 M M 10 1 17 360
8 34 30 32 5 33 0 0.00 M M 3.2 13 270 M M 10 17 300
9 43 28 36 9 29 0 0.00 M M 9.8 20 260 M M 4 18 25 270
10 46 35 41 14 24 0 T M M 7.8 14 130 M M 4 20 110
11 54 36 45 18 20 0 0.01 M M 7.2 14 170 M M 7 18 18 150
12 46 38 42 15 23 0 0.00 M M 7.2 13 10 M M 10 128 26 10
13 38 29 34 7 31 0 T M M 7.9 16 10 M M 10 8 34 10
14 33 25 29 2 36 0 0.00 M M 4.0 12 250 M M 8 13 250
15 43 23 33 6 32 0 0.00 M M 11.1 20 140 M M 0 18 30 150
16 48 37 43 17 22 0 0.16 M M 13.1 21 130 M M 9 1 30 140
17 50 39 45 19 20 0 0.04 M M 16.4 24 260 M M 10 18 35 240
18 41 37 39 13 26 0 0.13 M M 7.5 18 280 M M 10 1 25 80
19 43 37 40 14 25 0 0.31 M M 11.7 33 100 M M 10 1 42 100
20 37 32 35 9 30 0 0.03 M M 11.7 21 280 M M 10 168 35 290
21 32 31 32 6 33 0 0.00 M M 6.7 14 250 M M 10 19 260
22 34 31 33 7 32 0 0.05 M M 3.0 9 110 M M 10 18 12 100
23 34 25 30 4 35 0 0.11 M M 12.9 30 260 M M 9 18 39 250
24 33 31 32 6 33 0 0.00 M M 8.9 26 260 M M 10 18 36 250
25 34 31 33 7 32 0 0.18 M M 5.7 12 80 M M 10 1 17 20
26 34 25 30 4 35 0 0.14 M M 12.1 22 240 M M 10 12 29 230
27 37 13 25 -1 40 0 0.03 M M 15.6 33 260 M M 6 128 44 260
28 30 24 27 1 38 0 0.03 M M 9.0 25 270 M M 8 128 33 270
29 30 26 28 2 37 0 0.06 M M 3.7 9 10 M M 10 18 17 10
30 27 16 22 -4 43 0 0.02 M M 6.1 14 310 M M 10 18 26 280
31 18 12 15 -11 50 0 T M M 9.5 18 270 M M 7 8 24 270
================================================================================
SM 1209 929 939 0 2.22 M 259.7 M 268
================================================================================
AV 39.0 30.0 8.4 FASTST M M 9 MAX(MPH)
MISC ----> # 33 100 44 260
================================================================================
NOTES:
# LAST OF SEVERAL OCCURRENCES
COLUMN 17 PEAK WIND IN M.P.H.
PRELIMINARY LOCAL CLIMATOLOGICAL DATA (WS FORM: F-6) , PAGE 2
STATION: BENTON HARBOR
MONTH: JANUARY
YEAR: 2023
LATITUDE: 42 7 N
LONGITUDE: 86 26 W
[TEMPERATURE DATA] [PRECIPITATION DATA] SYMBOLS USED IN COLUMN 16
AVERAGE MONTHLY: 34.5 TOTAL FOR MONTH: 2.22 1 = FOG OR MIST
DPTR FM NORMAL: 7.6 DPTR FM NORMAL: 0.23 2 = FOG REDUCING VISIBILITY
HIGHEST: 59 ON 3 GRTST 24HR 0.74 ON 3- 4 TO 1/4 MILE OR LESS
LOWEST: 12 ON 31 3 = THUNDER
SNOW, ICE PELLETS, HAIL 4 = ICE PELLETS
TOTAL MONTH: M 5 = HAIL
GRTST 24HR M ON M 6 = FREEZING RAIN OR DRIZZLE
GRTST DEPTH: M ON M 7 = DUSTSTORM OR SANDSTORM:
VSBY 1/2 MILE OR LESS
8 = SMOKE OR HAZE
[NO. OF DAYS WITH] [WEATHER - DAYS WITH] 9 = BLOWING SNOW
X = TORNADO
MAX 32 OR BELOW: 5 0.01 INCH OR MORE: 19
MAX 90 OR ABOVE: 0 0.10 INCH OR MORE: 8
MIN 32 OR BELOW: 19 0.50 INCH OR MORE: 1
MIN 0 OR BELOW: 0 1.00 INCH OR MORE: 0
[HDD (BASE 65) ]
TOTAL THIS MO. 939 CLEAR (SCALE 0-3) 1
DPTR FM NORMAL -243 PTCLDY (SCALE 4-7) 6
TOTAL FM JUL 1 3108 CLOUDY (SCALE 8-10) 24
DPTR FM NORMAL -342
[CDD (BASE 65) ]
TOTAL THIS MO. 0
DPTR FM NORMAL 0 [PRESSURE DATA]
TOTAL FM JAN 1 0 HIGHEST SLP 30.44 ON 31
DPTR FM NORMAL 0 LOWEST SLP 29.46 ON 19
[REMARKS]
#FINAL-01-23#