000
CXUS53 KIWX 010810
CF6BEH
PRELIMINARY LOCAL CLIMATOLOGICAL DATA (WS FORM: F-6)
STATION: BENTON HARBOR
MONTH: SEPTEMBER
YEAR: 2022
LATITUDE: 42 7 N
LONGITUDE: 86 26 W
TEMPERATURE IN F: :PCPN: SNOW: WIND :SUNSHINE: SKY :PK WND
================================================================================
1 2 3 4 5 6A 6B 7 8 9 10 11 12 13 14 15 16 17 18
12Z AVG MX 2MIN
DY MAX MIN AVG DEP HDD CDD WTR SNW DPTH SPD SPD DIR MIN PSBL S-S WX SPD DR
================================================================================
1 88 64 76 8 0 11 0.00 M M 4.9 15 250 M M 0 1 19 250
2 88 66 77 10 0 12 0.00 M M 4.5 14 220 M M 2 19 230
3 84 62 73 6 0 8 0.00 M M 3.1 10 290 M M 1 1 16 280
4 73 64 69 2 0 4 T M M 6.9 14 60 M M 7 1 20 50
5 78 61 70 3 0 5 0.00 M M 4.2 10 100 M M 7 17 340
6 79 62 71 5 0 6 0.00 M M 4.3 10 300 M M 5 1 17 320
7 78 56 67 1 0 2 0.00 M M 2.7 12 310 M M 4 12 20 320
8 79 50 65 -1 0 0 0.00 M M 2.5 12 280 M M 0 12 16 280
9 86 51 69 3 0 4 0.00 M M 4.0 15 150 M M 1 1 22 130
10 82 58 70 5 0 5 0.00 M M 3.3 13 270 M M 2 1 18 260
11 73 62 68 3 0 3 0.75 M M 8.6 29 260 M M 9 1 40 260
12 64 52 58 -7 7 0 T M M 8.3 21 240 M M 8 1 29 250
13 71 50 61 -3 4 0 0.05 M M 3.4 14 300 M M 5 12 23 300
14 74 51 63 -1 2 0 0.00 M M 2.2 10 300 M M 2 12 15 290
15 81 51 66 2 0 1 0.00 M M 3.9 13 260 M M 3 12 15 270
16 82 56 69 6 0 4 0.00 M M 4.0 13 170 M M 0 12 18 170
17 86 65 76 13 0 11 0.00 M M 7.9 20 250 M M 2 27 250
18 85 67 76 13 0 11 0.00 M M 6.8 17 280 M M 2 21 240
19 73 55 64 2 1 0 0.90 M M 3.9 32 250 M M 4 123 45 270
20 81 52 67 5 0 2 0.21 M M 7.3 23 100 M M 2 123 31 100
21 81 65 73 11 0 8 0.00 M M 8.7 20 250 M M 2 31 300
22 65 49 57 -4 8 0 T M M 8.5 16 310 M M 6 28 330
23 66 40 53 -8 12 0 0.00 M M 3.4 12 100 M M 2 14 90
24 67 53 60 0 5 0 T M M 5.3 20 240 M M 8 18 25 240
25 64 57 61 1 4 0 0.39 M M 8.4 23 300 M M 9 13 42 290
26 61 52 57 -3 8 0 0.35 M M 13.1 24 290 M M 7 1 37 290
27 58 50 54 -5 11 0 0.39 M M 9.3 18 300 M M 10 1 37 290
28 59 48 54 -5 11 0 0.00 M M 4.4 13 320 M M 9 24 330
29 61 38 50 -9 15 0 0.00 M M 1.5 9 300 M M 2 1 14 290
30 66 38 52 -6 13 0 0.00 M M 2.7 12 80 M M 0 1 17 310
================================================================================
SM 2233 1645 101 97 3.04 M 162.0 M 121
================================================================================
AV 74.4 54.8 5.4 FASTST M M 4 MAX(MPH)
MISC ----> 32 250 45 270
================================================================================
NOTES:
# LAST OF SEVERAL OCCURRENCES
COLUMN 17 PEAK WIND IN M.P.H.
PRELIMINARY LOCAL CLIMATOLOGICAL DATA (WS FORM: F-6) , PAGE 2
STATION: BENTON HARBOR
MONTH: SEPTEMBER
YEAR: 2022
LATITUDE: 42 7 N
LONGITUDE: 86 26 W
[TEMPERATURE DATA] [PRECIPITATION DATA] SYMBOLS USED IN COLUMN 16
AVERAGE MONTHLY: 64.6 TOTAL FOR MONTH: 3.04 1 = FOG OR MIST
DPTR FM NORMAL: 1.3 DPTR FM NORMAL: -0.58 2 = FOG REDUCING VISIBILITY
HIGHEST: 88 ON 2, 1 GRTST 24HR 0.90 ON 19-19 TO 1/4 MILE OR LESS
LOWEST: 38 ON 30,29 3 = THUNDER
SNOW, ICE PELLETS, HAIL 4 = ICE PELLETS
TOTAL MONTH: M 5 = HAIL
GRTST 24HR M ON M 6 = FREEZING RAIN OR DRIZZLE
GRTST DEPTH: M ON M 7 = DUSTSTORM OR SANDSTORM:
VSBY 1/2 MILE OR LESS
8 = SMOKE OR HAZE
[NO. OF DAYS WITH] [WEATHER - DAYS WITH] 9 = BLOWING SNOW
X = TORNADO
MAX 32 OR BELOW: 0 0.01 INCH OR MORE: 7
MAX 90 OR ABOVE: 0 0.10 INCH OR MORE: 6
MIN 32 OR BELOW: 0 0.50 INCH OR MORE: 2
MIN 0 OR BELOW: 0 1.00 INCH OR MORE: 0
[HDD (BASE 65) ]
TOTAL THIS MO. 101 CLEAR (SCALE 0-3) 15
DPTR FM NORMAL -22 PTCLDY (SCALE 4-7) 9
TOTAL FM JUL 1 101 CLOUDY (SCALE 8-10) 6
DPTR FM NORMAL -56
[CDD (BASE 65) ]
TOTAL THIS MO. 97
DPTR FM NORMAL 27 [PRESSURE DATA]
TOTAL FM JAN 1 749 HIGHEST SLP 30.54 ON 29
DPTR FM NORMAL 105 LOWEST SLP 29.65 ON 25
[REMARKS]
#FINAL-09-22#