000
CXUS53 KIWX 010810
CF6BEH
PRELIMINARY LOCAL CLIMATOLOGICAL DATA (WS FORM: F-6)
STATION: BENTON HARBOR
MONTH: MAY
YEAR: 2021
LATITUDE: 42 7 N
LONGITUDE: 86 26 W
TEMPERATURE IN F: :PCPN: SNOW: WIND :SUNSHINE: SKY :PK WND
================================================================================
1 2 3 4 5 6A 6B 7 8 9 10 11 12 13 14 15 16 17 18
12Z AVG MX 2MIN
DY MAX MIN AVG DEP HDD CDD WTR SNW DPTH SPD SPD DIR MIN PSBL S-S WX SPD DR
================================================================================
1 78 29 54 1 11 0 0.00 0.0 0 13.4 26 240 M M 1 40 230
2 82 62 72 19 0 7 0.00 0.0 0 15.4 25 230 M M 3 40 240
3 68 56 62 9 3 0 0.07 M M 6.3 20 210 M M 10 1 34 220
4 56 43 50 -4 15 0 0.00 M M 5.1 17 310 M M 9 1 29 320
5 50 35 43 -11 22 0 0.00 M M 4.8 15 310 M M 1 25 340
6 50 35 43 -11 22 0 0.09 M M 2.6 8 340 M M 8 1 15 50
7 52 30 41 -14 24 0 0.00 M M 5.9 15 290 M M 2 12 26 340
8 50 31 41 -14 24 0 0.00 M M 3.9 12 320 M M 1 1 17 340
9 51 41 46 -9 19 0 0.04 M M 5.8 15 80 M M 6 1 22 320
10 52 34 43 -13 22 0 0.00 M M 3.6 12 340 M M 5 20 10
11 50 29 40 -16 25 0 0.00 M M 4.1 15 300 M M 0 25 310
12 57 28 43 -13 22 0 0.00 M M 3.8 13 340 M M 0 22 310
13 65 28 47 -10 18 0 0.00 M M 3.7 14 260 M M 0 22 250
14 67 32 50 -7 15 0 0.00 M M 3.5 12 280 M M 0 16 290
15 69 39 54 -3 11 0 T M M 4.4 20 290 M M 4 27 280
16 70 52 61 3 4 0 0.00 M M 2.9 12 320 M M 5 18 270
17 72 50 61 3 4 0 0.00 M M 3.2 10 270 M M 2 15 190
18 81 50 66 8 0 1 0.00 M M 8.4 18 130 M M 3 28 150
19 79 60 70 11 0 5 0.01 M M 7.8 17 220 M M 5 25 260
20 87 64 76 17 0 11 0.00 M 0 5.8 15 270 M M 2 8 26 260
21 87 64 76 16 0 11 0.00 0.0 M 7.6 20 260 M M 0 8 27 250
22 86 64 75 15 0 10 T 0.0 0 5.8 15 280 M M 3 20 280
23 77 60 69 9 0 4 T 0.0 0 5.5 15 270 M M 6 1 21 250
24 88 59 74 14 0 9 0.00 0.0 0 4.5 15 280 M M 3 18 22 250
25 87 71 79 18 0 14 0.00 0.0 0 11.6 21 260 M M 4 31 250
26 77 57 67 6 0 2 0.48 0.0 0 8.5 23 260 M M 4 1 34 250
27 68 50 59 -3 6 0 0.01 M M 9.6 21 120 M M 3 30 130
28 59 43 51 -11 14 0 0.07 M M 12.6 23 90 M M 10 36 90
29 61 36 49 -13 16 0 0.00 M M 5.6 16 90 M M 1 26 80
30 64 33 49 -14 16 0 0.00 M M 3.6 13 290 M M 0 1 M M
31 70 48 59 -4 6 0 0.00 M M 5.7 16 250 M M 2 22 260
================================================================================
SM 2110 1413 319 74 0.77 0.0 195.0 M 103
================================================================================
AV 68.1 45.6 6.3 FASTST M M 3 MAX(MPH)
MISC ----> 26 240 # 40 230
================================================================================
NOTES:
# LAST OF SEVERAL OCCURRENCES
COLUMN 17 PEAK WIND IN M.P.H.
PRELIMINARY LOCAL CLIMATOLOGICAL DATA (WS FORM: F-6) , PAGE 2
STATION: BENTON HARBOR
MONTH: MAY
YEAR: 2021
LATITUDE: 42 7 N
LONGITUDE: 86 26 W
[TEMPERATURE DATA] [PRECIPITATION DATA] SYMBOLS USED IN COLUMN 16
AVERAGE MONTHLY: 56.8 TOTAL FOR MONTH: 0.77 1 = FOG OR MIST
DPTR FM NORMAL: -1.0 DPTR FM NORMAL: -3.01 2 = FOG REDUCING VISIBILITY
HIGHEST: 88 ON 24 GRTST 24HR 0.48 ON 26-26 TO 1/4 MILE OR LESS
LOWEST: 28 ON 13,12 3 = THUNDER
SNOW, ICE PELLETS, HAIL 4 = ICE PELLETS
TOTAL MONTH: 0.0 INCH 5 = HAIL
GRTST 24HR 0.0 6 = FREEZING RAIN OR DRIZZLE
GRTST DEPTH: 0 7 = DUSTSTORM OR SANDSTORM:
VSBY 1/2 MILE OR LESS
8 = SMOKE OR HAZE
[NO. OF DAYS WITH] [WEATHER - DAYS WITH] 9 = BLOWING SNOW
X = TORNADO
MAX 32 OR BELOW: 0 0.01 INCH OR MORE: 7
MAX 90 OR ABOVE: 0 0.10 INCH OR MORE: 1
MIN 32 OR BELOW: 7 0.50 INCH OR MORE: 0
MIN 0 OR BELOW: 0 1.00 INCH OR MORE: 0
[HDD (BASE 65) ]
TOTAL THIS MO. 319 CLEAR (SCALE 0-3) 17
DPTR FM NORMAL 55 PTCLDY (SCALE 4-7) 11
TOTAL FM JUL 1 5812 CLOUDY (SCALE 8-10) 3
DPTR FM NORMAL -311
[CDD (BASE 65) ]
TOTAL THIS MO. 74
DPTR FM NORMAL 34 [PRESSURE DATA]
TOTAL FM JAN 1 85 HIGHEST SLP 30.50 ON 12
DPTR FM NORMAL 38 LOWEST SLP 29.57 ON 3
[REMARKS]
#FINAL-05-21#