000
CXAK56 PAFC 010957
CF6BET
PRELIMINARY LOCAL CLIMATOLOGICAL DATA (WS FORM: F-6)
STATION: BETHEL
MONTH: AUGUST
YEAR: 2022
LATITUDE: 60 46 N
LONGITUDE: 161 48 W
TEMPERATURE IN F: :PCPN: SNOW: WIND :SUNSHINE: SKY :PK WND
================================================================================
1 2 3 4 5 6A 6B 7 8 9 10 11 12 13 14 15 16 17 18
12Z AVG MX 2MIN
DY MAX MIN AVG DEP HDD CDD WTR SNW DPTH SPD SPD DIR MIN PSBL S-S WX SPD DR
================================================================================
1 62 51 57 2 8 0 0.22 M M 9.9 16 210 M M 10 18 20 210
2 56 50 53 -2 12 0 0.04 M M 8.8 14 270 M M 10 1 18 240
3 64 49 57 2 8 0 0.02 M M 8.4 24 190 M M 9 1 31 190
4 53 48 51 -4 14 0 0.39 M M 18.4 26 180 M M 10 1 35 190
5 51 48 50 -5 15 0 0.13 M M 15.8 24 210 M M 10 1 31 210
6 59 44 52 -3 13 0 0.01 M M 16.1 24 310 M M 6 1 32 310
7 54 45 50 -5 15 0 0.81 M M 20.6 31 180 M M 10 1 40 170
8 54 41 48 -7 17 0 T M M 10.2 21 250 M M 7 25 250
9 59 38 49 -6 16 0 0.00 M M 7.4 17 10 M M 3 24 360
10 64 41 53 -2 12 0 0.00 M M 10.9 20 10 M M 0 25 10
11 70 45 58 3 7 0 0.00 M M 10.9 18 290 M M 0 25 290
12 54 50 52 -2 13 0 T M M 6.2 15 310 M M 8 19 300
13 59 49 54 0 11 0 0.08 M M 9.2 16 310 M M 10 1 20 310
14 M M M M M M M M M 12.7 20 340 M M 10 1 25 320
15 54 42 48 -6 17 0 0.10 M M 9.6 15 330 M M 8 12 19 310
16 54 46 50 -4 15 0 1.01 M M 9.5 16 20 M M 10 1 21 30
17 54 45 50 -4 15 0 0.03 M M 10.7 20 310 M M 9 1 24 310
18 55 38 47 -7 18 0 0.00 M M 6.0 13 190 M M 6 1 17 200
19 59 45 52 -2 13 0 0.01 M M 9.6 20 70 M M 7 24 50
20 66 51 59 5 6 0 0.03 M M 6.0 13 80 M M 10 16 30
21 67 51 59 5 6 0 0.02 M M 3.4 10 350 M M 7 12 12 330
22 64 45 55 1 10 0 T M M 6.7 14 360 M M 6 1 17 360
23 63 48 56 3 9 0 0.06 M M 5.6 16 160 M M 8 1 22 150
24 66 46 56 3 9 0 0.00 M M 9.4 21 220 M M 4 12 26 220
25 54 50 52 -1 13 0 0.42 M M 22.9 37 170 M M 10 1 47 170
26 52 49 51 -2 14 0 0.20 M M 16.6 23 210 M M 10 1 28 220
27 60 48 54 1 11 0 0.12 M M 9.8 18 190 M M 9 1 25 190
28 63 48 56 4 9 0 T M M 13.0 23 310 M M 7 30 310
29 54 45 50 -2 15 0 0.00 M M 11.1 20 340 M M 8 24 330
30 52 44 48 -4 17 0 0.30 M M 15.6 26 170 M M 9 1 34 160
31 53 47 50 -2 15 0 0.57 M M 14.3 23 200 M M 10 1 29 180
================================================================================
SM 1749 1387 373 0 4.57 M 345.3 M 241
================================================================================
AV 58.3 46.2 11.1 FASTST M M 8 MAX(MPH)
MISC ----> 37 170 47 170
================================================================================
NOTES:
# LAST OF SEVERAL OCCURRENCES
COLUMN 17 PEAK WIND IN M.P.H.
PRELIMINARY LOCAL CLIMATOLOGICAL DATA (WS FORM: F-6) , PAGE 2
STATION: BETHEL
MONTH: AUGUST
YEAR: 2022
LATITUDE: 60 46 N
LONGITUDE: 161 48 W
[TEMPERATURE DATA] [PRECIPITATION DATA] SYMBOLS USED IN COLUMN 16
AVERAGE MONTHLY: 52.3 TOTAL FOR MONTH: 4.57 1 = FOG OR MIST
DPTR FM NORMAL: -1.6 DPTR FM NORMAL: 1.21 2 = FOG REDUCING VISIBILITY
HIGHEST: 70 ON 11 GRTST 24HR 1.11 ON 15-16 TO 1/4 MILE OR LESS
LOWEST: 38 ON 18, 9 3 = THUNDER
SNOW, ICE PELLETS, HAIL 4 = ICE PELLETS
TOTAL MONTH: M 5 = HAIL
GRTST 24HR M ON M 6 = FREEZING RAIN OR DRIZZLE
GRTST DEPTH: M ON M 7 = DUSTSTORM OR SANDSTORM:
VSBY 1/2 MILE OR LESS
8 = SMOKE OR HAZE
[NO. OF DAYS WITH] [WEATHER - DAYS WITH] 9 = BLOWING SNOW
X = TORNADO
MAX 32 OR BELOW: 0 0.01 INCH OR MORE: 20
MAX 90 OR ABOVE: 0 0.10 INCH OR MORE: 11
MIN 32 OR BELOW: 0 0.50 INCH OR MORE: 3
MIN 0 OR BELOW: 0 1.00 INCH OR MORE: 1
[HDD (BASE 65) ]
TOTAL THIS MO. 373 CLEAR (SCALE 0-3) 3
DPTR FM NORMAL 28 PTCLDY (SCALE 4-7) 9
TOTAL FM JUL 1 673 CLOUDY (SCALE 8-10) 19
DPTR FM NORMAL 57
[CDD (BASE 65) ]
TOTAL THIS MO. 0
DPTR FM NORMAL -1 [PRESSURE DATA]
TOTAL FM JAN 1 8 HIGHEST SLP M ON M
DPTR FM NORMAL 2 LOWEST SLP 29.33 ON 31
[REMARKS]
#FINAL-08-22#