000
CXAK56 PAFC 011029
CF6BET
PRELIMINARY LOCAL CLIMATOLOGICAL DATA (WS FORM: F-6)
STATION: BETHEL
MONTH: MARCH
YEAR: 2021
LATITUDE: 60 46 N
LONGITUDE: 161 48 W
TEMPERATURE IN F: :PCPN: SNOW: WIND :SUNSHINE: SKY :PK WND
================================================================================
1 2 3 4 5 6A 6B 7 8 9 10 11 12 13 14 15 16 17 18
12Z AVG MX 2MIN
DY MAX MIN AVG DEP HDD CDD WTR SNW DPTH SPD SPD DIR MIN PSBL S-S WX SPD DR
================================================================================
1 30 -1 15 2 50 0 M M M 13.0 26 150 M M 10 1 30 150
2 30 1 16 3 49 0 M M M 18.1 29 330 M M 10 18 36 330
3 1 -15 -7 -21 72 0 M M M 13.8 23 300 M M 4 18 30 310
4 21 -23 -1 -15 66 0 M M M 15.0 38 180 M M 6 12 48 190
5 20 0 10 -4 55 0 M M M 10.6 17 230 M M 5 19 20 220
6 33 8 21 7 44 0 M M M 11.7 26 170 M M 9 1 31 170
7 34 30 32 18 33 0 M M M 21.1 31 140 M M 7 38 160
8 36 16 26 12 39 0 M M M 23.6 41 170 M M 7 18 53 150
9 28 15 22 8 43 0 M M M 12.1 20 190 M M 4 1 22 190
10 20 -14 3 -11 62 0 M M M 12.8 23 330 M M 2 18 30 320
11 20 -14 3 -11 62 0 M M M 14.2 26 360 M M 6 128 33 230
12 7 -21 -7 -21 72 0 M M M 6.8 14 90 M M 0 18 16 90
13 27 -11 8 -6 57 0 M M M 11.0 31 180 M M 4 18 37 170
14 29 21 25 11 40 0 M M M 13.1 24 180 M M 9 1 28 180
15 27 20 24 9 41 0 M M M 5.7 12 180 M M 10 16 13 190
16 20 7 14 -1 51 0 M M M 11.7 20 290 M M 9 18 25 290
17 27 -5 11 -4 54 0 M M M 15.2 36 240 M M 5 19 52 240
18 6 -5 1 -14 64 0 M M M 5.5 12 300 M M 4 1 15 280
19 15 -14 1 -14 64 0 M M M 12.5 20 50 M M 5 128 23 40
20 23 13 18 3 47 0 M M M 11.8 21 40 M M 10 1 24 40
21 20 12 16 0 49 0 M M M 9.4 15 230 M M 10 1 17 240
22 14 -4 5 -11 60 0 M M M 13.6 22 320 M M 3 1 26 320
23 31 -7 12 -4 53 0 M M M 15.6 39 170 M M 6 128 49 180
24 32 29 31 15 34 0 M M M 12.3 24 220 M M 10 18 28 220
25 29 12 21 4 44 0 M M M 7.8 14 240 M M 9 12 16 240
26 27 16 22 5 43 0 M M M 12.2 21 240 M M 8 12 M M
27 18 6 12 -5 53 0 M M M 11.4 22 310 M M 8 18 27 310
28 34 10 22 4 43 0 M M M 27.8 43 160 M M 10 12 54 160
29 33 31 32 14 33 0 M M M 30.9 39 190 M M 10 12 47 180
30 31 5 18 0 47 0 M M M 18.2 26 290 M M 10 1 35 290
31 5 -4 1 -18 64 0 M M M 11.8 22 300 M M 4 1 26 300
================================================================================
SM 728 114 1588 0 M M 430.3 M 214
================================================================================
AV 23.5 3.7 13.9 FASTST M M 7 MAX(MPH)
MISC ----> 43 160 54 160
================================================================================
NOTES:
# LAST OF SEVERAL OCCURRENCES
COLUMN 17 PEAK WIND IN M.P.H.
PRELIMINARY LOCAL CLIMATOLOGICAL DATA (WS FORM: F-6) , PAGE 2
STATION: BETHEL
MONTH: MARCH
YEAR: 2021
LATITUDE: 60 46 N
LONGITUDE: 161 48 W
[TEMPERATURE DATA] [PRECIPITATION DATA] SYMBOLS USED IN COLUMN 16
AVERAGE MONTHLY: 13.6 TOTAL FOR MONTH: M 1 = FOG OR MIST
DPTR FM NORMAL: -1.6 DPTR FM NORMAL: M 2 = FOG REDUCING VISIBILITY
HIGHEST: 36 ON 8 GRTST 24HR 0.86 ON 4- 5 TO 1/4 MILE OR LESS
LOWEST: -23 ON 4 3 = THUNDER
SNOW, ICE PELLETS, HAIL 4 = ICE PELLETS
TOTAL MONTH: M 5 = HAIL
GRTST 24HR M ON M 6 = FREEZING RAIN OR DRIZZLE
GRTST DEPTH: M ON M 7 = DUSTSTORM OR SANDSTORM:
VSBY 1/2 MILE OR LESS
8 = SMOKE OR HAZE
[NO. OF DAYS WITH] [WEATHER - DAYS WITH] 9 = BLOWING SNOW
X = TORNADO
MAX 32 OR BELOW: 26 0.01 INCH OR MORE: 0
MAX 90 OR ABOVE: 0 0.10 INCH OR MORE: 0
MIN 32 OR BELOW: 31 0.50 INCH OR MORE: 0
MIN 0 OR BELOW: 14 1.00 INCH OR MORE: 0
[HDD (BASE 65) ]
TOTAL THIS MO. 1588 CLEAR (SCALE 0-3) 2
DPTR FM NORMAL 44 PTCLDY (SCALE 4-7) 16
TOTAL FM JUL 1 9665 CLOUDY (SCALE 8-10) 13
DPTR FM NORMAL -617
[CDD (BASE 65) ]
TOTAL THIS MO. 0
DPTR FM NORMAL 0 [PRESSURE DATA]
TOTAL FM JAN 1 0 HIGHEST SLP M ON M
DPTR FM NORMAL 0 LOWEST SLP 28.90 ON 2
[REMARKS]
#FINAL-03-21#