000
CXUS55 KCYS 012237
CF6BFF
PRELIMINARY LOCAL CLIMATOLOGICAL DATA (WS FORM: F-6)
STATION: SCOTTSBLUFF NE AIRPORT
MONTH: NOVEMBER
YEAR: 2022
LATITUDE: 41 52 N
LONGITUDE: 103 36 W
TEMPERATURE IN F: :PCPN: SNOW: WIND :SUNSHINE: SKY :PK WND
================================================================================
1 2 3 4 5 6A 6B 7 8 9 10 11 12 13 14 15 16 17 18
12Z AVG MX 2MIN
DY MAX MIN AVG DEP HDD CDD WTR SNW DPTH SPD SPD DIR MIN PSBL S-S WX SPD DR
================================================================================
1 76 26 51 8 14 0 0.00 0.0 0 5.9 20 180 M M 0 26 180
2 76 35 56 14 9 0 0.00 0.0 0 6.1 18 150 M M 0 8 25 150
3 51 27 39 -3 26 0 0.24 3.0 3 11.6 32 30 M M 4 1 41 40
4 44 16 30 -12 35 0 T T 0 5.4 21 270 M M 3 12 28 260
5 61 28 45 4 20 0 0.03 0.0 0 15.2 37 280 M M 2 1 56 250
6 45 31 38 -3 27 0 T 0.0 0 6.3 17 360 M M 6 1 23 360
7 49 37 43 3 22 0 0.00 0.0 0 21.6 36 150 M M 4 49 140
8 63 25 44 4 21 0 0.00 0.0 0 9.5 26 30 M M 2 12 37 30
9 32 24 28 -12 37 0 T T 0 9.5 22 360 M M 10 168 30 340
10 34 14 24 -15 41 0 0.00 0.0 0 11.0 24 330 M M 4 31 330
11 41 9 25 -14 40 0 0.00 0.0 0 6.5 18 330 M M 0 25 340
12 47 8 28 -11 37 0 0.00 0.0 0 5.5 10 80 M M 0 12 80
13 46 14 30 -8 35 0 0.00 0.0 0 11.4 29 340 M M 2 36 340
14 42 24 33 -5 32 0 0.00 0.0 0 12.7 25 320 M M 8 32 340
15 36 13 25 -13 40 0 T 0.1 0 11.5 29 300 M M 6 40 310
16 42 12 27 -10 38 0 T T 0 11.4 30 320 M M 8 39 310
17 33 10 22 -15 43 0 T T 0 16.1 29 330 M M 6 39 310
18 30 4 17 -19 48 0 0.00 0.0 0 10.8 21 320 M M 1 29 310
19 44 15 30 -6 35 0 0.00 0.0 0 9.2 20 300 M M 1 26 300
20 55 13 34 -2 31 0 0.00 0.0 0 8.7 18 300 M M 0 25 300
21 57 15 36 1 29 0 0.00 0.0 0 6.5 12 330 M M 0 15 320
22 57 20 39 4 26 0 0.00 0.0 0 6.8 14 280 M M 0 17 300
23 55 13 34 0 31 0 0.00 0.0 0 12.8 36 280 M M 2 48 270
24 50 20 35 1 30 0 0.00 0.0 0 10.3 23 320 M M 4 31 320
25 63 21 42 9 23 0 0.00 0.0 0 7.0 15 300 M M 0 20 300
26 61 20 41 8 24 0 0.03 0.5 0 9.4 22 10 M M 2 1 29 10
27 50 26 38 5 27 0 T T 0 9.0 25 260 M M 4 1 35 280
28 47 22 35 3 30 0 0.15 2.3 T 11.1 23 10 M M 5 1 32 260
29 22 -4 9 -23 56 0 0.10 1.5 3 7.8 17 320 M M 6 18 22 320
30 28 -8 10 -22 55 0 T T T 8.2 15 110 M M 0 18 20 100
================================================================================
SM 1437 530 962 0 0.55 7.4 294.8 M 90
================================================================================
AV 47.9 17.7 9.8 FASTST M M 3 MAX(MPH)
MISC ----> 37 280 56 250
================================================================================
NOTES:
# LAST OF SEVERAL OCCURRENCES
COLUMN 17 PEAK WIND IN M.P.H.
PRELIMINARY LOCAL CLIMATOLOGICAL DATA (WS FORM: F-6) , PAGE 2
STATION: SCOTTSBLUFF NE AIRPORT
MONTH: NOVEMBER
YEAR: 2022
LATITUDE: 41 52 N
LONGITUDE: 103 36 W
[TEMPERATURE DATA] [PRECIPITATION DATA] SYMBOLS USED IN COLUMN 16
AVERAGE MONTHLY: 32.8 TOTAL FOR MONTH: 0.55 1 = FOG OR MIST
DPTR FM NORMAL: -4.4 DPTR FM NORMAL: -0.04 2 = FOG REDUCING VISIBILITY
HIGHEST: 76 ON 2, 1 GRTST 24HR 0.25 ON 28-29 TO 1/4 MILE OR LESS
LOWEST: -8 ON 30 3 = THUNDER
SNOW, ICE PELLETS, HAIL 4 = ICE PELLETS
TOTAL MONTH: 7.4 INCHES 5 = HAIL
GRTST 24HR 3.0 ON 3- 3 6 = FREEZING RAIN OR DRIZZLE
GRTST DEPTH: 3 ON 29, 3 7 = DUSTSTORM OR SANDSTORM:
VSBY 1/2 MILE OR LESS
8 = SMOKE OR HAZE
[NO. OF DAYS WITH] [WEATHER - DAYS WITH] 9 = BLOWING SNOW
X = TORNADO
MAX 32 OR BELOW: 4 0.01 INCH OR MORE: 5
MAX 90 OR ABOVE: 0 0.10 INCH OR MORE: 3
MIN 32 OR BELOW: 28 0.50 INCH OR MORE: 0
MIN 0 OR BELOW: 2 1.00 INCH OR MORE: 0
[HDD (BASE 65) ]
TOTAL THIS MO. 962 CLEAR (SCALE 0-3) 17
DPTR FM NORMAL 128 PTCLDY (SCALE 4-7) 12
TOTAL FM JUL 1 1427 CLOUDY (SCALE 8-10) 1
DPTR FM NORMAL -40
[CDD (BASE 65) ]
TOTAL THIS MO. 0
DPTR FM NORMAL 0 [PRESSURE DATA]
TOTAL FM JAN 1 1193 HIGHEST SLP 30.60 ON 18
DPTR FM NORMAL 340 LOWEST SLP 29.34 ON 5
[REMARKS]
#FINAL-11-22#