000
CXUS56 KHNX 011420
CF6BFL
PRELIMINARY LOCAL CLIMATOLOGICAL DATA (WS FORM: F-6)
STATION: BAKERSFIELD CA
MONTH: SEPTEMBER
YEAR: 2021
LATITUDE: 35 25 N
LONGITUDE: 119 3 W
TEMPERATURE IN F: :PCPN: SNOW: WIND :SUNSHINE: SKY :PK WND
================================================================================
1 2 3 4 5 6A 6B 7 8 9 10 11 12 13 14 15 16 17 18
12Z AVG MX 2MIN
DY MAX MIN AVG DEP HDD CDD WTR SNW DPTH SPD SPD DIR MIN PSBL S-S WX SPD DR
================================================================================
1 94 70 82 0 0 17 0.00 0.0 0 8.0 15 310 M M 0 8 20 320
2 92 65 79 -2 0 14 0.00 0.0 0 6.1 15 300 M M 0 8 19 320
3 93 63 78 -3 0 13 0.00 0.0 0 5.0 14 320 M M 0 8 16 300
4 96 67 82 1 0 17 0.00 0.0 0 4.4 14 300 M M 0 8 18 290
5 97 69 83 2 0 18 0.00 0.0 0 3.6 13 310 M M 0 8 17 320
6 102 73 88 7 0 23 0.00 0.0 0 4.3 14 310 M M 0 8 17 300
7 103 76 90 10 0 25 0.00 0.0 0 4.7 14 300 M M 0 8 17 300
8 103 78 91 11 0 26 0.00 0.0 0 4.9 13 320 M M 1 8 16 320
9 108 77 93 13 0 28 T 0.0 0 6.4 18 340 M M 2 8 22 340
10 98 78 88 8 0 23 0.00 0.0 0 7.9 17 300 M M 0 8 22 290
11 97 73 85 5 0 20 0.00 0.0 0 5.3 15 310 M M 0 8 20 300
12 97 69 83 4 0 18 0.00 0.0 0 6.7 15 300 M M 0 8 19 330
13 98 71 85 6 0 20 0.00 0.0 0 5.3 15 320 M M 0 8 19 330
14 99 70 85 6 0 20 0.00 0.0 0 5.8 15 320 M M 0 8 20 320
15 96 71 84 5 0 19 0.00 0.0 0 6.2 14 310 M M 0 8 19 310
16 95 70 83 5 0 18 0.00 0.0 0 6.8 15 310 M M 0 8 19 340
17 92 65 79 1 0 14 0.00 0.0 0 4.8 14 320 M M 2 8 17 310
18 87 61 74 -4 0 9 0.00 0.0 0 7.3 13 320 M M 1 8 16 310
19 82 58 70 -8 0 5 0.00 0.0 0 7.2 15 360 M M 0 8 19 320
20 85 63 74 -3 0 9 0.00 0.0 0 4.7 15 310 M M 0 8 18 320
21 101 63 82 5 0 17 0.00 0.0 0 6.9 18 350 M M 2 8 23 350
22 99 70 85 8 0 20 0.00 0.0 0 5.3 15 330 M M 5 8 20 280
23 90 71 81 5 0 16 0.00 0.0 0 4.6 15 300 M M 1 8 17 310
24 88 68 78 2 0 13 0.00 0.0 0 2.3 8 90 M M 0 8 10 100
25 89 62 76 0 0 11 0.00 0.0 0 3.4 12 320 M M 1 8 13 320
26 86 65 76 1 0 11 0.00 0.0 0 2.5 8 340 M M 0 8 9 210
27 83 62 73 -2 0 8 0.00 0.0 0 4.4 13 320 M M 0 8 16 320
28 74 60 67 -8 0 2 0.00 0.0 0 6.8 18 320 M M 6 8 22 330
29 79 57 68 -6 0 3 0.00 0.0 0 4.8 13 310 M M 1 8 15 320
30 86 57 72 -2 0 7 0.00 0.0 0 4.4 14 300 M M 0 8 19 330
================================================================================
SM 2789 2022 0 464 T 0.0 160.8 M 22
================================================================================
AV 93.0 67.4 5.4 FASTST M M 1 MAX(MPH)
MISC ----> # 18 340 23 350
================================================================================
NOTES:
# LAST OF SEVERAL OCCURRENCES
COLUMN 17 PEAK WIND IN M.P.H.
PRELIMINARY LOCAL CLIMATOLOGICAL DATA (WS FORM: F-6) , PAGE 2
STATION: BAKERSFIELD CA
MONTH: SEPTEMBER
YEAR: 2021
LATITUDE: 35 25 N
LONGITUDE: 119 3 W
[TEMPERATURE DATA] [PRECIPITATION DATA] SYMBOLS USED IN COLUMN 16
AVERAGE MONTHLY: 80.2 TOTAL FOR MONTH: T 1 = FOG OR MIST
DPTR FM NORMAL: 2.0 DPTR FM NORMAL: -0.05 2 = FOG REDUCING VISIBILITY
HIGHEST: 108 ON 9 GRTST 24HR T ON 9- 9 TO 1/4 MILE OR LESS
LOWEST: 57 ON 30,29 3 = THUNDER
SNOW, ICE PELLETS, HAIL 4 = ICE PELLETS
TOTAL MONTH: 0.0 INCH 5 = HAIL
GRTST 24HR 0.0 6 = FREEZING RAIN OR DRIZZLE
GRTST DEPTH: 0 7 = DUSTSTORM OR SANDSTORM:
VSBY 1/2 MILE OR LESS
8 = SMOKE OR HAZE
[NO. OF DAYS WITH] [WEATHER - DAYS WITH] 9 = BLOWING SNOW
X = TORNADO
MAX 32 OR BELOW: 0 0.01 INCH OR MORE: 0
MAX 90 OR ABOVE: 20 0.10 INCH OR MORE: 0
MIN 32 OR BELOW: 0 0.50 INCH OR MORE: 0
MIN 0 OR BELOW: 0 1.00 INCH OR MORE: 0
[HDD (BASE 65) ]
TOTAL THIS MO. 0 CLEAR (SCALE 0-3) 28
DPTR FM NORMAL -1 PTCLDY (SCALE 4-7) 2
TOTAL FM JUL 1 0 CLOUDY (SCALE 8-10) 0
DPTR FM NORMAL 0
[CDD (BASE 65) ]
TOTAL THIS MO. 464
DPTR FM NORMAL 67 [PRESSURE DATA]
TOTAL FM JAN 1 2857 HIGHEST SLP 30.08 ON 22
DPTR FM NORMAL 571 LOWEST SLP 29.67 ON 9
[REMARKS]
#FINAL-09-21#