000
CXUS56 KHNX 011146
CF6BFL
PRELIMINARY LOCAL CLIMATOLOGICAL DATA (WS FORM: F-6)
STATION: BAKERSFIELD CA
MONTH: JULY
YEAR: 2020
LATITUDE: 35 25 N
LONGITUDE: 119 3 W
TEMPERATURE IN F: :PCPN: SNOW: WIND :SUNSHINE: SKY :PK WND
================================================================================
1 2 3 4 5 6A 6B 7 8 9 10 11 12 13 14 15 16 17 18
12Z AVG MX 2MIN
DY MAX MIN AVG DEP HDD CDD WTR SNW DPTH SPD SPD DIR MIN PSBL S-S WX SPD DR
================================================================================
1 97 71 84 2 0 19 0.00 0.0 0 8.0 22 330 M M 0 25 330
2 96 66 81 -1 0 16 0.00 0.0 0 9.4 20 320 M M 0 24 320
3 96 64 80 -2 0 15 0.00 0.0 0 7.0 17 310 M M 0 22 320
4 98 68 83 1 0 18 0.00 0.0 0 6.0 15 300 M M 0 8 20 290
5 99 69 84 2 0 19 0.00 0.0 0 6.6 15 290 M M 0 8 18 290
6 99 69 84 1 0 19 0.00 0.0 0 7.1 14 360 M M 0 19 330
7 95 66 81 -2 0 16 0.00 0.0 0 7.3 17 330 M M 0 21 330
8 97 68 83 0 0 18 0.00 0.0 0 5.7 15 310 M M 0 20 310
9 102 69 86 3 0 21 0.00 0.0 0 5.6 15 330 M M 0 20 310
10 101 73 87 3 0 22 0.00 0.0 0 6.2 15 310 M M 0 19 300
11 106 74 90 6 0 25 0.00 0.0 0 5.9 14 330 M M 0 17 300
12 108 77 93 9 0 28 0.00 0.0 0 6.4 15 310 M M 0 20 320
13 105 77 91 7 0 26 0.00 0.0 0 8.4 21 330 M M 0 25 330
14 99 69 84 0 0 19 0.00 0.0 0 8.6 16 320 M M 0 23 320
15 98 72 85 1 0 20 0.00 0.0 0 8.1 15 300 M M 0 8 22 300
16 99 72 86 2 0 21 0.00 0.0 0 7.7 15 330 M M 0 22 290
17 100 73 87 3 0 22 0.00 0.0 0 6.8 15 320 M M 0 21 310
18 101 73 87 3 0 22 0.00 0.0 0 6.9 14 310 M M 0 20 280
19 103 73 88 4 0 23 0.00 0.0 0 6.5 16 320 M M 0 20 300
20 100 72 86 1 0 21 0.00 0.0 0 7.4 16 320 M M 0 20 290
21 99 70 85 0 0 20 0.00 0.0 0 6.4 16 310 M M 0 21 320
22 98 71 85 0 0 20 0.00 0.0 0 7.8 20 320 M M 0 22 320
23 93 66 80 -5 0 15 0.00 0.0 0 7.8 16 330 M M 0 22 310
24 97 73 85 0 0 20 0.00 0.0 0 5.8 14 310 M M 0 20 320
25 99 71 85 0 0 20 0.00 0.0 0 7.6 16 320 M M 0 24 330
26 103 72 88 3 0 23 0.00 0.0 0 6.8 16 310 M M 0 19 310
27 101 74 88 3 0 23 0.00 0.0 0 5.4 15 290 M M 0 20 280
28 101 74 88 4 0 23 0.00 0.0 0 5.2 15 310 M M 0 21 300
29 103 73 88 4 0 23 0.00 0.0 0 6.2 17 310 M M 0 21 320
30 103 73 88 4 0 23 0.00 0.0 0 6.9 14 310 M M 0 19 320
31 101 73 87 3 0 22 0.00 0.0 0 6.9 14 290 M M 0 18 310
================================================================================
SM 3097 2205 0 642 0.00 0.0 214.4 M 0
================================================================================
AV 99.9 71.1 6.9 FASTST M M 0 MAX(MPH)
MISC ----> # 22 330 # 25 330
================================================================================
NOTES:
# LAST OF SEVERAL OCCURRENCES
COLUMN 17 PEAK WIND IN M.P.H.
PRELIMINARY LOCAL CLIMATOLOGICAL DATA (WS FORM: F-6) , PAGE 2
STATION: BAKERSFIELD CA
MONTH: JULY
YEAR: 2020
LATITUDE: 35 25 N
LONGITUDE: 119 3 W
[TEMPERATURE DATA] [PRECIPITATION DATA] SYMBOLS USED IN COLUMN 16
AVERAGE MONTHLY: 85.5 TOTAL FOR MONTH: 0.00 1 = FOG OR MIST
DPTR FM NORMAL: 1.7 DPTR FM NORMAL: 0.00 2 = FOG REDUCING VISIBILITY
HIGHEST: 108 ON 12 GRTST 24HR 0.00 ON 31-31 TO 1/4 MILE OR LESS
LOWEST: 64 ON 3 3 = THUNDER
SNOW, ICE PELLETS, HAIL 4 = ICE PELLETS
TOTAL MONTH: 0.0 INCH 5 = HAIL
GRTST 24HR 0.0 6 = FREEZING RAIN OR DRIZZLE
GRTST DEPTH: 0 7 = DUSTSTORM OR SANDSTORM:
VSBY 1/2 MILE OR LESS
8 = SMOKE OR HAZE
[NO. OF DAYS WITH] [WEATHER - DAYS WITH] 9 = BLOWING SNOW
X = TORNADO
MAX 32 OR BELOW: 0 0.01 INCH OR MORE: 0
MAX 90 OR ABOVE: 31 0.10 INCH OR MORE: 0
MIN 32 OR BELOW: 0 0.50 INCH OR MORE: 0
MIN 0 OR BELOW: 0 1.00 INCH OR MORE: 0
[HDD (BASE 65) ]
TOTAL THIS MO. 0 CLEAR (SCALE 0-3) 31
DPTR FM NORMAL 0 PTCLDY (SCALE 4-7) 0
TOTAL FM JUL 1 0 CLOUDY (SCALE 8-10) 0
DPTR FM NORMAL 0
[CDD (BASE 65) ]
TOTAL THIS MO. 642
DPTR FM NORMAL 59 [PRESSURE DATA]
TOTAL FM JAN 1 1431 HIGHEST SLP M ON M
DPTR FM NORMAL 202 LOWEST SLP 29.68 ON 1
[REMARKS]
#FINAL-07-20#