000
CXUS54 KAMA 010710
CF6BGD
PRELIMINARY LOCAL CLIMATOLOGICAL DATA (WS FORM: F-6)
STATION: BORGER
MONTH: APRIL
YEAR: 2022
LATITUDE: 35 42 N
LONGITUDE: 101 24 W
TEMPERATURE IN F: :PCPN: SNOW: WIND :SUNSHINE: SKY :PK WND
================================================================================
1 2 3 4 5 6A 6B 7 8 9 10 11 12 13 14 15 16 17 18
12Z AVG MX 2MIN
DY MAX MIN AVG DEP HDD CDD WTR SNW DPTH SPD SPD DIR MIN PSBL S-S WX SPD DR
================================================================================
1 73 42 58 2 7 0 0.04 M M 12.2 26 160 M M 4 3 39 160
2 77 36 57 0 8 0 0.00 M M 10.1 25 150 M M 0 39 120
3 76 51 64 7 1 0 0.00 M M 15.9 26 350 M M 0 39 150
4 68 50 59 2 6 0 0.00 M M 10.4 20 50 M M 3 27 40
5 92 50 71 14 0 6 0.00 M M 15.7 36 360 M M 1 8 50 350
6 63 39 51 -7 14 0 0.00 M M 16.2 35 330 M M 2 48 300
7 62 37 50 -8 15 0 0.00 M M 14.6 38 320 M M 3 59 330
8 70 34 52 -6 13 0 0.00 M M 9.5 23 310 M M 0 32 300
9 90 45 68 10 0 3 0.00 M M 17.0 31 210 M M 0 45 220
10 81 56 69 10 0 4 0.00 M M 13.2 30 20 M M 0 45 30
11 80 44 62 3 3 0 0.00 M M 14.4 29 10 M M 0 40 10
12 90 55 73 14 0 8 0.00 M M 21.4 38 220 M M 2 56 230
13 66 44 55 -4 10 0 0.00 M M 12.8 32 260 M M 2 48 250
14 75 34 55 -5 10 0 0.00 M M 10.7 23 120 M M 0 36 150
15 87 48 68 8 0 3 0.00 M M 10.0 24 230 M M 0 35 220
16 57 40 49 -11 16 0 0.00 M M 13.1 22 10 M M 5 32 350
17 77 34 56 -4 9 0 0.00 M M 7.7 20 10 M M 0 26 20
18 67 43 55 -5 10 0 0.00 M M 11.5 20 90 M M 0 27 90
19 71 48 60 -1 5 0 0.00 M M 20.1 33 140 M M 3 46 150
20 86 61 74 13 0 9 0.00 M M 13.7 32 180 M M 0 50 180
21 96 54 75 14 0 10 0.00 M M 10.9 25 170 M M 0 38 180
22 89 70 80 19 0 15 0.00 M M 24.5 40 140 M M 3 38 58 140
23 80 60 70 8 0 5 T M M 20.3 35 210 M M 3 8 56 180
24 71 47 59 -3 6 0 0.00 M M 11.9 29 360 M M 0 36 350
25 65 42 54 -8 11 0 0.00 M M 8.9 21 350 M M 3 29 20
26 76 40 58 -4 7 0 0.00 M M 12.5 24 150 M M 0 35 150
27 87 56 72 9 0 7 0.40 M M 16.8 31 120 M M 0 38 59 250
28 93 57 75 12 0 10 0.32 M M 12.1 22 210 M M 2 13 35 170
29 90 60 75 12 0 10 0.00 M M 16.2 36 340 M M 1 8 49 330
30 76 47 62 -2 3 0 0.00 M M 8.5 22 340 M M 0 35 310
================================================================================
SM 2331 1424 154 90 0.76 M 412.8 M 37
================================================================================
AV 77.7 47.5 13.8 FASTST M M 1 MAX(MPH)
MISC ----> 40 140 # 59 330
================================================================================
NOTES:
# LAST OF SEVERAL OCCURRENCES
COLUMN 17 PEAK WIND IN M.P.H.
PRELIMINARY LOCAL CLIMATOLOGICAL DATA (WS FORM: F-6) , PAGE 2
STATION: BORGER
MONTH: APRIL
YEAR: 2022
LATITUDE: 35 42 N
LONGITUDE: 101 24 W
[TEMPERATURE DATA] [PRECIPITATION DATA] SYMBOLS USED IN COLUMN 16
AVERAGE MONTHLY: 62.6 TOTAL FOR MONTH: 0.76 1 = FOG OR MIST
DPTR FM NORMAL: 2.7 DPTR FM NORMAL: -0.81 2 = FOG REDUCING VISIBILITY
HIGHEST: 96 ON 21 GRTST 24HR 0.72 ON 27-28 TO 1/4 MILE OR LESS
LOWEST: 34 ON 17,14 3 = THUNDER
SNOW, ICE PELLETS, HAIL 4 = ICE PELLETS
TOTAL MONTH: M 5 = HAIL
GRTST 24HR M ON M 6 = FREEZING RAIN OR DRIZZLE
GRTST DEPTH: M ON M 7 = DUSTSTORM OR SANDSTORM:
VSBY 1/2 MILE OR LESS
8 = SMOKE OR HAZE
[NO. OF DAYS WITH] [WEATHER - DAYS WITH] 9 = BLOWING SNOW
X = TORNADO
MAX 32 OR BELOW: 0 0.01 INCH OR MORE: 3
MAX 90 OR ABOVE: 6 0.10 INCH OR MORE: 2
MIN 32 OR BELOW: 0 0.50 INCH OR MORE: 0
MIN 0 OR BELOW: 0 1.00 INCH OR MORE: 0
[HDD (BASE 65) ]
TOTAL THIS MO. 154 CLEAR (SCALE 0-3) 25
DPTR FM NORMAL -50 PTCLDY (SCALE 4-7) 5
TOTAL FM JUL 1 2952 CLOUDY (SCALE 8-10) 0
DPTR FM NORMAL -511
[CDD (BASE 65) ]
TOTAL THIS MO. 90
DPTR FM NORMAL 39 [PRESSURE DATA]
TOTAL FM JAN 1 98 HIGHEST SLP M ON M
DPTR FM NORMAL 34 LOWEST SLP 29.23 ON 12
[REMARKS]
#FINAL-04-22#