000
CXUS51 KBGM 010926
CLSBGM
CLIMATE REPORT
NATIONAL WEATHER SERVICE BINGHAMTON, NY
426 AM EST THU DEC 01 2022
...................................
...THE BINGHAMTON NY CLIMATE SUMMARY FOR THE SEASON, FROM
9/1/2022 TO 11/30/2022...
CLIMATE NORMAL PERIOD 1991 TO 2020
CLIMATE RECORD PERIOD 1951 TO 2022
WEATHER OBSERVED NORMAL DEPART LAST YEAR`S
VALUE DATE(S) VALUE FROM VALUE DATE(S)
NORMAL
................................................................
TEMPERATURE (F)
RECORD
HIGH 96 09/03/1953
09/02/1953
LOW 0 11/23/2018
HIGHEST 77 09/09 56 21 77 09/14
09/10
09/18
09/18
LOWEST 17 11/20 40 -23 19 11/24
AVG. MAXIMUM 58.0 57.2 0.8 58.4
AVG. MINIMUM 41.7 40.6 1.1 43.3
MEAN 49.9 48.9 1.0 50.8
DAYS MAX >= 90 0 0.1 -0.1 0
DAYS MAX <= 32 3 3.6 -0.6 5
DAYS MIN <= 32 23 23.8 -0.8 24
DAYS MIN <= 0 0 0.0 0.0 0
PRECIPITATION (INCHES)
RECORD
MAXIMUM 23.75 2011
MINIMUM 3.62 1964
TOTALS 13.41 10.88 2.53 13.05
DAILY AVG. 0.15 0.12 0.03 0.14
DAYS >= .01 40 38.5 1.5 46
DAYS >= .10 25 20.3 4.7 23
DAYS >= .50 8 6.5 1.5 8
DAYS >= 1.00 3 2.4 0.6 4
GREATEST
24 HR. TOTAL 2.57 09/05 TO 09/06 2.49 10/26 TO 10/26
STORM TOTAL MM 2.49
(MM/DD(HH)) MM
SNOWFALL (INCHES)
RECORDS
TOTAL 33.9 1995
24 HR TOTAL 12.9 11/20/2016 TO 11/21/2016
SNOW DEPTH 15 11/22/2016
TOTALS 4.4 7.8 -3.4 5.6
SINCE 7/1 4.4 7.8 -3.4 MM
SNOWDEPTH AVG. 0 0
DAYS >= TRACE 13 6.8 6.2 14
DAYS >= 1.0 2 2.7 -0.7 2
GREATEST
SNOW DEPTH 1 11/16 2 11/29
11/30
11/28
24 HR TOTAL MM 1.6 11/28 TO 11/28
STORM TOTAL MM 1.6
(MM/DD(HH)) MM
DEGREE DAYS
HEATING TOTAL 1380 1500 -120 1287
SINCE 7/1 1387 1557 -170 MM
COOLING TOTAL 23 36 -13 21
SINCE 1/1 466 384 82 MM
FREEZE DATES
RECORD
EARLIEST 09/20/1993
LATEST 05/25/1956
EARLIEST 10/18
LATEST 04/29
................................................................
WIND (MPH)
AVERAGE WIND SPEED 7.6
RESULTANT WIND SPEED/DIRECTION 3/250
HIGHEST WIND SPEED/DIRECTION 30/290 DATE 11/20
HIGHEST GUST SPEED/DIRECTION 40/280 DATE 11/30
SKY COVER
POSSIBLE SUNSHINE (PERCENT) MM
AVERAGE SKY COVER MM
NUMBER OF DAYS FAIR 36
NUMBER OF DAYS PC 27
NUMBER OF DAYS CLOUDY 28
AVERAGE RH (PERCENT) 74
WEATHER CONDITIONS. NUMBER OF DAYS WITH
THUNDERSTORM 5 MIXED PRECIP 0
HEAVY RAIN 12 RAIN 18
LIGHT RAIN 43 FREEZING RAIN 0
LT FREEZING RAIN 2 HAIL 0
HEAVY SNOW 1 SNOW 2
LIGHT SNOW 12 SLEET 0
FOG 44 FOG W/VIS <= 1/4 MILE 15
HAZE 2
- INDICATES NEGATIVE NUMBERS.
R INDICATES RECORD WAS SET OR TIED.
MM INDICATES DATA IS MISSING.
T INDICATES TRACE AMOUNT.
$$