000
CXUS51 KCAR 010700
CF6BGR
PRELIMINARY LOCAL CLIMATOLOGICAL DATA (WS FORM: F-6)
STATION: BANGOR ME
MONTH: APRIL
YEAR: 2022
LATITUDE: 44 47 N
LONGITUDE: 68 49 W
TEMPERATURE IN F: :PCPN: SNOW: WIND :SUNSHINE: SKY :PK WND
================================================================================
1 2 3 4 5 6A 6B 7 8 9 10 11 12 13 14 15 16 17 18
12Z AVG MX 2MIN
DY MAX MIN AVG DEP HDD CDD WTR SNW DPTH SPD SPD DIR MIN PSBL S-S WX SPD DR
================================================================================
1 53 39 46 9 19 0 0.18 0.0 0 7.3 22 170 M M 10 12 28 180
2 48 32 40 3 25 0 0.00 0.0 0 14.5 30 320 M M 5 41 330
3 51 24 38 1 27 0 0.00 0.0 0 4.1 13 190 M M 6 16 200
4 53 30 42 4 23 0 T T 0 13.8 29 340 M M 5 36 340
5 57 26 42 4 23 0 0.00 0.0 0 5.9 20 320 M M 1 30 320
6 61 24 43 4 22 0 0.00 0.0 0 2.4 16 180 M M 2 19 180
7 56 27 42 3 23 0 T 0.0 0 6.6 16 130 M M 8 21 120
8 50 40 45 5 20 0 1.44 0.0 0 11.0 25 110 M M 9 12 33 110
9 57 34 46 6 19 0 0.08 0.0 0 6.0 18 140 M M 9 12 23 140
10 53 40 47 7 18 0 T 0.0 0 13.1 25 330 M M 9 32 330
11 61 35 48 7 17 0 0.01 0.0 0 9.7 24 320 M M 5 29 320
12 61 35 48 7 17 0 T 0.0 0 5.7 16 310 M M 7 22 300
13 60 34 47 5 18 0 0.34 0.0 0 3.9 15 220 M M 8 1 20 210
14 46 43 45 3 20 0 0.51 0.0 0 5.5 16 120 M M 10 1 19 120
15 63 42 53 10 12 0 0.01 0.0 0 6.2 15 170 M M 6 1 22 270
16 57 40 49 6 16 0 0.45 0.0 0 8.3 16 160 M M 8 1 23 170
17 48 38 43 -1 22 0 0.02 T 0 9.4 32 320 M M 7 1 41 320
18 56 33 45 1 20 0 0.00 0.0 0 7.2 18 320 M M 3 23 200
19 50 38 44 0 21 0 0.81 0.0 0 14.7 28 110 M M 9 1 41 100
20 49 33 41 -4 24 0 0.00 0.0 0 10.9 25 310 M M 6 33 320
21 51 25 38 -7 27 0 0.02 0.0 0 12.3 24 190 M M 5 32 170
22 58 40 49 3 16 0 0.00 0.0 0 13.2 32 320 M M 5 41 320
23 56 32 44 -2 21 0 0.00 0.0 0 12.7 25 330 M M 4 31 350
24 61 29 45 -1 20 0 0.00 0.0 0 8.6 21 350 M M 2 30 350
25 60 32 46 -1 19 0 0.00 0.0 0 5.0 16 180 M M 7 19 190
26 51 39 45 -2 20 0 0.01 0.0 0 8.9 17 180 M M 9 21 190
27 56 41 49 1 16 0 0.83 0.0 0 7.9 24 330 M M 10 1 30 320
28 46 38 42 -6 23 0 0.25 0.0 0 19.3 32 320 M M 10 1 41 340
29 47 36 42 -7 23 0 T T 0 19.8 29 350 M M 10 34 350
30 56 34 45 -4 20 0 T 0.0 0 13.3 22 340 M M 8 37 340
================================================================================
SM 1632 1033 611 0 4.96 T 287.2 M 203
================================================================================
AV 54.4 34.4 9.6 FASTST M M 7 MAX(MPH)
MISC ----> # 32 320 41 100
================================================================================
NOTES:
# LAST OF SEVERAL OCCURRENCES
COLUMN 17 PEAK WIND IN M.P.H.
PRELIMINARY LOCAL CLIMATOLOGICAL DATA (WS FORM: F-6) , PAGE 2
STATION: BANGOR ME
MONTH: APRIL
YEAR: 2022
LATITUDE: 44 47 N
LONGITUDE: 68 49 W
[TEMPERATURE DATA] [PRECIPITATION DATA] SYMBOLS USED IN COLUMN 16
AVERAGE MONTHLY: 44.4 TOTAL FOR MONTH: 4.96 1 = FOG OR MIST
DPTR FM NORMAL: 1.6 DPTR FM NORMAL: 1.35 2 = FOG REDUCING VISIBILITY
HIGHEST: 63 ON 15 GRTST 24HR 1.44 ON 8- 8 TO 1/4 MILE OR LESS
LOWEST: 24 ON 6, 3 3 = THUNDER
SNOW, ICE PELLETS, HAIL 4 = ICE PELLETS
TOTAL MONTH: T 5 = HAIL
GRTST 24HR T ON 4- 4 6 = FREEZING RAIN OR DRIZZLE
GRTST DEPTH: 0 7 = DUSTSTORM OR SANDSTORM:
VSBY 1/2 MILE OR LESS
8 = SMOKE OR HAZE
[NO. OF DAYS WITH] [WEATHER - DAYS WITH] 9 = BLOWING SNOW
X = TORNADO
MAX 32 OR BELOW: 0 0.01 INCH OR MORE: 14
MAX 90 OR ABOVE: 0 0.10 INCH OR MORE: 8
MIN 32 OR BELOW: 10 0.50 INCH OR MORE: 4
MIN 0 OR BELOW: 0 1.00 INCH OR MORE: 1
[HDD (BASE 65) ]
TOTAL THIS MO. 611 CLEAR (SCALE 0-3) 4
DPTR FM NORMAL -55 PTCLDY (SCALE 4-7) 16
TOTAL FM JUL 1 6793 CLOUDY (SCALE 8-10) 10
DPTR FM NORMAL -402
[CDD (BASE 65) ]
TOTAL THIS MO. 0
DPTR FM NORMAL 0 [PRESSURE DATA]
TOTAL FM JAN 1 0 HIGHEST SLP 30.60 ON 21
DPTR FM NORMAL 0 LOWEST SLP 29.31 ON 1
[REMARKS]
#FINAL-04-22#