645
CXUS55 KBYZ 011100
CF6BHK
PRELIMINARY LOCAL CLIMATOLOGICAL DATA (WS FORM: F-6)
STATION: BAKER MT
MONTH: OCTOBER
YEAR: 2020
LATITUDE: 46 20 N
LONGITUDE: 104 15 W
TEMPERATURE IN F: :PCPN: SNOW: WIND :SUNSHINE: SKY :PK WND
================================================================================
1 2 3 4 5 6A 6B 7 8 9 10 11 12 13 14 15 16 17 18
12Z AVG MX 2MIN
DY MAX MIN AVG DEP HDD CDD WTR SNW DPTH SPD SPD DIR MIN PSBL S-S WX SPD DR
================================================================================
1 54 25 40 -10 25 0 0.00 M M 3.4 10 140 M M 0 13 330
2 64 30 47 -3 18 0 0.03 M M 9.9 28 320 M M 2 35 320
3 66 36 51 2 14 0 0.00 M M 4.7 13 10 M M 2 18 10
4 80 33 57 8 8 0 0.00 M M 6.6 18 250 M M 0 23 190
5 70 44 57 9 8 0 0.01 M M 10.9 24 320 M M 1 31 320
6 80 46 63 15 2 0 0.00 M M 12.7 28 270 M M 0 33 260
7 70 35 53 5 12 0 0.00 M M 8.2 18 110 M M 2 24 110
8 79 42 61 14 4 0 0.00 M M 11.1 22 150 M M 0 27 150
9 70 39 55 8 10 0 0.00 M M 6.3 14 310 M M 0 20 290
10 82 43 63 17 2 0 0.00 M M 12.4 24 150 M M 0 30 150
11 68 38 53 7 12 0 T M M 16.6 38 300 M M 4 50 290
12 66 34 50 4 15 0 0.03 M M 15.3 37 300 M M 4 49 300
13 60 34 47 2 18 0 0.14 M M 11.9 32 260 M M 5 1 42 260
14 51 29 40 -5 25 0 0.07 M M 17.1 31 300 M M 7 1 40 310
15 43 28 36 -8 29 0 0.03 M M 13.8 29 310 M M 6 18 39 310
16 48 30 39 -5 26 0 0.08 M M 11.2 23 270 M M 7 1 31 280
17 48 19 34 -10 31 0 0.01 M M 15.4 25 320 M M 6 1 30 330
18 31 16 24 -19 41 0 0.04 M M 7.0 13 280 M M 6 1 16 290
19 33 21 27 -16 38 0 0.17 M M 12.8 22 150 M M 10 16 26 150
20 36 24 30 -12 35 0 0.02 M M 11.2 28 300 M M 8 16 33 290
21 33 23 28 -14 37 0 0.07 M M 13.3 23 130 M M 9 1 27 130
22 29 7 18 -24 47 0 0.07 M M 12.4 21 130 M M 10 1 24 130
23 19 0 10 -31 55 0 T M M 6.9 17 120 M M 4 18 21 110
24 20 12 16 -25 49 0 0.02 M M 15.0 22 50 M M 10 1 26 80
25 17 3 10 -30 55 0 T M M M M M M M M 1 M M
26 25 -4 11 -29 54 0 0.00 M M M M M M M 0 M M
27 39 15 27 -13 38 0 0.00 M M 14.4 28 250 M M 0 35 250
28 42 30 36 -3 29 0 0.00 M M 7.9 14 270 M M 6 18 260
29 55 33 44 5 21 0 T M M 8.6 23 280 M M 3 26 270
30 67 32 50 12 15 0 0.00 M M 13.7 40 340 M M 2 48 280
31 49 22 36 -2 29 0 0.00 M M 17.4 41 310 M M 2 53 310
================================================================================
SM 1594 819 802 0 0.79 M 328.1 M 116
================================================================================
AV 51.4 26.4 11.3 FASTST M M 4 MAX(MPH)
MISC ----> 41 310 53 310
================================================================================
NOTES:
# LAST OF SEVERAL OCCURRENCES
COLUMN 17 PEAK WIND IN M.P.H.
PRELIMINARY LOCAL CLIMATOLOGICAL DATA (WS FORM: F-6) , PAGE 2
STATION: BAKER MT
MONTH: OCTOBER
YEAR: 2020
LATITUDE: 46 20 N
LONGITUDE: 104 15 W
[TEMPERATURE DATA] [PRECIPITATION DATA] SYMBOLS USED IN COLUMN 16
AVERAGE MONTHLY: 38.9 TOTAL FOR MONTH: 0.79 1 = FOG OR MIST
DPTR FM NORMAL: -5.0 DPTR FM NORMAL: -0.43 2 = FOG REDUCING VISIBILITY
HIGHEST: 82 ON 10 GRTST 24HR 0.21 ON 13-14 TO 1/4 MILE OR LESS
LOWEST: -4 ON 26 3 = THUNDER
SNOW, ICE PELLETS, HAIL 4 = ICE PELLETS
TOTAL MONTH: M 5 = HAIL
GRTST 24HR M ON M 6 = FREEZING RAIN OR DRIZZLE
GRTST DEPTH: M ON M 7 = DUSTSTORM OR SANDSTORM:
VSBY 1/2 MILE OR LESS
8 = SMOKE OR HAZE
[NO. OF DAYS WITH] [WEATHER - DAYS WITH] 9 = BLOWING SNOW
X = TORNADO
MAX 32 OR BELOW: 6 0.01 INCH OR MORE: 14
MAX 90 OR ABOVE: 0 0.10 INCH OR MORE: 2
MIN 32 OR BELOW: 19 0.50 INCH OR MORE: 0
MIN 0 OR BELOW: 2 1.00 INCH OR MORE: 0
[HDD (BASE 65) ]
TOTAL THIS MO. 802 CLEAR (SCALE 0-3) 14
DPTR FM NORMAL 149 PTCLDY (SCALE 4-7) 11
TOTAL FM JUL 1 1023 CLOUDY (SCALE 8-10) 6
DPTR FM NORMAL 47
[CDD (BASE 65) ]
TOTAL THIS MO. 0
DPTR FM NORMAL 0 [PRESSURE DATA]
TOTAL FM JAN 1 530 HIGHEST SLP 30.66 ON 23
DPTR FM NORMAL 60 LOWEST SLP 29.25 ON 11
[REMARKS]
#FINAL-10-20#