000
CXUS53 KBIS 011649
CLABIS

CLIMATE REPORT
NATIONAL WEATHER SERVICE BISMARCK ND
1035 AM CST WED JAN 1 2014

...................................

...THE BISMARCK ND CLIMATE SUMMARY FOR THE YEAR OF 2013...

CLIMATE NORMAL PERIOD 1981 TO 2010
CLIMATE RECORD PERIOD 1875 TO 2013

WEATHER         OBSERVED          NORMAL  DEPART
                 VALUE   DATE(S)  VALUE   FROM
                                          NORMAL
................................................
TEMPERATURE (F)
RECORD
 HIGH             114   07/06/1936
 LOW              -45   02/16/1936
                        01/13/1916
HIGHEST           102                MM      MM
LOWEST            -31                MM      MM
MEAN             41.2              43.0    -1.8

PRECIPITATION (INCHES)
RECORD
 MAXIMUM        30.92   1876
TOTALS          26.75             17.85    8.90

SNOWFALL (INCHES)
RECORDS
 TOTAL          101.6


TOTALS           52.2              51.2

DEGREE_DAYS
HEATING TOTAL    9131
COOLING TOTAL     555
.................................................



-  INDICATES NEGATIVE NUMBERS.
R  INDICATES RECORD WAS SET OR TIED.
MM INDICATES DATA IS MISSING.
T  INDICATES TRACE AMOUNT.
...................................

...THE DICKINSON ND CLIMATE SUMMARY FOR THE YEAR OF 2013...

CLIMATE NORMAL PERIOD 1981 TO 2010
CLIMATE RECORD PERIOD 1903 TO 2013

WEATHER         OBSERVED          NORMAL  DEPART
                 VALUE   DATE(S)  VALUE   FROM
                                          NORMAL
................................................
TEMPERATURE (F)
RECORD
 HIGH             114   07/06/1936
 LOW              -47   02/16/1936
HIGHEST            98                MM      MM
LOWEST            -29                MM      MM
MEAN             41.5              42.6    -1.1

PRECIPITATION (INCHES)
RECORD
 MAXIMUM        21.55   2005
TOTALS          21.36             15.77    5.59

SNOWFALL (INCHES)
RECORDS
 TOTAL            0.4   2000
TOTALS            0.0              35.5

DEGREE_DAYS
HEATING TOTAL    8815
COOLING TOTAL     386
.................................................



-  INDICATES NEGATIVE NUMBERS.
R  INDICATES RECORD WAS SET OR TIED.
MM INDICATES DATA IS MISSING.
T  INDICATES TRACE AMOUNT.
...................................

...THE JAMESTOWN ND CLIMATE SUMMARY FOR THE YEAR OF 2013...

CLIMATE NORMAL PERIOD 1981 TO 2010
CLIMATE RECORD PERIOD 1891 TO 2013

WEATHER         OBSERVED          NORMAL  DEPART
                 VALUE   DATE(S)  VALUE   FROM
                                          NORMAL
................................................
TEMPERATURE (F)
RECORD
 HIGH             118   07/06/1936
 LOW              -42   02/15/1936
HIGHEST           101                MM      MM
LOWEST            -23                MM      MM
MEAN             38.9              41.5    -2.6

PRECIPITATION (INCHES)
RECORD
 MAXIMUM        23.29   2010
TOTALS          15.99             18.77   -2.78

SNOWFALL (INCHES)
RECORDS
 TOTAL           24.9   2000
TOTALS            0.0              44.5

DEGREE_DAYS
HEATING TOTAL    9933
COOLING TOTAL     521
.................................................



-  INDICATES NEGATIVE NUMBERS.
R  INDICATES RECORD WAS SET OR TIED.
MM INDICATES DATA IS MISSING.
T  INDICATES TRACE AMOUNT.
...................................

...THE MINOT ND CLIMATE SUMMARY FOR THE YEAR OF 2013...

CLIMATE NORMAL PERIOD 1981 TO 2010
CLIMATE RECORD PERIOD 1905 TO 2013

WEATHER         OBSERVED          NORMAL  DEPART
                 VALUE   DATE(S)  VALUE   FROM
                                          NORMAL
................................................
TEMPERATURE (F)
RECORD
 HIGH             109   07/11/1936
                        06/20/1910
 LOW              -49   02/15/1936
HIGHEST            96                MM      MM
LOWEST            -27                MM      MM
MEAN             38.3              42.1    -3.8

PRECIPITATION (INCHES)
RECORD
 MAXIMUM        24.99   2013
TOTALS          24.99             17.19    7.80

SNOWFALL (INCHES)
RECORDS
 TOTAL            1.0   2000
TOTALS            0.0              46.1

DEGREE_DAYS
HEATING TOTAL   10018
COOLING TOTAL     421
.................................................



-  INDICATES NEGATIVE NUMBERS.
R  INDICATES RECORD WAS SET OR TIED.
MM INDICATES DATA IS MISSING.
T  INDICATES TRACE AMOUNT.
...................................

...THE WILLISTON ND CLIMATE SUMMARY FOR THE YEAR OF 2013...

CLIMATE NORMAL PERIOD 1981 TO 2010
CLIMATE RECORD PERIOD 1894 TO 2013

WEATHER         OBSERVED          NORMAL  DEPART
                 VALUE   DATE(S)  VALUE   FROM
                                          NORMAL
................................................
TEMPERATURE (F)
RECORD
 HIGH             110   07/05/1936
 LOW              -50   12/23/1983
                        02/16/1936
HIGHEST            97                MM      MM
LOWEST            -30                MM      MM
MEAN             39.7              41.6    -1.9

PRECIPITATION (INCHES)
RECORD
 MAXIMUM        21.28   2013
                        2010
TOTALS          21.28             14.37    6.91

SNOWFALL (INCHES)
RECORDS
 TOTAL           75.6   2010
TOTALS             MM              45.3

DEGREE_DAYS
HEATING TOTAL    9516
COOLING TOTAL     405
.................................................



-  INDICATES NEGATIVE NUMBERS.
R  INDICATES RECORD WAS SET OR TIED.
MM INDICATES DATA IS MISSING.
T  INDICATES TRACE AMOUNT.

$$
