000
CXUS53 KBIS 011647
CLABIS

CLIMATE REPORT
NATIONAL WEATHER SERVICE BISMARCK ND
1040 AM CST THU JAN 1 2015

...................................

...THE BISMARCK ND CLIMATE SUMMARY FOR THE YEAR OF 2014...

CLIMATE NORMAL PERIOD 1981 TO 2010
CLIMATE RECORD PERIOD 1875 TO 2014

WEATHER         OBSERVED          NORMAL  DEPART
                 VALUE   DATE(S)  VALUE   FROM
                                          NORMAL
................................................
TEMPERATURE (F)
RECORD
 HIGH             114   07/06/1936
 LOW              -45   02/16/1936
                        01/13/1916
HIGHEST            96                MM      MM
LOWEST            -23                MM      MM
MEAN             41.5              43.0    -1.5

PRECIPITATION (INCHES)
RECORD
 MAXIMUM        30.92   1876
TOTALS          13.92             17.85   -3.93

SNOWFALL (INCHES)
RECORDS
 TOTAL          101.6   5
                        0
                        0
TOTALS           33.7              51.2

DEGREE_DAYS
HEATING TOTAL    8887
COOLING TOTAL     457
.................................................



-  INDICATES NEGATIVE NUMBERS.
R  INDICATES RECORD WAS SET OR TIED.
MM INDICATES DATA IS MISSING.
T  INDICATES TRACE AMOUNT.
...................................

...THE DICKINSON ND CLIMATE SUMMARY FOR THE YEAR OF 2014...

CLIMATE NORMAL PERIOD 1981 TO 2010
CLIMATE RECORD PERIOD 1903 TO 2014

WEATHER         OBSERVED          NORMAL  DEPART
                 VALUE   DATE(S)  VALUE   FROM
                                          NORMAL
................................................
TEMPERATURE (F)
RECORD
 HIGH             114   07/06/1936
 LOW              -47   02/16/1936
HIGHEST            93                MM      MM
LOWEST            -20                MM      MM
MEAN             40.7              42.6    -1.9

PRECIPITATION (INCHES)
RECORD
 MAXIMUM        23.20   2013
TOTALS          21.86             15.77    6.09

SNOWFALL (INCHES)
RECORDS
 TOTAL            0.4   2000
TOTALS             MM              35.5

DEGREE_DAYS
HEATING TOTAL    8959
COOLING TOTAL     256
.................................................



-  INDICATES NEGATIVE NUMBERS.
R  INDICATES RECORD WAS SET OR TIED.
MM INDICATES DATA IS MISSING.
T  INDICATES TRACE AMOUNT.
...................................

...THE JAMESTOWN ND CLIMATE SUMMARY FOR THE YEAR OF 2014...

CLIMATE NORMAL PERIOD 1981 TO 2010
CLIMATE RECORD PERIOD 1891 TO 2014

WEATHER         OBSERVED          NORMAL  DEPART
                 VALUE   DATE(S)  VALUE   FROM
                                          NORMAL
................................................
TEMPERATURE (F)
RECORD
 HIGH             118   07/06/1936
 LOW              -42   02/15/1936
HIGHEST            94                MM      MM
LOWEST            -29                MM      MM
MEAN             39.5              41.5    -2.0

PRECIPITATION (INCHES)
RECORD
 MAXIMUM        23.29   2010
TOTALS          21.03             18.77    2.26

SNOWFALL (INCHES)
RECORDS
 TOTAL           24.9   2000
TOTALS             MM              44.5

DEGREE_DAYS
HEATING TOTAL    9489
COOLING TOTAL     367
.................................................



-  INDICATES NEGATIVE NUMBERS.
R  INDICATES RECORD WAS SET OR TIED.
MM INDICATES DATA IS MISSING.
T  INDICATES TRACE AMOUNT.
...................................

...THE MINOT ND CLIMATE SUMMARY FOR THE YEAR OF 2014...

CLIMATE NORMAL PERIOD 1981 TO 2010
CLIMATE RECORD PERIOD 1905 TO 2014

WEATHER         OBSERVED          NORMAL  DEPART
                 VALUE   DATE(S)  VALUE   FROM
                                          NORMAL
................................................
TEMPERATURE (F)
RECORD
 HIGH             109   07/11/1936
                        06/20/1910
 LOW              -49   02/15/1936
HIGHEST            93                MM      MM
LOWEST            -24                MM      MM
MEAN             39.6              42.1    -2.5

PRECIPITATION (INCHES)
RECORD
 MAXIMUM        24.99   2013
TOTALS          15.96             17.19   -1.23

SNOWFALL (INCHES)
RECORDS
 TOTAL            1.0   2000
TOTALS             MM              46.1

DEGREE_DAYS
HEATING TOTAL    9428
COOLING TOTAL     341
.................................................



-  INDICATES NEGATIVE NUMBERS.
R  INDICATES RECORD WAS SET OR TIED.
MM INDICATES DATA IS MISSING.
T  INDICATES TRACE AMOUNT.
...................................

...THE WILLISTON ND CLIMATE SUMMARY FOR THE YEAR OF 2014...

CLIMATE NORMAL PERIOD 1981 TO 2010
CLIMATE RECORD PERIOD 1894 TO 2014

WEATHER         OBSERVED          NORMAL  DEPART
                 VALUE   DATE(S)  VALUE   FROM
                                          NORMAL
................................................
TEMPERATURE (F)
RECORD
 HIGH             110   07/05/1936
 LOW              -50   12/23/1983
                        02/16/1936
HIGHEST            99                MM      MM
LOWEST            -25                MM      MM
MEAN             40.8              41.6    -0.8

PRECIPITATION (INCHES)
RECORD
 MAXIMUM        22.04   1896
TOTALS          10.69             14.37   -3.68

SNOWFALL (INCHES)
RECORDS
 TOTAL           75.6   2010
TOTALS            0.0              45.3

DEGREE_DAYS
HEATING TOTAL    9084
COOLING TOTAL     425
.................................................



-  INDICATES NEGATIVE NUMBERS.
R  INDICATES RECORD WAS SET OR TIED.
MM INDICATES DATA IS MISSING.
T  INDICATES TRACE AMOUNT.

$$
