000
CXUS53 KBIS 011212
CLMBIS

CLIMATE REPORT
NATIONAL WEATHER SERVICE BISMARCK ND
641 AM CDT WED OCT 1 2014

...................................

...THE BISMARCK ND CLIMATE SUMMARY FOR THE MONTH OF SEPTEMBER 2014...

CLIMATE NORMAL PERIOD 1981 TO 2010
CLIMATE RECORD PERIOD 1875 TO 2014

WEATHER         OBSERVED          NORMAL  DEPART  LAST YEAR`S
                 VALUE   DATE(S)  VALUE   FROM    VALUE  DATE(S)
                                          NORMAL
................................................................
TEMPERATURE (F)
RECORD
 HIGH             105   09/08/1959
                        09/07/1931
 LOW               10   09/30/1876
HIGHEST            93   09/26                         94  09/06
                        09/25
LOWEST             31   09/15                         37  09/21
AVG. MAXIMUM     74.3              72.1     2.2     76.5
AVG. MINIMUM     46.1              45.0     1.1     51.2
MEAN             60.2              58.5     1.7     63.8
DAYS MAX >= 90      3               1.7     1.3        2
DAYS MAX <= 32      0               0.0     0.0        0
DAYS MIN <= 32      1               1.7    -0.7        0
DAYS MIN <= 0       0               0.0     0.0        0

PRECIPITATION (INCHES)
RECORD
 MAXIMUM         6.93   1977
 MINIMUM         0.02   1948
TOTALS           0.37              1.59   -1.22     4.36
DAILY AVG.       0.01              0.05   -0.04     0.15
DAYS >= .01         4               7.5    -3.5       10
DAYS >= .10         2               3.3    -1.3        6
DAYS >= .50         0               0.9    -0.9        2
DAYS >= 1.00        0               0.3    -0.3        2
GREATEST
 24 HR. TOTAL    0.17   09/09 TO 09/10              1.90

DEGREE_DAYS
HEATING TOTAL     188               231     -43
 SINCE 7/1        250               286     -36
COOLING TOTAL      51                38      13
 SINCE 1/1        457               519     -62
.................................................................

WIND (MPH)
HIGHEST WIND SPEED/DIRECTION    32/160    DATE  09/26
HIGHEST GUST SPEED/DIRECTION    40/330    DATE  09/20

SKY COVER
POSSIBLE SUNSHINE (PERCENT)   MM
NUMBER OF DAYS FAIR           20
NUMBER OF DAYS PC              4
NUMBER OF DAYS CLOUDY          6


WEATHER CONDITIONS. NUMBER OF DAYS WITH
THUNDERSTORM              0     MIXED PRECIP               0
HEAVY RAIN                0     RAIN                       3
LIGHT RAIN                6     FREEZING RAIN              0
LT FREEZING RAIN          0     HAIL                       0
HEAVY SNOW                0     SNOW                       0
LIGHT SNOW                0     SLEET                      0
FOG                      10     FOG W/VIS <= 1/4 MILE      0
HAZE                      3

-  INDICATES NEGATIVE NUMBERS.
R  INDICATES RECORD WAS SET OR TIED.
MM INDICATES DATA IS MISSING.
T  INDICATES TRACE AMOUNT.

$$

SEPTEMBER 2014 WAS SLIGHTLY WARMER THAN NORMAL...AND DRIER THAN
NORMAL. THE AVERAGE MONTHLY TEMPERATURE FOR SEPTEMBER WAS 60.2 DEGREES
FAHRENHEIT...WHICH WAS 1.7 DEGREES WARMER THAN THE NORMAL AVERAGE OF
58.5. TOTAL PRECIPITATION WAS 0.37 INCHES...WHICH WAS 1.22 INCHES
BELOW THE NORMAL 1.59. THE MAXIMUM WIND WAS 32 MILES PER HOUR FROM 160
DEGREES WITH A PEAK GUST OF 40 MILES PER HOUR FROM 330 DEGREES. ON
SEPTEMBER 25TH...BISMARCK RECORDED A RECORD DAILY HIGH TEMPERATURE
OF 93 DEGREES FAHRENHEIT. THIS BREAKS THE OLD RECORD OF 92 DEGREES
SET IN 1902.

OCTOBER HIGH TEMPERATURES USUALLY START OUT IN THE MID 60S BEFORE
FALLING TO THE LOWER 50S BY MONTH`S END. LOWS BEGIN AROUND THE UPPER
30S AND FALL TO THE UPPER 20S BY THE END OF OCTOBER. FOR THIS
OCTOBER...EXPECT BELOW NORMAL TEMPERATURES ON AVERAGE...AND SLIGHTLY
ABOVE NORMAL PRECIPITATION CHANCES.

ZH
