631
CXUS53 KBIS 011330
CLMBIS


CLIMATE REPORT
NATIONAL WEATHER SERVICE BISMARCK ND
829 AM CDT WED JUN 1 2016

...................................

...THE BISMARCK ND CLIMATE SUMMARY FOR THE MONTH OF MAY 2016...

CLIMATE NORMAL PERIOD 1981 TO 2010
CLIMATE RECORD PERIOD 1875 TO 2016

WEATHER         OBSERVED          NORMAL  DEPART  LAST YEAR`S
                 VALUE   DATE(S)  VALUE   FROM    VALUE  DATE(S)
                                          NORMAL
................................................................
TEMPERATURE (F)
RECORD
 HIGH             102   05/30/1934
                        05/28/1934
 LOW               13   05/03/1907
HIGHEST            88   05/05                         87  05/02
LOWEST             30   05/01                         25  05/19
AVG. MAXIMUM     71.7              68.4     3.3     66.2
AVG. MINIMUM     42.6              42.6     0.0     41.6
MEAN             57.2              55.5     1.7     53.9
DAYS MAX >= 90      0               0.4    -0.4        0
DAYS MAX <= 32      0               0.0     0.0        0
DAYS MIN <= 32      3               3.5    -0.5        6
DAYS MIN <= 0       0               0.0     0.0        0

PRECIPITATION (INCHES)
RECORD
 MAXIMUM         7.37   2013
 MINIMUM         0.04   1901
TOTALS           1.96              2.40   -0.44     5.31
DAILY AVG.       0.06              0.08   -0.02     0.17
DAYS >= .01         9              10.1    -1.1       10
DAYS >= .10         6               5.4     0.6        7
DAYS >= .50         2               1.4     0.6        4
DAYS >= 1.00        0               0.4    -0.4        2
GREATEST
 24 HR. TOTAL    0.74   05/30 TO 05/31              2.46

DEGREE_DAYS
COOLING TOTAL      10                16      -6
 SINCE 1/1         10                17      -7
.................................................................

WIND (MPH)
HIGHEST WIND SPEED/DIRECTION    35/270    DATE  05/22
HIGHEST GUST SPEED/DIRECTION    46/270    DATE  05/22

SKY COVER
POSSIBLE SUNSHINE (PERCENT)   MM
NUMBER OF DAYS FAIR           19
NUMBER OF DAYS PC              8
NUMBER OF DAYS CLOUDY          4


WEATHER CONDITIONS. NUMBER OF DAYS WITH
THUNDERSTORM              0     MIXED PRECIP               0
HEAVY RAIN                4     RAIN                       7
LIGHT RAIN               12     FREEZING RAIN              0
LT FREEZING RAIN          0     HAIL                       0
HEAVY SNOW                0     SNOW                       0
LIGHT SNOW                0     SLEET                      0
FOG                      10     FOG W/VIS <= 1/4 MILE      1
HAZE                      6

-  INDICATES NEGATIVE NUMBERS.
R  INDICATES RECORD WAS SET OR TIED.
MM INDICATES DATA IS MISSING.
T  INDICATES TRACE AMOUNT.

$$
