000
CXUS53 KBIS 021417
CLMBIS

CLIMATE REPORT
NATIONAL WEATHER SERVICE BISMARCK ND
816 AM CST THU FEB 2 2017

...................................

...THE BISMARCK ND CLIMATE SUMMARY FOR THE MONTH OF JANUARY 2017...

CLIMATE NORMAL PERIOD 1981 TO 2010
CLIMATE RECORD PERIOD 1875 TO 2017

WEATHER         OBSERVED          NORMAL  DEPART  LAST YEAR`S
                 VALUE   DATE(S)  VALUE   FROM    VALUE  DATE(S)
                                          NORMAL
................................................................
TEMPERATURE (F)
RECORD
 HIGH              63   01/08/2002
 LOW              -45   01/13/1916
HIGHEST            43   01/30                         51  01/29
LOWEST            -30   01/07                        -23  01/10
AVG. MAXIMUM     20.3              23.4    -3.1     26.8
AVG. MINIMUM      1.9               2.2    -0.3      7.4
MEAN             11.1              12.8    -1.7     17.1
DAYS MAX >= 90      0               0.0     0.0        0
DAYS MAX <= 32     22              20.8     1.2       22
DAYS MIN <= 32     31              30.8     0.2       31
DAYS MIN <= 0      15              13.4     1.6        8

PRECIPITATION (INCHES)
RECORD
 MAXIMUM         1.64   1877
 MINIMUM         0.00   1878
TOTALS           0.64              0.43    0.21     0.21
DAILY AVG.       0.02              0.01    0.01     0.01
DAYS >= .01         8               7.5     0.5        5
DAYS >= .10         2               1.3     0.7        0
DAYS >= .50         0               0.1    -0.1        0
DAYS >= 1.00        0               0.0     0.0        0
GREATEST
 24 HR. TOTAL    0.34   01/01 TO 01/02              0.09

SNOWFALL (INCHES)
RECORDS
 TOTAL           25.0   5
                        0
                        -26215
TOTALS           15.2               8.9     6.3      3.0
SINCE 7/1        58.7              29.4    29.3     17.6
SNOWDEPTH AVG.     17                 4      13        4
DAYS >= 1.0         3               2.6     0.4        1
GREATEST
 SNOW DEPTH        21R  01/03                          5  01/21
                                                          01/20
                                                          01/19
 24 HR TOTAL      7.8   MM                           1.0

DEGREE_DAYS
HEATING TOTAL    1663              1618      45
 SINCE 7/1       4823              5118    -295
.................................................................

WIND (MPH)
HIGHEST WIND SPEED/DIRECTION    31/310    DATE  01/30
HIGHEST GUST SPEED/DIRECTION    48/320    DATE  01/30

SKY COVER
POSSIBLE SUNSHINE (PERCENT)   MM
NUMBER OF DAYS FAIR           14
NUMBER OF DAYS PC              6
NUMBER OF DAYS CLOUDY         11


WEATHER CONDITIONS. NUMBER OF DAYS WITH
THUNDERSTORM              0     MIXED PRECIP               0
HEAVY RAIN                0     RAIN                       0
LIGHT RAIN                1     FREEZING RAIN              0
LT FREEZING RAIN          0     HAIL                       0
HEAVY SNOW                1     SNOW                       1
LIGHT SNOW               15     SLEET                      0
FOG                      22     FOG W/VIS <= 1/4 MILE      5
HAZE                     14

-  INDICATES NEGATIVE NUMBERS.
R  INDICATES RECORD WAS SET OR TIED.
MM INDICATES DATA IS MISSING.
T  INDICATES TRACE AMOUNT.

$$

MM
