000
CXUS53 KBIS 011519
CLMBIS

CLIMATE REPORT
NATIONAL WEATHER SERVICE BISMARCK ND
808 AM CST WED JAN 1 2014

...................................

...THE BISMARCK ND CLIMATE SUMMARY FOR THE MONTH OF DECEMBER 2013...

CLIMATE NORMAL PERIOD 1981 TO 2010
CLIMATE RECORD PERIOD 1875 TO 2013

WEATHER         OBSERVED          NORMAL  DEPART  LAST YEAR`S
                 VALUE   DATE(S)  VALUE   FROM    VALUE  DATE(S)
                                          NORMAL
................................................................
TEMPERATURE (F)
RECORD
 HIGH              66   12/06/1939
 LOW              -43   12/31/1967
HIGHEST            44   12/27                         51  12/03
                        12/18
                        12/01
LOWEST            -31   12/23                        -18  12/24
AVG. MAXIMUM     17.9              26.2    -8.3     24.0
AVG. MINIMUM     -3.1               6.1    -9.2      6.6
MEAN              7.4              16.2    -8.8     15.3
DAYS MAX >= 90      0               0.0     0.0        0
DAYS MAX <= 32     23              18.8     4.2       25
DAYS MIN <= 32     31              30.8     0.2       31
DAYS MIN <= 0      19               9.6     9.4       10

PRECIPITATION (INCHES)
RECORD
 MAXIMUM         1.71   1884
 MINIMUM         0.00   1944
TOTALS           1.26              0.49    0.77     0.63
DAILY AVG.       0.04              0.02    0.02     0.02
DAYS >= .01        16               7.6     8.4       13
DAYS >= .10         5               1.3     3.7        2
DAYS >= .50         0               0.0     0.0        0
DAYS >= 1.00        0               0.0     0.0        0
GREATEST
 24 HR. TOTAL    0.38   12/03 TO 12/04              0.20

SNOWFALL (INCHES)
RECORDS
 TOTAL           33.3   2008
TOTALS           15.5               9.3     6.2     11.7
SINCE 7/1        17.1              20.5    -3.4     22.2
SNOWDEPTH AVG.      5                 3       2        4
DAYS >= 1.0         5               2.7     2.3        5
GREATEST
 SNOW DEPTH         7   12/31                          8  12/28
                        12/25                             12/27
                        12/24
 24 HR TOTAL      3.4   12/4                           3.0

DEGREE_DAYS
HEATING TOTAL    1775              1514     261
 SINCE 7/1       3730              3500     230
.................................................................

WIND (MPH)
HIGHEST WIND SPEED/DIRECTION    31/340    DATE  12/28
HIGHEST GUST SPEED/DIRECTION    41/340    DATE  12/28

SKY COVER
POSSIBLE SUNSHINE (PERCENT)   MM
NUMBER OF DAYS FAIR           10
NUMBER OF DAYS PC              9
NUMBER OF DAYS CLOUDY         12


WEATHER CONDITIONS. NUMBER OF DAYS WITH
THUNDERSTORM              0     MIXED PRECIP               0
HEAVY RAIN                0     RAIN                       0
LIGHT RAIN                0     FREEZING RAIN              0
LT FREEZING RAIN          1     HAIL                       0
HEAVY SNOW                1     SNOW                       1
LIGHT SNOW               20     SLEET                      0
FOG                      13     FOG W/VIS <= 1/4 MILE      0
HAZE                     17

-  INDICATES NEGATIVE NUMBERS.
R  INDICATES RECORD WAS SET OR TIED.
MM INDICATES DATA IS MISSING.
T  INDICATES TRACE AMOUNT.

$$

DECEMBER 2013 WAS MUCH COLDER THAN NORMAL. THE AVERAGE TEMPERATURE
FOR THE MONTH WAS 7.4 DEGREES...WHICH IS 8.8 DEGREES LOWER THAN THE
NORMAL 16.2 DEGREES. THE MAXIMUM TEMPERATURE REMAINED BELOW FREEZING
ON 23 DAYS AND BELOW ZERO ON 3 DAYS.  THE MINIMUM TEMPERATURE
DROPPED BELOW ZERO ON 19 DAYS OF THE MONTH. BETWEEN THE 4TH AND THE
8TH OF THE MONTH...THERE WERE 4 DAYS IN WHICH THE TEMPERATURE NEVER
ROSE ABOVE ZERO. THE HIGHEST TEMPERATURE FOR DECEMBER 2013 WAS 44
DEGREES WHICH OCCURRED ON THE 1ST...THE 18TH AND THE 27TH. THE
LOWEST TEMPERATURE DROPPED TO -31 DEGREES ON THE MORNING OF THE
23RD. A NEW RECORD LOW OF -22 DEGREES WAS SET ON DECEMBER 12TH.
THAT TEMPERATURE BROKE THE OLD RECORD TEMPERATURE OF -21 SET BACK IN
1945.

DECEMBER WAS ALSO WETTER THAN NORMAL. TOTAL LIQUID PRECIPITATION
MEASURED 1.26 INCHES...WHICH IS 0.77 INCH ABOVE THE NORMAL .49 INCH.
THE TOTAL SNOWFALL FOR THE MONTH WAS 15.5 INCHES WHICH IS 6.2 INCHES
ABOVE THE NORMAL 9.3 INCHES. SNOW FELL ON 22 DAYS DURING DECEMBER.
THE GREATEST SNOW DEPTH REACHED 7 INCHES FROM THE 22ND TO THE 25TH
AND AGAIN ON THE 31ST.

THE PEAK WIND GUST REACHED 41 MPH FROM THE NORTHWEST ON THE 28TH AND
THE HIGHEST WINDSPEED WAS 31 MPH...WHICH ALSO OCCURRED ON THE 28TH.
THE OUTLOOK FOR JANUARY 2014 APPEARS TO BE COLDER THAN NORMAL AND
SLIGHTLY WETTER MAINLY IN THE WESTERN PORTION OF THE STATE. HIGHS
NORMALLY START OUT IN THE LOWER 20S AND RISE TO THE MID 20S...AS
NORMAL LOWS BEGIN IN THE LOWER SINGLE DIGITS AND RISE SLIGHTLY TO
THE MIDDLE SINGLE DIGITS.
