000
CXUS53 KBIS 041322
CLMBIS


CLIMATE REPORT
NATIONAL WEATHER SERVICE BISMARCK ND
721 AM CST WED DEC 4 2013

...................................

...THE BISMARCK ND CLIMATE SUMMARY FOR THE MONTH OF NOVEMBER 2013...

CLIMATE NORMAL PERIOD 1981 TO 2010
CLIMATE RECORD PERIOD 1875 TO 2013

WEATHER         OBSERVED          NORMAL  DEPART  LAST YEAR`S
                 VALUE   DATE(S)  VALUE   FROM    VALUE  DATE(S)
                                          NORMAL
................................................................
TEMPERATURE (F)
RECORD
 HIGH              79   11/07/1999
 LOW              -30   11/29/1985
HIGHEST            56   11/02                         56  11/07
LOWEST            -11   11/23                          3  11/13
                                                          11/12
AVG. MAXIMUM     39.5              39.6    -0.1     37.8
AVG. MINIMUM     15.6              18.8    -3.2     19.4
MEAN             27.5              29.2    -1.7     28.6
DAYS MAX >= 90      0               0.0     0.0        0
DAYS MAX <= 32      7               8.8    -1.8        8
DAYS MIN <= 32     29              27.3     1.7       29
DAYS MIN <= 0       3               1.9     1.1        0

PRECIPITATION (INCHES)
RECORD
 MAXIMUM         3.10   1896
 MINIMUM         0.00   1990
TOTALS           0.09              0.71   -0.62     1.07
DAILY AVG.       0.00              0.02   -0.02     0.04
DAYS >= .01         4               7.0    -3.0        5
DAYS >= .10         0               1.9    -1.9        2
DAYS >= .50         0               0.3    -0.3        1
DAYS >= 1.00        0               0.0     0.0        0
GREATEST
 24 HR. TOTAL    0.03   11/20 TO 11/20              0.82
                        10/31 TO 11/01
                        11/01 TO 11/01

SNOWFALL (INCHES)
RECORDS
 TOTAL           31.0   5
                        0
                        -26215
TOTALS            0.6               8.8    -8.2     10.5
SINCE 7/1         1.6              11.2    -9.6     10.5
SNOWDEPTH AVG.      0                 3      -3        2
DAYS >= 1.0         0               2.3    -2.3        2
GREATEST
 SNOW DEPTH         1   11/20                          9  11/11
                                                          11/10
 24 HR TOTAL      0.6   MM                           9.1

DEGREE_DAYS
HEATING TOTAL    1117              1074      43
 SINCE 7/1       1955              1986     -31
.................................................................

WIND (MPH)
HIGHEST WIND SPEED/DIRECTION    30/310    DATE  11/08
HIGHEST GUST SPEED/DIRECTION    43/330    DATE  11/08

SKY COVER
POSSIBLE SUNSHINE (PERCENT)   MM
NUMBER OF DAYS FAIR           18
NUMBER OF DAYS PC              8
NUMBER OF DAYS CLOUDY          4


WEATHER CONDITIONS. NUMBER OF DAYS WITH
THUNDERSTORM              0     MIXED PRECIP               0
HEAVY RAIN                0     RAIN                       0
LIGHT RAIN                5     FREEZING RAIN              0
LT FREEZING RAIN          0     HAIL                       0
HEAVY SNOW                0     SNOW                       0
LIGHT SNOW                5     SLEET                      0
FOG                       3     FOG W/VIS <= 1/4 MILE      0
HAZE                      3

-  INDICATES NEGATIVE NUMBERS.
R  INDICATES RECORD WAS SET OR TIED.
MM INDICATES DATA IS MISSING.
T  INDICATES TRACE AMOUNT.

$$
