545
CXUS53 KBIS 011120
CLMBIS

CLIMATE REPORT
NATIONAL WEATHER SERVICE BISMARCK ND
614 AM CDT FRI JUL 1 2016

...................................

...THE BISMARCK ND CLIMATE SUMMARY FOR THE MONTH OF JUNE 2016...

CLIMATE NORMAL PERIOD 1981 TO 2010
CLIMATE RECORD PERIOD 1875 TO 2016

WEATHER         OBSERVED          NORMAL  DEPART  LAST YEAR`S
                 VALUE   DATE(S)  VALUE   FROM    VALUE  DATE(S)
                                          NORMAL
................................................................
TEMPERATURE (F)
RECORD
 HIGH             111   06/29/2002
 LOW               30   06/02/1969
HIGHEST            95   06/09                         92  06/29
LOWEST             43   06/02                         45  06/04
AVG. MAXIMUM     81.6              77.3     4.3     78.3
AVG. MINIMUM     54.4              52.0     2.4     54.4
MEAN             68.0              64.7     3.3     66.4
DAYS MAX >= 90      5               2.5     2.5        2
DAYS MAX <= 32      0               0.0     0.0        0
DAYS MIN <= 32      0               0.0     0.0        0
DAYS MIN <= 0       0               0.0     0.0        0

PRECIPITATION (INCHES)
RECORD
 MAXIMUM         9.90   1914
 MINIMUM         0.47   1936
TOTALS           4.38              3.17    1.21     4.98
DAILY AVG.       0.15              0.11    0.04     0.17
DAYS >= .01        11              11.2    -0.2       14
DAYS >= .10         4               6.2    -2.2       11
DAYS >= .50         2               2.1    -0.1        4
DAYS >= 1.00        1               0.7     0.3        0
GREATEST
 24 HR. TOTAL    2.62   06/14 TO 06/14              1.21
                        06/13 TO 06/14
                        06/14 TO 06/14

DEGREE_DAYS
COOLING TOTAL     126                83      43
 SINCE 1/1        136               100      36
.................................................................

WIND (MPH)
HIGHEST WIND SPEED/DIRECTION    45/260    DATE  06/17
HIGHEST GUST SPEED/DIRECTION    58/270    DATE  06/17

SKY COVER
POSSIBLE SUNSHINE (PERCENT)   MM
NUMBER OF DAYS FAIR           24
NUMBER OF DAYS PC              6
NUMBER OF DAYS CLOUDY          0


WEATHER CONDITIONS. NUMBER OF DAYS WITH
THUNDERSTORM              0     MIXED PRECIP               0
HEAVY RAIN                7     RAIN                       4
LIGHT RAIN               13     FREEZING RAIN              0
LT FREEZING RAIN          0     HAIL                       0
HEAVY SNOW                0     SNOW                       0
LIGHT SNOW                0     SLEET                      0
FOG                       5     FOG W/VIS <= 1/4 MILE      0
HAZE                      7

-  INDICATES NEGATIVE NUMBERS.
R  INDICATES RECORD WAS SET OR TIED.
MM INDICATES DATA IS MISSING.
T  INDICATES TRACE AMOUNT.

$$

ON JUNE 14TH...A RECORD RAINFALL OF 2.62 INCHES WAS SET AT BISMARCK.
THIS BREAKS THE OLD RECORD OF 1.94 INCHES SET IN 1970.
