000
CXUS53 KBIS 011301
CLMBIS

CLIMATE REPORT
NATIONAL WEATHER SERVICE BISMARCK ND
742 AM CDT THU OCT 1 2015

...................................

...THE BISMARCK ND CLIMATE SUMMARY FOR THE MONTH OF SEPTEMBER 2015...

CLIMATE NORMAL PERIOD 1981 TO 2010
CLIMATE RECORD PERIOD 1875 TO 2015

WEATHER         OBSERVED          NORMAL  DEPART  LAST YEAR`S
                 VALUE   DATE(S)  VALUE   FROM    VALUE  DATE(S)
                                          NORMAL
................................................................
TEMPERATURE (F)
RECORD
 HIGH             105   09/08/1959
                        09/07/1931
 LOW               10   09/30/1876
HIGHEST           101   09/03                         93  09/26
                                                          09/25
LOWEST             31   09/11                         31  09/15
AVG. MAXIMUM     80.2              72.1     8.1     74.3
AVG. MINIMUM     48.5              45.0     3.5     46.1
MEAN             64.3              58.5     5.8     60.2
DAYS MAX >= 90      5               1.7     3.3        3
DAYS MAX <= 32      0               0.0     0.0        0
DAYS MIN <= 32      2               1.7     0.3        1
DAYS MIN <= 0       0               0.0     0.0        0

PRECIPITATION (INCHES)
RECORD
 MAXIMUM         6.93   1977
 MINIMUM         0.02   1948
TOTALS           0.37              1.59   -1.22     0.37
DAILY AVG.       0.01              0.05   -0.04     0.01
DAYS >= .01         5               7.5    -2.5        4
DAYS >= .10         1               3.3    -2.3        2
DAYS >= .50         0               0.9    -0.9        0
DAYS >= 1.00        0               0.3    -0.3        0
GREATEST
 24 HR. TOTAL    0.25   09/18 TO 09/18              0.17

DEGREE_DAYS
HEATING TOTAL     110               231    -121
 SINCE 7/1        146               286    -140
COOLING TOTAL      98                38      60
 SINCE 1/1        619               519     100
.................................................................

WIND (MPH)
HIGHEST WIND SPEED/DIRECTION    29/180    DATE  09/26
HIGHEST GUST SPEED/DIRECTION    37/180    DATE  09/26

SKY COVER
POSSIBLE SUNSHINE (PERCENT)   MM
NUMBER OF DAYS FAIR           22
NUMBER OF DAYS PC              8
NUMBER OF DAYS CLOUDY          0


WEATHER CONDITIONS. NUMBER OF DAYS WITH
THUNDERSTORM              0     MIXED PRECIP               0
HEAVY RAIN                0     RAIN                       0
LIGHT RAIN                9     FREEZING RAIN              0
LT FREEZING RAIN          0     HAIL                       0
HEAVY SNOW                0     SNOW                       0
LIGHT SNOW                0     SLEET                      0
FOG                       9     FOG W/VIS <= 1/4 MILE      2
HAZE                      0

-  INDICATES NEGATIVE NUMBERS.
R  INDICATES RECORD WAS SET OR TIED.
MM INDICATES DATA IS MISSING.
T  INDICATES TRACE AMOUNT.

$$

SEPTEMBER 2015 WAS WARMER AND DRIER THAN NORMAL. THE AVERAGE MONTHLY
TEMPERATURE WAS 64.4 DEGREES WHICH WAS 5.9 DEGREES ABOVE THE NORMAL
58.5 DEGREES...RANKING AS THE 5TH OVERALL WARMEST SEPTEMBER. THERE
WAS ONE RECORD HIGH TEMPERATURE SET FOR BISMARCK...WHICH WAS A
STEAMY 101 DEGREES ON THE AFTERNOON OF THE 3RD. THERE WAS ALSO A
RECORD OVERNIGHT LOW THAT TIED A PREVIOUS RECORD OF 31 ON THE 11TH.

SEPTEMBER WAS ALSO A DRY MONTH. THE MONTHLY TOTAL PRECIPITATION
MEASURED 0.37 INCHES....1.22 INCHES BELOW THE NORMAL 1.59 INCHES.

ZH
