000
CXUS53 KBIS 011200
CLMBIS


CLIMATE REPORT
NATIONAL WEATHER SERVICE BISMARCK ND
657 AM CDT TUE OCT 1 2013

...................................

...THE BISMARCK ND CLIMATE SUMMARY FOR THE MONTH OF SEPTEMBER 2013...

CLIMATE NORMAL PERIOD 1981 TO 2010
CLIMATE RECORD PERIOD 1875 TO 2013

WEATHER         OBSERVED          NORMAL  DEPART  LAST YEAR`S
                 VALUE   DATE(S)  VALUE   FROM    VALUE  DATE(S)
                                          NORMAL
................................................................
TEMPERATURE (F)
RECORD
 HIGH             105   09/08/1959
                        09/07/1931
 LOW               10   09/30/1876
HIGHEST            94   09/06                        100  09/01
LOWEST             37   09/21                         22  09/22
AVG. MAXIMUM     76.5              72.1     4.4     77.3
AVG. MINIMUM     51.2              45.0     6.2     40.7
MEAN             63.8              58.5     5.3     59.0
DAYS MAX >= 90      2               1.7     0.3        3
DAYS MAX <= 32      0               0.0     0.0        0
DAYS MIN <= 32      0               1.7    -1.7        4
DAYS MIN <= 0       0               0.0     0.0        0

PRECIPITATION (INCHES)
RECORD
 MAXIMUM         6.93   1977
 MINIMUM         0.02   1948
TOTALS           4.36              1.59    2.77     0.05
DAILY AVG.       0.15              0.05    0.10     0.00
DAYS >= .01        10               7.5     2.5        2
DAYS >= .10         6               3.3     2.7        0
DAYS >= .50         2               0.9     1.1        0
DAYS >= 1.00        2               0.3     1.7        0
GREATEST
 24 HR. TOTAL    1.90   09/08 TO 09/09              0.04

DEGREE_DAYS
HEATING TOTAL     103               231    -128
 SINCE 7/1        131               286    -155
COOLING TOTAL      75                38      37
 SINCE 1/1        555               519      36
.................................................................

WIND (MPH)
HIGHEST WIND SPEED/DIRECTION    33/130    DATE  09/08
HIGHEST GUST SPEED/DIRECTION    44/290    DATE  09/30

SKY COVER
POSSIBLE SUNSHINE (PERCENT)   MM
NUMBER OF DAYS FAIR           19
NUMBER OF DAYS PC             10
NUMBER OF DAYS CLOUDY          1


WEATHER CONDITIONS. NUMBER OF DAYS WITH
THUNDERSTORM              0     MIXED PRECIP               0
HEAVY RAIN                4     RAIN                       6
LIGHT RAIN               13     FREEZING RAIN              0
LT FREEZING RAIN          0     HAIL                       0
HEAVY SNOW                0     SNOW                       0
LIGHT SNOW                0     SLEET                      0
FOG                       9     FOG W/VIS <= 1/4 MILE      1
HAZE                      5

-  INDICATES NEGATIVE NUMBERS.
R  INDICATES RECORD WAS SET OR TIED.
MM INDICATES DATA IS MISSING.
T  INDICATES TRACE AMOUNT.

$$
