000
CXUS53 KBIS 011124
CLMBIS


CLIMATE REPORT
NATIONAL WEATHER SERVICE BISMARCK ND
523 AM CST TUE MAR 1 2016

...................................

...THE BISMARCK ND CLIMATE SUMMARY FOR THE MONTH OF FEBRUARY 2016...

CLIMATE NORMAL PERIOD 1981 TO 2010
CLIMATE RECORD PERIOD 1875 TO 2016

WEATHER         OBSERVED          NORMAL  DEPART  LAST YEAR`S
                 VALUE   DATE(S)  VALUE   FROM    VALUE  DATE(S)
                                          NORMAL
................................................................
TEMPERATURE (F)
RECORD
 HIGH              73   02/27/2016
 LOW              -45   02/16/1936
HIGHEST            73R  02/27                         48  02/07
LOWEST              1   02/12                        -16  02/27
AVG. MAXIMUM     42.7              28.3    14.4     23.0
AVG. MINIMUM     22.4               7.9    14.5      1.1
MEAN             32.5              18.1    14.4     12.0
DAYS MAX >= 90      0               0.0     0.0        0
DAYS MAX <= 32      4              16.3   -12.3       22
DAYS MIN <= 32     26              27.4    -1.4       28
DAYS MIN <= 0       0               8.8    -8.8       16

PRECIPITATION (INCHES)
RECORD
 MAXIMUM         1.74   2000
 MINIMUM         0.03   1934
                        1985
TOTALS           0.43              0.51   -0.08     0.39
DAILY AVG.       0.01                MM      MM     0.01
DAYS >= .01        11               7.0     4.0       12
DAYS >= .10         1               1.6    -0.6        1
DAYS >= .50         0               0.0     0.0        0
DAYS >= 1.00        0               0.0     0.0        0
GREATEST
 24 HR. TOTAL    0.13   02/13 TO 02/13              0.12

SNOWFALL (INCHES)
RECORDS
 TOTAL           25.6   5
                        0
                        -26215
TOTALS            3.0               8.1    -5.1      5.4
SINCE 7/1        20.6              37.5   -16.9     22.9
SNOWDEPTH AVG.      0                MM      MM        1
DAYS >= 1.0         1               2.7    -1.7        2
GREATEST
 SNOW DEPTH         2   02/14                          3  02/05
                                                          02/04
 24 HR TOTAL      1.2   MM                           2.0

DEGREE_DAYS
HEATING TOTAL     935              1313    -378
 SINCE 7/1       5320              6473   -1153
.................................................................

WIND (MPH)
HIGHEST WIND SPEED/DIRECTION    48/320    DATE  02/07
HIGHEST GUST SPEED/DIRECTION    62/330    DATE  02/07

SKY COVER
POSSIBLE SUNSHINE (PERCENT)   MM
NUMBER OF DAYS FAIR            7
NUMBER OF DAYS PC             13
NUMBER OF DAYS CLOUDY          9


WEATHER CONDITIONS. NUMBER OF DAYS WITH
THUNDERSTORM              0     MIXED PRECIP               0
HEAVY RAIN                0     RAIN                       1
LIGHT RAIN                7     FREEZING RAIN              0
LT FREEZING RAIN          0     HAIL                       0
HEAVY SNOW                1     SNOW                       2
LIGHT SNOW               15     SLEET                      0
FOG                      11     FOG W/VIS <= 1/4 MILE      0
HAZE                      9

-  INDICATES NEGATIVE NUMBERS.
R  INDICATES RECORD WAS SET OR TIED.
MM INDICATES DATA IS MISSING.
T  INDICATES TRACE AMOUNT.

$$
