386
CXUS53 KBIS 011658
CLMBIS

CLIMATE REPORT
NATIONAL WEATHER SERVICE BISMARCK ND
1036 AM CST THU DEC 1 2016

...................................

...THE BISMARCK ND CLIMATE SUMMARY FOR THE MONTH OF NOVEMBER 2016...

CLIMATE NORMAL PERIOD 1981 TO 2010
CLIMATE RECORD PERIOD 1875 TO 2016

WEATHER         OBSERVED          NORMAL  DEPART  LAST YEAR`S
                 VALUE   DATE(S)  VALUE   FROM    VALUE  DATE(S)
                                          NORMAL
................................................................
TEMPERATURE (F)
RECORD
 HIGH              79   11/07/1999
 LOW              -30   11/29/1985
HIGHEST            76   11/05                         68  11/01
LOWEST              5   11/19                          1  11/27
AVG. MAXIMUM     52.7              39.6    13.1     46.0
AVG. MINIMUM     26.5              18.8     7.7     20.5
MEAN             39.6              29.2    10.4     33.3
DAYS MAX >= 90      0               0.0     0.0        0
DAYS MAX <= 32      2               8.8    -6.8        5
DAYS MIN <= 32     25              27.3    -2.3       25
DAYS MIN <= 0       0               1.9    -1.9        0

PRECIPITATION (INCHES)
RECORD
 MAXIMUM         3.10   1896
 MINIMUM         0.00   1990
TOTALS           1.42              0.71    0.71     0.21
DAILY AVG.       0.05              0.02    0.03     0.01
DAYS >= .01         5               7.0    -2.0        4
DAYS >= .10         3               1.9     1.1        1
DAYS >= .50         1               0.3     0.7        0
DAYS >= 1.00        0               0.0     0.0        0
GREATEST
 24 HR. TOTAL    0.60   11/29 TO 11/29              0.15

SNOWFALL (INCHES)
RECORDS
 TOTAL           31.0   5
                        0

TOTALS           19.0               8.8     10.2     1.7
SINCE 7/1        19.0              11.2     7.8      1.8
SNOWDEPTH AVG.      0                 3      -3        0
DAYS >= 1.0         3               2.3     0.7        1
GREATEST
 SNOW DEPTH       15  11/29                          0
 24 HR TOTAL      8.7                                1.5

DEGREE_DAYS
HEATING TOTAL     755              1074    -319
 SINCE 7/1       1480              1986    -506
.................................................................

WIND (MPH)
HIGHEST WIND SPEED/DIRECTION    31/330    DATE  11/29
HIGHEST GUST SPEED/DIRECTION    41/330    DATE  11/29

SKY COVER
POSSIBLE SUNSHINE (PERCENT)   MM
NUMBER OF DAYS FAIR           21
NUMBER OF DAYS PC              3
NUMBER OF DAYS CLOUDY          6


WEATHER CONDITIONS. NUMBER OF DAYS WITH
THUNDERSTORM              0     MIXED PRECIP               0
HEAVY RAIN                0     RAIN                       0
LIGHT RAIN                0     FREEZING RAIN              1
LT FREEZING RAIN          1     HAIL                       0
HEAVY SNOW                0     SNOW                       2
LIGHT SNOW                5     SLEET                      0
FOG                      12     FOG W/VIS <= 1/4 MILE      3
HAZE                      0

-  INDICATES NEGATIVE NUMBERS.
R  INDICATES RECORD WAS SET OR TIED.
MM INDICATES DATA IS MISSING.
T  INDICATES TRACE AMOUNT.

$$
