000
CXUS53 KBIS 011301
CLMBIS

CLIMATE REPORT
NATIONAL WEATHER SERVICE BISMARCK ND
758 AM CDT MON AUG 1 2016

...................................

...THE BISMARCK ND CLIMATE SUMMARY FOR THE MONTH OF JULY 2016...

CLIMATE NORMAL PERIOD 1981 TO 2010
CLIMATE RECORD PERIOD 1875 TO 2016

WEATHER         OBSERVED          NORMAL  DEPART  LAST YEAR`S
                 VALUE   DATE(S)  VALUE   FROM    VALUE  DATE(S)
                                          NORMAL
................................................................
TEMPERATURE (F)
RECORD
 HIGH             114   07/06/1936
 LOW               32   07/06/1884
HIGHEST            97   07/20                         95  07/23
LOWEST             44   07/01                         45  07/07
AVG. MAXIMUM     83.9              84.7    -0.8     84.9
AVG. MINIMUM     59.8              57.4     2.4     58.6
MEAN             71.8              71.1     0.7     71.8
DAYS MAX >= 90      8               8.0     0.0        8
DAYS MAX <= 32      0               0.0     0.0        0
DAYS MIN <= 32      0               0.0     0.0        0
DAYS MIN <= 0       0               0.0     0.0        0

PRECIPITATION (INCHES)
RECORD
 MAXIMUM        13.75   1993
 MINIMUM         0.10   1936
TOTALS           5.10              2.89    2.21     1.51
DAILY AVG.       0.16              0.09    0.07     0.05
DAYS >= .01        10               9.7     0.3        7
DAYS >= .10         9               5.6     3.4        4
DAYS >= .50         4               1.7     2.3        1
DAYS >= 1.00        2               0.5     1.5        0
GREATEST
 24 HR. TOTAL    1.62   07/10 TO 07/11              0.56

DEGREE_DAYS
COOLING TOTAL     229               204      25
 SINCE 1/1        365               304      61
.................................................................

WIND (MPH)
HIGHEST WIND SPEED/DIRECTION    44/130    DATE  07/09
HIGHEST GUST SPEED/DIRECTION    56/290    DATE  07/03

SKY COVER
POSSIBLE SUNSHINE (PERCENT)   MM
NUMBER OF DAYS FAIR           21
NUMBER OF DAYS PC              9
NUMBER OF DAYS CLOUDY          1


WEATHER CONDITIONS. NUMBER OF DAYS WITH
THUNDERSTORM              0     MIXED PRECIP               0
HEAVY RAIN                8     RAIN                       9
LIGHT RAIN               13     FREEZING RAIN              0
LT FREEZING RAIN          0     HAIL                       0
HEAVY SNOW                0     SNOW                       0
LIGHT SNOW                0     SLEET                      0
FOG                      10     FOG W/VIS <= 1/4 MILE      0
HAZE                      1

-  INDICATES NEGATIVE NUMBERS.
R  INDICATES RECORD WAS SET OR TIED.
MM INDICATES DATA IS MISSING.
T  INDICATES TRACE AMOUNT.

$$

ON JULY 30TH...A RECORD RAINFALL OF 1.21 INCHES WAS SET AT BISMARCK.
THIS BREAKS THE OLD RECORD OF 1.15 SET IN 1931.
