000
CXUS53 KBIS 011216
CLMBIS


CLIMATE REPORT
NATIONAL WEATHER SERVICE BISMARCK ND
714 AM CDT SUN JUN 1 2014

...................................

...THE BISMARCK ND CLIMATE SUMMARY FOR THE MONTH OF MAY 2014...

CLIMATE NORMAL PERIOD 1981 TO 2010
CLIMATE RECORD PERIOD 1875 TO 2014

WEATHER         OBSERVED          NORMAL  DEPART  LAST YEAR`S
                 VALUE   DATE(S)  VALUE   FROM    VALUE  DATE(S)
                                          NORMAL
................................................................
TEMPERATURE (F)
RECORD
 HIGH             102   05/30/1934
                        05/28/1934
 LOW               13   05/03/1907
HIGHEST            92   05/29                         91  05/13
LOWEST             24   05/15                         21  05/02
AVG. MAXIMUM     68.6              68.4     0.2     67.8
AVG. MINIMUM     43.1              42.6     0.5     41.7
MEAN             55.8              55.5     0.3     54.7
DAYS MAX >= 90      1               0.4     0.6        1
DAYS MAX <= 32      0               0.0     0.0        0
DAYS MIN <= 32      7               3.5     3.5        9
DAYS MIN <= 0       0               0.0     0.0        0

PRECIPITATION (INCHES)
RECORD
 MAXIMUM         7.37   2013
 MINIMUM         0.04   1901
TOTALS           0.85              2.40   -1.55     7.37
DAILY AVG.       0.03              0.08   -0.05     0.24
DAYS >= .01         8              10.1    -2.1       11
DAYS >= .10         2               5.4    -3.4        9
DAYS >= .50         0               1.4    -1.4        6
DAYS >= 1.00        0               0.4    -0.4        3
GREATEST
 24 HR. TOTAL    0.64   05/29 TO 05/30              2.22

DEGREE_DAYS
COOLING TOTAL      51                16      35
 SINCE 1/1         51                17      34
.................................................................

WIND (MPH)
HIGHEST WIND SPEED/DIRECTION    35/160    DATE  05/29
HIGHEST GUST SPEED/DIRECTION    45/330    DATE  05/12

SKY COVER
POSSIBLE SUNSHINE (PERCENT)   MM
NUMBER OF DAYS FAIR           15
NUMBER OF DAYS PC             12
NUMBER OF DAYS CLOUDY          3


WEATHER CONDITIONS. NUMBER OF DAYS WITH
THUNDERSTORM              0     MIXED PRECIP               0
HEAVY RAIN                2     RAIN                       4
LIGHT RAIN               11     FREEZING RAIN              0
LT FREEZING RAIN          0     HAIL                       0
HEAVY SNOW                0     SNOW                       0
LIGHT SNOW                1     SLEET                      0
FOG                       9     FOG W/VIS <= 1/4 MILE      0
HAZE                      2

-  INDICATES NEGATIVE NUMBERS.
R  INDICATES RECORD WAS SET OR TIED.
MM INDICATES DATA IS MISSING.
T  INDICATES TRACE AMOUNT.

$$
