000
CXUS53 KBIS 011332
CLMBIS

CLIMATE REPORT
NATIONAL WEATHER SERVICE BISMARCK ND
829 AM CDT THU AUG 1 2013

...................................

...THE BISMARCK ND CLIMATE SUMMARY FOR THE MONTH OF JULY 2013...

CLIMATE NORMAL PERIOD 1981 TO 2010
CLIMATE RECORD PERIOD 1875 TO 2013

WEATHER         OBSERVED          NORMAL  DEPART  LAST YEAR`S
                 VALUE   DATE(S)  VALUE   FROM    VALUE  DATE(S)
                                          NORMAL
................................................................
TEMPERATURE (F)
RECORD
 HIGH             114   07/06/1936
 LOW               32   07/06/1884
HIGHEST            93   07/17                        104  07/19
LOWEST             39   07/27                         48  07/05
AVG. MAXIMUM     82.9              84.7    -1.8     89.7
AVG. MINIMUM     57.0              57.4    -0.4     61.6
MEAN             70.0              71.1    -1.1     75.7
DAYS MAX >= 90      6               8.0    -2.0       18
DAYS MAX <= 32      0               0.0     0.0        0
DAYS MIN <= 32      0               0.0     0.0        0
DAYS MIN <= 0       0               0.0     0.0        0

PRECIPITATION (INCHES)
RECORD
 MAXIMUM        13.75   1993
 MINIMUM         0.10   1936
TOTALS           1.63              2.89   -1.26     2.65
DAILY AVG.       0.05              0.09   -0.04     0.09
DAYS >= .01         8               9.7    -1.7       10
DAYS >= .10         7               5.6     1.4        5
DAYS >= .50         1               1.7    -0.7        2
DAYS >= 1.00        0               0.5    -0.5        1
GREATEST
 24 HR. TOTAL    0.67   07/21 TO 07/21              1.42

DEGREE_DAYS
COOLING TOTAL     185               204     -19
 SINCE 1/1        281               304     -23
.................................................................

WIND (MPH)
HIGHEST WIND SPEED/DIRECTION    33/310    DATE  07/08
HIGHEST GUST SPEED/DIRECTION    45/310    DATE  07/09

SKY COVER
POSSIBLE SUNSHINE (PERCENT)   MM
NUMBER OF DAYS FAIR           24
NUMBER OF DAYS PC              6
NUMBER OF DAYS CLOUDY          1


WEATHER CONDITIONS. NUMBER OF DAYS WITH
THUNDERSTORM              0     MIXED PRECIP               0
HEAVY RAIN                6     RAIN                       1
LIGHT RAIN               12     FREEZING RAIN              0
LT FREEZING RAIN          0     HAIL                       0
HEAVY SNOW                0     SNOW                       0
LIGHT SNOW                0     SLEET                      0
FOG                      16     FOG W/VIS <= 1/4 MILE      0
HAZE                      8

-  INDICATES NEGATIVE NUMBERS.
R  INDICATES RECORD WAS SET OR TIED.
MM INDICATES DATA IS MISSING.
T  INDICATES TRACE AMOUNT.

$$

BISMARCK DROPPED TO A RECORD LOW OF 39 DEGREES ON JULY
27TH...BREAKING THE OLD RECORD OF 43 DEGREES SET IN 1994.
