000
CXUS53 KBIS 011203
CLMBIS

CLIMATE REPORT
NATIONAL WEATHER SERVICE BISMARCK ND
558 AM CST SAT FEB 1 2014

...................................

...THE BISMARCK ND CLIMATE SUMMARY FOR THE MONTH OF JANUARY 2014...

CLIMATE NORMAL PERIOD 1981 TO 2010
CLIMATE RECORD PERIOD 1875 TO 2014

WEATHER         OBSERVED          NORMAL  DEPART  LAST YEAR`S
                 VALUE   DATE(S)  VALUE   FROM    VALUE  DATE(S)
                                          NORMAL
................................................................
TEMPERATURE (F)
RECORD
 HIGH              63   01/08/2002
 LOW              -45   01/13/1916
HIGHEST            43   01/24                         42  01/18
                        01/19
                        01/15
LOWEST            -23   01/02                        -17  01/31
AVG. MAXIMUM     26.3              23.4     2.9     24.1
AVG. MINIMUM      1.3               2.2    -0.9      3.6
MEAN             13.8              12.8     1.0     13.9
DAYS MAX >= 90      0               0.0     0.0        0
DAYS MAX <= 32     16              20.8    -4.8       22
DAYS MIN <= 32     31              30.8     0.2       31
DAYS MIN <= 0      17              13.4     3.6       13

PRECIPITATION (INCHES)
RECORD
 MAXIMUM         1.64   1877
 MINIMUM         0.00   1878
TOTALS           0.38              0.43   -0.05     0.25
DAILY AVG.       0.01              0.01    0.00     0.01
DAYS >= .01        11               7.5     3.5        7
DAYS >= .10         1               1.3    -0.3        0
DAYS >= .50         0               0.1    -0.1        0
DAYS >= 1.00        0               0.0     0.0        0
GREATEST
 24 HR. TOTAL    0.14   01/25 TO 01/26              0.08

SNOWFALL (INCHES)
RECORDS
 TOTAL           25.0   5
                        0
                        -26215
TOTALS            5.8               8.9    -3.1      2.9
SINCE 7/1        22.9              29.4    -6.5     25.1
SNOWDEPTH AVG.      4                 4       0        5
DAYS >= 1.0         3               2.6     0.4        1
GREATEST
 SNOW DEPTH         8   01/09                          7  01/02
                        01/08                             01/01
                        01/07
 24 HR TOTAL      1.3   MM                           1.2

DEGREE_DAYS
HEATING TOTAL    1579              1618     -39
 SINCE 7/1       5309              5118     191
.................................................................

WIND (MPH)
HIGHEST WIND SPEED/DIRECTION    47/330    DATE  01/16
HIGHEST GUST SPEED/DIRECTION    68/340    DATE  01/16

SKY COVER
POSSIBLE SUNSHINE (PERCENT)   MM
NUMBER OF DAYS FAIR           13
NUMBER OF DAYS PC             12
NUMBER OF DAYS CLOUDY          6


WEATHER CONDITIONS. NUMBER OF DAYS WITH
THUNDERSTORM              0     MIXED PRECIP               0
HEAVY RAIN                0     RAIN                       0
LIGHT RAIN                5     FREEZING RAIN              0
LT FREEZING RAIN          0     HAIL                       0
HEAVY SNOW                1     SNOW                       2
LIGHT SNOW               20     SLEET                      0
FOG                      12     FOG W/VIS <= 1/4 MILE      1
HAZE                     11

-  INDICATES NEGATIVE NUMBERS.
R  INDICATES RECORD WAS SET OR TIED.
MM INDICATES DATA IS MISSING.
T  INDICATES TRACE AMOUNT.

$$
